Last updated on 2025-02-02 14:48:32 CET.
Flavor | Version | Tinstall | Tcheck | Ttotal | Status | Flags |
---|---|---|---|---|---|---|
r-devel-linux-x86_64-debian-clang | 2.56 | 9.97 | 101.43 | 111.40 | NOTE | |
r-devel-linux-x86_64-debian-gcc | 2.56 | 6.69 | 77.37 | 84.06 | NOTE | |
r-devel-windows-x86_64 | 2.56 | 11.00 | 178.00 | 189.00 | OK | |
r-patched-linux-x86_64 | 2.56 | 10.70 | 95.32 | 106.02 | OK | |
r-release-linux-x86_64 | 2.56 | 8.62 | 96.06 | 104.68 | OK | |
r-release-macos-arm64 | 2.56 | 77.00 | OK | |||
r-release-macos-x86_64 | 2.56 | 208.00 | OK | |||
r-release-windows-x86_64 | 2.56 | 11.00 | 172.00 | 183.00 | OK | |
r-oldrel-macos-arm64 | 2.56 | 74.00 | OK | |||
r-oldrel-macos-x86_64 | 2.56 | 229.00 | OK | |||
r-oldrel-windows-x86_64 | 2.56 | 11.00 | 172.00 | 183.00 | OK |
Version: 2.56
Check: for unstated dependencies in ‘demo’
Result: NOTE
'library' or 'require' call not declared from: ‘deconvolveR’
Flavors: r-devel-linux-x86_64-debian-clang, r-devel-linux-x86_64-debian-gcc
These binaries (installable software) and packages are in development.
They may not be fully stable and should be used with caution. We make no claims about them.