CRAN Package Check Results for Package REBayes

Last updated on 2025-11-14 09:50:12 CET.

Flavor Version Tinstall Tcheck Ttotal Status Flags
r-devel-linux-x86_64-debian-clang 2.56 8.94 113.22 122.16 NOTE
r-devel-linux-x86_64-debian-gcc 2.56 7.45 83.70 91.15 NOTE
r-devel-windows-x86_64 2.56 11.00 172.00 183.00 OK
r-patched-linux-x86_64 2.56 10.85 109.69 120.54 NOTE
r-release-linux-x86_64 2.56 7.86 107.73 115.59 NOTE
r-release-macos-arm64 2.56 6.00 75.00 81.00 OK
r-release-macos-x86_64 2.56 8.00 122.00 130.00 OK
r-release-windows-x86_64 2.56 11.00 165.00 176.00 OK
r-oldrel-macos-arm64 2.56 4.00 73.00 77.00 OK
r-oldrel-macos-x86_64 2.56 13.00 195.00 208.00 OK
r-oldrel-windows-x86_64 2.56 14.00 178.00 192.00 OK

Check Details

Version: 2.56
Check: for unstated dependencies in ‘demo’
Result: NOTE 'library' or 'require' call not declared from: ‘deconvolveR’ Flavors: r-devel-linux-x86_64-debian-clang, r-devel-linux-x86_64-debian-gcc, r-patched-linux-x86_64, r-release-linux-x86_64

These binaries (installable software) and packages are in development.
They may not be fully stable and should be used with caution. We make no claims about them.