CRAN Package Check Results for Package REDCapR

Last updated on 2025-05-21 23:48:53 CEST.

Flavor Version Tinstall Tcheck Ttotal Status Flags
r-devel-linux-x86_64-debian-clang 1.4.0 7.14 84.19 91.33 NOTE
r-devel-linux-x86_64-debian-gcc 1.4.0 4.13 61.21 65.34 NOTE
r-devel-linux-x86_64-fedora-clang 1.4.0 138.19 NOTE
r-devel-linux-x86_64-fedora-gcc 1.4.0 148.77 NOTE
r-devel-windows-x86_64 1.4.0 12.00 110.00 122.00 NOTE
r-patched-linux-x86_64 1.4.0 8.19 79.04 87.23 NOTE
r-release-linux-x86_64 1.4.0 5.77 78.16 83.93 NOTE
r-release-macos-arm64 1.4.0 47.00 NOTE
r-release-macos-x86_64 1.4.0 94.00 NOTE
r-release-windows-x86_64 1.4.0 10.00 112.00 122.00 NOTE
r-oldrel-macos-arm64 1.4.0 59.00 OK
r-oldrel-macos-x86_64 1.4.0 99.00 OK
r-oldrel-windows-x86_64 1.4.0 12.00 133.00 145.00 OK

Check Details

Version: 1.4.0
Check: DESCRIPTION meta-information
Result: NOTE Missing dependency on R >= 4.1.0 because package code uses the pipe |> or function shorthand \(...) syntax added in R 4.1.0. File(s) using such syntax: ‘helpers-testing.R’ ‘validate.R’ Flavors: r-devel-linux-x86_64-debian-clang, r-devel-linux-x86_64-debian-gcc, r-devel-linux-x86_64-fedora-clang, r-devel-linux-x86_64-fedora-gcc, r-devel-windows-x86_64, r-patched-linux-x86_64, r-release-linux-x86_64, r-release-macos-arm64, r-release-macos-x86_64, r-release-windows-x86_64

These binaries (installable software) and packages are in development.
They may not be fully stable and should be used with caution. We make no claims about them.