Last updated on 2025-02-16 10:50:56 CET.
Flavor | Version | Tinstall | Tcheck | Ttotal | Status | Flags |
---|---|---|---|---|---|---|
r-devel-linux-x86_64-debian-clang | 1.2.1 | 9.88 | 82.04 | 91.92 | NOTE | |
r-devel-linux-x86_64-debian-gcc | 1.2.1 | 5.95 | 58.24 | 64.19 | NOTE | |
r-devel-linux-x86_64-fedora-clang | 1.2.1 | 165.37 | NOTE | |||
r-devel-linux-x86_64-fedora-gcc | 1.2.1 | 163.50 | NOTE | |||
r-devel-macos-arm64 | 1.2.1 | 52.00 | OK | |||
r-devel-macos-x86_64 | 1.2.1 | 87.00 | NOTE | |||
r-devel-windows-x86_64 | 1.2.1 | 13.00 | 102.00 | 115.00 | NOTE | |
r-patched-linux-x86_64 | 1.2.1 | 10.96 | 76.84 | 87.80 | OK | |
r-release-linux-x86_64 | 1.2.1 | 8.09 | 74.91 | 83.00 | OK | |
r-release-macos-arm64 | 1.2.1 | 54.00 | OK | |||
r-release-macos-x86_64 | 1.2.1 | 85.00 | OK | |||
r-release-windows-x86_64 | 1.2.1 | 11.00 | 103.00 | 114.00 | OK | |
r-oldrel-macos-arm64 | 1.2.1 | 55.00 | OK | |||
r-oldrel-macos-x86_64 | 1.2.1 | 78.00 | OK | |||
r-oldrel-windows-x86_64 | 1.2.1 | 14.00 | 128.00 | 142.00 | OK |
Version: 1.2.1
Check: DESCRIPTION meta-information
Result: NOTE
Missing dependency on R >= 4.1.0 because package code uses the pipe
|> or function shorthand \(...) syntax added in R 4.1.0.
File(s) using such syntax:
‘write.R’
Flavors: r-devel-linux-x86_64-debian-clang, r-devel-linux-x86_64-debian-gcc, r-devel-linux-x86_64-fedora-clang, r-devel-linux-x86_64-fedora-gcc, r-devel-macos-x86_64, r-devel-windows-x86_64
These binaries (installable software) and packages are in development.
They may not be fully stable and should be used with caution. We make no claims about them.