Last updated on 2025-10-23 11:50:25 CEST.
Flavor | Version | Tinstall | Tcheck | Ttotal | Status | Flags |
---|---|---|---|---|---|---|
r-devel-linux-x86_64-debian-clang | 1.2.4 | 9.23 | 89.59 | 98.82 | NOTE | |
r-devel-linux-x86_64-debian-gcc | 1.2.4 | 6.33 | 63.39 | 69.72 | OK | |
r-devel-linux-x86_64-fedora-clang | 1.2.4 | 44.00 | 114.06 | 158.06 | OK | |
r-devel-linux-x86_64-fedora-gcc | 1.2.4 | 62.00 | 109.04 | 171.04 | OK | |
r-devel-windows-x86_64 | 1.2.4 | 11.00 | 103.00 | 114.00 | OK | |
r-patched-linux-x86_64 | 1.2.4 | 10.26 | 81.39 | 91.65 | OK | |
r-release-linux-x86_64 | 1.2.4 | 6.62 | 81.03 | 87.65 | OK | |
r-release-macos-arm64 | 1.2.4 | 3.00 | 35.00 | 38.00 | OK | |
r-release-macos-x86_64 | 1.2.4 | 7.00 | 80.00 | 87.00 | OK | |
r-release-windows-x86_64 | 1.2.4 | 12.00 | 104.00 | 116.00 | OK | |
r-oldrel-macos-arm64 | 1.2.4 | 3.00 | 45.00 | 48.00 | OK | |
r-oldrel-macos-x86_64 | 1.2.4 | 8.00 | 95.00 | 103.00 | OK | |
r-oldrel-windows-x86_64 | 1.2.4 | 14.00 | 138.00 | 152.00 | OK |
Version: 1.2.4
Check: HTML version of manual
Result: NOTE
Found the following HTML validation problems:
add_labelled_xlsx_features.html:82:1 (add_labelled_xlsx_features.Rd:34): Warning: missing </ul> before </div>
bind_supertbl_metadata.html:47:1 (bind_supertbl_metadata.Rd:10): Warning: missing </ul> before </div>
check_equal_col_summaries.html:55:1 (check_equal_col_summaries.Rd:14): Warning: missing </ul> before </div>
check_extra_field_values.html:50:1 (check_extra_field_values.Rd:12): Warning: missing </ul> before </div>
check_field_is_logical.html:46:1 (check_field_is_logical.Rd:10): Warning: missing </ul> before </div>
check_fields_are_checkboxes.html:50:1 (check_fields_are_checkboxes.Rd:12): Warning: missing </ul> before </div>
check_fields_exist.html:54:1 (check_fields_exist.Rd:14): Warning: missing </ul> before </div>
check_metadata_fields_exist.html:57:1 (check_metadata_fields_exist.Rd:15): Warning: missing </ul> before </div>
parse_logical_cols.html:54:1 (parse_logical_cols.Rd:14): Warning: missing </ul> before </div>
supertbl_recode.html:55:1 (supertbl_recode.Rd:14): Warning: missing </ul> before </div>
update_dag_cols.html:63:1 (update_dag_cols.Rd:17): Warning: missing </ul> before </div>
Flavor: r-devel-linux-x86_64-debian-clang
These binaries (installable software) and packages are in development.
They may not be fully stable and should be used with caution. We make no claims about them.