Last updated on 2025-07-25 13:50:30 CEST.
Flavor | Version | Tinstall | Tcheck | Ttotal | Status | Flags |
---|---|---|---|---|---|---|
r-devel-linux-x86_64-debian-clang | 0.90.6 | 6.98 | 62.38 | 69.36 | OK | |
r-devel-linux-x86_64-debian-gcc | 0.90.6 | 4.95 | 47.81 | 52.76 | OK | |
r-devel-linux-x86_64-fedora-clang | 0.90.6 | 111.57 | OK | |||
r-devel-linux-x86_64-fedora-gcc | 0.90.6 | 106.10 | OK | |||
r-devel-windows-x86_64 | 0.90.6 | 8.00 | 77.00 | 85.00 | OK | |
r-patched-linux-x86_64 | 0.90.5 | 1.99 | 28.72 | 30.71 | NOTE | |
r-release-linux-x86_64 | 0.90.5 | 2.31 | 28.53 | 30.84 | NOTE | |
r-release-macos-arm64 | 0.90.5 | 22.00 | OK | |||
r-release-macos-x86_64 | 0.90.6 | 64.00 | OK | |||
r-release-windows-x86_64 | 0.90.6 | 13.00 | 96.00 | 109.00 | OK | |
r-oldrel-macos-arm64 | 0.90.5 | 20.00 | OK | |||
r-oldrel-macos-x86_64 | 0.90.6 | 73.00 | OK | |||
r-oldrel-windows-x86_64 | 0.90.6 | 11.00 | 94.00 | 105.00 | OK |
Version: 0.90.5
Check: Rd cross-references
Result: NOTE
Found the following Rd file(s) with Rd \link{} targets missing package
anchors:
AutoCorrelationLRtest.Rd: corClasses
REEMtree.Rd: corClasses, rpart, nlme
REEMtree.object.Rd: rpart, nlme
plot.Rd: plot.rpart
predict.Rd: predict.nlme, predict.rpart
print.Rd: print.rpart
tree.Rd: rpart.object
Please provide package anchors for all Rd \link{} targets not in the
package itself and the base packages.
Flavors: r-patched-linux-x86_64, r-release-linux-x86_64
These binaries (installable software) and packages are in development.
They may not be fully stable and should be used with caution. We make no claims about them.