CRAN Package Check Results for Package REPLesentR

Last updated on 2025-05-03 22:50:06 CEST.

Flavor Version Tinstall Tcheck Ttotal Status Flags
r-devel-linux-x86_64-debian-clang 0.4.1 3.31 31.89 35.20 OK
r-devel-linux-x86_64-debian-gcc 0.4.1 2.21 23.22 25.43 OK
r-devel-linux-x86_64-fedora-clang 0.4.1 55.27 OK
r-devel-linux-x86_64-fedora-gcc 0.4.1 50.84 OK
r-devel-windows-x86_64 0.4.1 5.00 50.00 55.00 OK
r-patched-linux-x86_64 0.4.1 3.19 29.52 32.71 OK
r-release-linux-x86_64 OK
r-release-macos-arm64 0.4.1 22.00 OK
r-release-macos-x86_64 0.4.1 49.00 OK
r-release-windows-x86_64 0.4.1 5.00 54.00 59.00 OK
r-oldrel-macos-arm64 0.4.1 19.00 NOTE
r-oldrel-macos-x86_64 0.4.1 29.00 NOTE
r-oldrel-windows-x86_64 0.4.1 6.00 57.00 63.00 NOTE

Check Details

Version: 0.4.1
Check: LazyData
Result: NOTE 'LazyData' is specified without a 'data' directory Flavors: r-oldrel-macos-arm64, r-oldrel-macos-x86_64, r-oldrel-windows-x86_64

These binaries (installable software) and packages are in development.
They may not be fully stable and should be used with caution. We make no claims about them.