Last updated on 2025-11-12 19:52:00 CET.
| Flavor | Version | Tinstall | Tcheck | Ttotal | Status | Flags |
|---|---|---|---|---|---|---|
| r-devel-linux-x86_64-debian-clang | 0.4.1 | 2.81 | 33.73 | 36.54 | OK | |
| r-devel-linux-x86_64-debian-gcc | 0.4.1 | 2.02 | 25.32 | 27.34 | OK | |
| r-devel-linux-x86_64-fedora-clang | 0.4.1 | 56.44 | OK | |||
| r-devel-linux-x86_64-fedora-gcc | 0.4.1 | 13.00 | 41.09 | 54.09 | OK | |
| r-devel-windows-x86_64 | 0.4.1 | 4.00 | 48.00 | 52.00 | OK | |
| r-patched-linux-x86_64 | 0.4.1 | 3.41 | 30.85 | 34.26 | OK | |
| r-release-linux-x86_64 | 0.4.1 | 3.45 | 31.17 | 34.62 | OK | |
| r-release-macos-arm64 | 0.4.1 | 2.00 | 20.00 | 22.00 | OK | |
| r-release-macos-x86_64 | 0.4.1 | 4.00 | 45.00 | 49.00 | OK | |
| r-release-windows-x86_64 | 0.4.1 | 6.00 | 47.00 | 53.00 | OK | |
| r-oldrel-macos-arm64 | 0.4.1 | 1.00 | 18.00 | 19.00 | NOTE | |
| r-oldrel-macos-x86_64 | 0.4.1 | 2.00 | 27.00 | 29.00 | NOTE | |
| r-oldrel-windows-x86_64 | 0.4.1 | 6.00 | 58.00 | 64.00 | NOTE |
Version: 0.4.1
Check: LazyData
Result: NOTE
'LazyData' is specified without a 'data' directory
Flavors: r-oldrel-macos-arm64, r-oldrel-macos-x86_64, r-oldrel-windows-x86_64
These binaries (installable software) and packages are in development.
They may not be fully stable and should be used with caution. We make no claims about them.