Last updated on 2025-05-01 14:49:20 CEST.
Flavor | Version | Tinstall | Tcheck | Ttotal | Status | Flags |
---|---|---|---|---|---|---|
r-devel-linux-x86_64-debian-clang | 0.3.2 | 7.86 | 124.34 | 132.20 | NOTE | |
r-devel-linux-x86_64-debian-gcc | 0.3.2 | 5.96 | 80.85 | 86.81 | NOTE | |
r-devel-linux-x86_64-fedora-clang | 0.3.2 | 210.96 | NOTE | |||
r-devel-linux-x86_64-fedora-gcc | 0.3.2 | 215.58 | NOTE | |||
r-devel-windows-x86_64 | 0.3.2 | 11.00 | 140.00 | 151.00 | NOTE | |
r-patched-linux-x86_64 | 0.3.2 | 7.21 | 116.03 | 123.24 | NOTE | |
r-release-linux-x86_64 | NOTE | |||||
r-release-macos-arm64 | 0.3.2 | 65.00 | NOTE | |||
r-release-macos-x86_64 | 0.3.2 | 134.00 | NOTE | |||
r-release-windows-x86_64 | 0.3.2 | 9.00 | 136.00 | 145.00 | NOTE | |
r-oldrel-macos-arm64 | 0.3.2 | 66.00 | OK | |||
r-oldrel-macos-x86_64 | 0.3.2 | 126.00 | OK | |||
r-oldrel-windows-x86_64 | 0.3.2 | 13.00 | 181.00 | 194.00 | OK |
Version: 0.3.2
Check: DESCRIPTION meta-information
Result: NOTE
Missing dependency on R >= 4.1.0 because package code uses the pipe
|> or function shorthand \(...) syntax added in R 4.1.0.
File(s) using such syntax:
‘to_df.R’
Flavors: r-devel-linux-x86_64-debian-clang, r-devel-linux-x86_64-debian-gcc, r-devel-linux-x86_64-fedora-clang, r-devel-linux-x86_64-fedora-gcc, r-devel-windows-x86_64, r-patched-linux-x86_64, r-release-linux-x86_64, r-release-macos-arm64, r-release-macos-x86_64, r-release-windows-x86_64
Version: 0.3.2
Check: examples
Result: NOTE
Examples with CPU (user + system) or elapsed time > 5s
user system elapsed
get_marginal_distributions 5.664 0.333 8.38
Flavor: r-devel-linux-x86_64-debian-clang
Version: 0.3.2
Check: examples
Result: NA
user system elapsed
get_marginal_distributions 3.957 0.464 6.346
OK
Flavor: r-devel-linux-x86_64-debian-gcc
These binaries (installable software) and packages are in development.
They may not be fully stable and should be used with caution. We make no claims about them.