CRAN Package Check Results for Package RESS

Last updated on 2025-11-11 15:50:45 CET.

Flavor Version Tinstall Tcheck Ttotal Status Flags
r-devel-linux-x86_64-debian-clang 1.3 2.01 20.85 22.86 NOTE
r-devel-linux-x86_64-debian-gcc 1.3 1.69 17.23 18.92 NOTE
r-devel-linux-x86_64-fedora-clang 1.3 33.52 OK
r-devel-linux-x86_64-fedora-gcc 1.3 32.79 OK
r-devel-windows-x86_64 1.3 4.00 45.00 49.00 OK
r-patched-linux-x86_64 1.3 2.05 19.69 21.74 OK
r-release-linux-x86_64 1.3 1.82 19.82 21.64 OK
r-release-macos-arm64 1.3 1.00 13.00 14.00 OK
r-release-macos-x86_64 1.3 2.00 22.00 24.00 OK
r-release-windows-x86_64 1.3 3.00 50.00 53.00 OK
r-oldrel-macos-arm64 1.3 1.00 13.00 14.00 OK
r-oldrel-macos-x86_64 1.3 2.00 19.00 21.00 OK
r-oldrel-windows-x86_64 1.3 3.00 44.00 47.00 OK

Check Details

Version: 1.3
Check: CRAN incoming feasibility
Result: NOTE Maintainer: ‘Ben Waxer <bwaxer@auriq.com>’ No Authors@R field in DESCRIPTION. Please add one, modifying Authors@R: person(given = "Ben", family = "Waxer", role = c("aut", "cre"), email = "bwaxer@auriq.com") as necessary. The Description field contains http://www.auriq.com/documentation/source/install/index.html. Please enclose URLs in angle brackets (<...>). Flavors: r-devel-linux-x86_64-debian-clang, r-devel-linux-x86_64-debian-gcc

These binaries (installable software) and packages are in development.
They may not be fully stable and should be used with caution. We make no claims about them.