Last updated on 2025-02-16 10:50:56 CET.
Flavor | Version | Tinstall | Tcheck | Ttotal | Status | Flags |
---|---|---|---|---|---|---|
r-devel-linux-x86_64-debian-clang | 1.1.4 | 6.40 | 52.60 | 59.00 | OK | |
r-devel-linux-x86_64-debian-gcc | 1.1.4 | 4.52 | 37.86 | 42.38 | OK | |
r-devel-linux-x86_64-fedora-clang | 1.1.4 | 100.31 | OK | |||
r-devel-linux-x86_64-fedora-gcc | 1.1.4 | 87.21 | OK | |||
r-devel-macos-arm64 | 1.1.4 | 33.00 | OK | |||
r-devel-macos-x86_64 | 1.1.4 | 50.00 | OK | |||
r-devel-windows-x86_64 | 1.1.4 | 8.00 | 69.00 | 77.00 | OK | |
r-patched-linux-x86_64 | 1.1.4 | 6.38 | 48.79 | 55.17 | NOTE | |
r-release-linux-x86_64 | 1.1.4 | 6.18 | 47.97 | 54.15 | NOTE | |
r-release-macos-arm64 | 1.1.4 | 30.00 | NOTE | |||
r-release-macos-x86_64 | 1.1.4 | 46.00 | NOTE | |||
r-release-windows-x86_64 | 1.1.4 | 8.00 | 65.00 | 73.00 | NOTE | |
r-oldrel-macos-arm64 | 1.1.4 | 29.00 | NOTE | |||
r-oldrel-macos-x86_64 | 1.1.4 | 43.00 | NOTE | |||
r-oldrel-windows-x86_64 | 1.1.4 | 9.00 | 98.00 | 107.00 | NOTE |
Version: 1.1.4
Check: LazyData
Result: NOTE
'LazyData' is specified without a 'data' directory
Flavors: r-patched-linux-x86_64, r-release-linux-x86_64, r-release-macos-arm64, r-release-macos-x86_64, r-release-windows-x86_64, r-oldrel-macos-arm64, r-oldrel-macos-x86_64, r-oldrel-windows-x86_64
These binaries (installable software) and packages are in development.
They may not be fully stable and should be used with caution. We make no claims about them.