CRAN Package Check Results for Package REddyProcNCDF

Last updated on 2025-07-25 01:49:37 CEST.

Flavor Version Tinstall Tcheck Ttotal Status Flags
r-devel-linux-x86_64-debian-clang 1.1.4 6.56 54.18 60.74 OK
r-devel-linux-x86_64-debian-gcc 1.1.4 4.58 39.19 43.77 OK
r-devel-linux-x86_64-fedora-clang 1.1.4 92.43 OK
r-devel-linux-x86_64-fedora-gcc 1.1.4 86.99 OK
r-devel-windows-x86_64 1.1.4 7.00 63.00 70.00 OK
r-patched-linux-x86_64 1.1.4 5.12 50.56 55.68 OK
r-release-linux-x86_64 1.1.4 5.51 49.66 55.17 OK
r-release-macos-arm64 1.1.4 29.00 OK
r-release-macos-x86_64 1.1.4 50.00 OK
r-release-windows-x86_64 1.1.4 8.00 61.00 69.00 OK
r-oldrel-macos-arm64 1.1.4 30.00 NOTE
r-oldrel-macos-x86_64 1.1.4 46.00 NOTE
r-oldrel-windows-x86_64 1.1.4 9.00 83.00 92.00 NOTE

Check Details

Version: 1.1.4
Check: LazyData
Result: NOTE 'LazyData' is specified without a 'data' directory Flavors: r-oldrel-macos-arm64, r-oldrel-macos-x86_64, r-oldrel-windows-x86_64

These binaries (installable software) and packages are in development.
They may not be fully stable and should be used with caution. We make no claims about them.