CRAN Package Check Results for Package REddyProcNCDF

Last updated on 2025-10-23 11:50:25 CEST.

Flavor Version Tinstall Tcheck Ttotal Status Flags
r-devel-linux-x86_64-debian-clang 1.1.4 6.59 55.00 61.59 OK
r-devel-linux-x86_64-debian-gcc 1.1.4 3.92 40.30 44.22 OK
r-devel-linux-x86_64-fedora-clang 1.1.4 19.00 78.29 97.29 OK
r-devel-linux-x86_64-fedora-gcc 1.1.4 15.00 73.94 88.94 OK
r-devel-windows-x86_64 1.1.4 8.00 64.00 72.00 OK
r-patched-linux-x86_64 1.1.4 5.67 51.69 57.36 OK
r-release-linux-x86_64 1.1.4 4.55 51.35 55.90 OK
r-release-macos-arm64 1.1.4 3.00 26.00 29.00 OK
r-release-macos-x86_64 1.1.4 6.00 44.00 50.00 OK
r-release-windows-x86_64 1.1.4 10.00 66.00 76.00 OK
r-oldrel-macos-arm64 1.1.4 3.00 27.00 30.00 NOTE
r-oldrel-macos-x86_64 1.1.4 5.00 41.00 46.00 NOTE
r-oldrel-windows-x86_64 1.1.4 10.00 86.00 96.00 NOTE

Check Details

Version: 1.1.4
Check: LazyData
Result: NOTE 'LazyData' is specified without a 'data' directory Flavors: r-oldrel-macos-arm64, r-oldrel-macos-x86_64, r-oldrel-windows-x86_64

These binaries (installable software) and packages are in development.
They may not be fully stable and should be used with caution. We make no claims about them.