Last updated on 2025-10-23 23:49:42 CEST.
Flavor | Version | Tinstall | Tcheck | Ttotal | Status | Flags |
---|---|---|---|---|---|---|
r-devel-linux-x86_64-debian-clang | 2.0 | 3.01 | 79.94 | 82.95 | NOTE | |
r-devel-linux-x86_64-debian-gcc | 2.0 | 2.47 | 64.01 | 66.48 | NOTE | |
r-devel-linux-x86_64-fedora-clang | 2.0 | 15.00 | 113.87 | 128.87 | OK | |
r-devel-linux-x86_64-fedora-gcc | 2.0 | 18.00 | 126.12 | 144.12 | OK | |
r-devel-windows-x86_64 | 2.0 | 4.00 | 96.00 | 100.00 | OK | |
r-patched-linux-x86_64 | 2.0 | 3.68 | 77.08 | 80.76 | OK | |
r-release-linux-x86_64 | 2.0 | 2.63 | 77.33 | 79.96 | OK | |
r-release-macos-arm64 | 2.0 | 1.00 | 42.00 | 43.00 | OK | |
r-release-macos-x86_64 | 2.0 | 3.00 | 85.00 | 88.00 | OK | |
r-release-windows-x86_64 | 2.0 | 4.00 | 102.00 | 106.00 | OK | |
r-oldrel-macos-arm64 | 2.0 | 1.00 | 38.00 | 39.00 | OK | |
r-oldrel-macos-x86_64 | 2.0 | 2.00 | 58.00 | 60.00 | OK | |
r-oldrel-windows-x86_64 | 2.0 | 6.00 | 127.00 | 133.00 | OK |
Version: 2.0
Check: CRAN incoming feasibility
Result: NOTE
Maintainer: ‘Matthias Kohl <Matthias.Kohl@stamats.de>’
Package CITATION file contains call(s) to old-style personList() or
as.personList(). Please use c() on person objects instead.
Flavors: r-devel-linux-x86_64-debian-clang, r-devel-linux-x86_64-debian-gcc
These binaries (installable software) and packages are in development.
They may not be fully stable and should be used with caution. We make no claims about them.