Last updated on 2025-02-16 10:50:56 CET.
Flavor | Version | Tinstall | Tcheck | Ttotal | Status | Flags |
---|---|---|---|---|---|---|
r-devel-linux-x86_64-debian-clang | 0.0.3 | 41.20 | 30.15 | 71.35 | OK | |
r-devel-linux-x86_64-debian-gcc | 0.0.3 | 33.36 | 26.12 | 59.48 | OK | |
r-devel-linux-x86_64-fedora-clang | 0.0.3 | 115.10 | OK | |||
r-devel-linux-x86_64-fedora-gcc | 0.0.3 | 108.59 | OK | |||
r-devel-macos-arm64 | 0.0.3 | 45.00 | OK | |||
r-devel-macos-x86_64 | 0.0.3 | 99.00 | OK | |||
r-devel-windows-x86_64 | 0.0.3 | 39.00 | 50.00 | 89.00 | OK | |
r-patched-linux-x86_64 | 0.0.3 | 45.27 | 30.13 | 75.40 | OK | |
r-release-linux-x86_64 | 0.0.3 | 45.66 | 30.84 | 76.50 | OK | |
r-release-macos-arm64 | 0.0.3 | 45.00 | NOTE | |||
r-release-macos-x86_64 | 0.0.3 | 66.00 | NOTE | |||
r-release-windows-x86_64 | 0.0.3 | 38.00 | 51.00 | 89.00 | NOTE | |
r-oldrel-macos-arm64 | 0.0.3 | 57.00 | NOTE | |||
r-oldrel-macos-x86_64 | 0.0.3 | 125.00 | NOTE | |||
r-oldrel-windows-x86_64 | 0.0.3 | 56.00 | 56.00 | 112.00 | NOTE |
Version: 0.0.3
Check: installed package size
Result: NOTE
installed size is 13.4Mb
sub-directories of 1Mb or more:
data 13.3Mb
Flavors: r-release-macos-arm64, r-release-macos-x86_64, r-release-windows-x86_64, r-oldrel-macos-arm64, r-oldrel-macos-x86_64, r-oldrel-windows-x86_64
These binaries (installable software) and packages are in development.
They may not be fully stable and should be used with caution. We make no claims about them.