Last updated on 2025-10-23 23:49:42 CEST.
| Flavor | Version | Tinstall | Tcheck | Ttotal | Status | Flags |
|---|---|---|---|---|---|---|
| r-devel-linux-x86_64-debian-clang | 0.0.3 | 40.52 | 33.85 | 74.37 | OK | |
| r-devel-linux-x86_64-debian-gcc | 0.0.3 | 30.63 | 27.74 | 58.37 | OK | |
| r-devel-linux-x86_64-fedora-clang | 0.0.3 | 84.00 | 27.50 | 111.50 | OK | |
| r-devel-linux-x86_64-fedora-gcc | 0.0.3 | 86.00 | 23.92 | 109.92 | OK | |
| r-devel-windows-x86_64 | 0.0.3 | 38.00 | 50.00 | 88.00 | OK | |
| r-patched-linux-x86_64 | 0.0.3 | 44.51 | 32.25 | 76.76 | OK | |
| r-release-linux-x86_64 | 0.0.3 | 40.69 | 32.26 | 72.95 | OK | |
| r-release-macos-arm64 | 0.0.3 | 24.00 | 22.00 | 46.00 | OK | |
| r-release-macos-x86_64 | 0.0.3 | 53.00 | 41.00 | 94.00 | OK | |
| r-release-windows-x86_64 | 0.0.3 | 38.00 | 52.00 | 90.00 | OK | |
| r-oldrel-macos-arm64 | 0.0.3 | 25.00 | 20.00 | 45.00 | NOTE | |
| r-oldrel-macos-x86_64 | 0.0.3 | 34.00 | 32.00 | 66.00 | NOTE | |
| r-oldrel-windows-x86_64 | 0.0.3 | 38.00 | 51.00 | 89.00 | NOTE |
Version: 0.0.3
Check: installed package size
Result: NOTE
installed size is 13.4Mb
sub-directories of 1Mb or more:
data 13.3Mb
Flavors: r-oldrel-macos-arm64, r-oldrel-macos-x86_64, r-oldrel-windows-x86_64
These binaries (installable software) and packages are in development.
They may not be fully stable and should be used with caution. We make no claims about them.