Last updated on 2024-07-27 15:50:31 CEST.
Flavor | Version | Tinstall | Tcheck | Ttotal | Status | Flags |
---|---|---|---|---|---|---|
r-devel-linux-x86_64-debian-clang | 0.8.5 | 3.89 | 75.17 | 79.06 | OK | |
r-devel-linux-x86_64-debian-gcc | 0.8.5 | OK | ||||
r-devel-linux-x86_64-fedora-clang | 0.8.5 | 102.47 | NOTE | |||
r-devel-linux-x86_64-fedora-gcc | 0.8.5 | 118.62 | NOTE | |||
r-devel-windows-x86_64 | 0.8.5 | 5.00 | 113.00 | 118.00 | OK | |
r-patched-linux-x86_64 | 0.8.5 | OK | ||||
r-release-linux-x86_64 | 0.8.5 | 4.47 | 75.08 | 79.55 | OK | |
r-release-macos-arm64 | 0.8.5 | 39.00 | OK | |||
r-release-macos-x86_64 | 0.8.5 | 69.00 | OK | |||
r-release-windows-x86_64 | 0.8.5 | 5.00 | 111.00 | 116.00 | OK | |
r-oldrel-macos-arm64 | 0.8.5 | 40.00 | OK | |||
r-oldrel-macos-x86_64 | 0.8.5 | 108.00 | OK | |||
r-oldrel-windows-x86_64 | 0.8.5 | 6.00 | 119.00 | 125.00 | OK |
Version: 0.8.5
Check: dependencies in R code
Result: NOTE
Namespaces in Imports field not imported from:
‘RFlocalfdr.data’ ‘vita’
All declared Imports should be used.
Flavors: r-devel-linux-x86_64-fedora-clang, r-devel-linux-x86_64-fedora-gcc
These binaries (installable software) and packages are in development.
They may not be fully stable and should be used with caution. We make no claims about them.