Last updated on 2025-05-22 03:50:48 CEST.
Flavor | Version | Tinstall | Tcheck | Ttotal | Status | Flags |
---|---|---|---|---|---|---|
r-devel-linux-x86_64-debian-clang | 0.1.1 | 1.64 | 18.50 | 20.14 | OK | |
r-devel-linux-x86_64-debian-gcc | 0.1.1 | 1.40 | 15.33 | 16.73 | OK | |
r-devel-linux-x86_64-fedora-clang | 0.1.1 | 31.73 | OK | |||
r-devel-linux-x86_64-fedora-gcc | 0.1.1 | 29.68 | OK | |||
r-devel-windows-x86_64 | 0.1.1 | 3.00 | 49.00 | 52.00 | OK | |
r-patched-linux-x86_64 | 0.1.1 | 1.75 | 17.64 | 19.39 | OK | |
r-release-linux-x86_64 | 0.1.1 | 1.67 | 17.51 | 19.18 | OK | |
r-release-macos-arm64 | 0.1.1 | 15.00 | OK | |||
r-release-macos-x86_64 | 0.1.1 | 24.00 | OK | |||
r-release-windows-x86_64 | 0.1.1 | 2.00 | 63.00 | 65.00 | OK | |
r-oldrel-macos-arm64 | 0.1.1 | 15.00 | NOTE | |||
r-oldrel-macos-x86_64 | 0.1.1 | 21.00 | NOTE | |||
r-oldrel-windows-x86_64 | 0.1.1 | 2.00 | 42.00 | 44.00 | NOTE |
Version: 0.1.1
Check: LazyData
Result: NOTE
'LazyData' is specified without a 'data' directory
Flavors: r-oldrel-macos-arm64, r-oldrel-macos-x86_64, r-oldrel-windows-x86_64
These binaries (installable software) and packages are in development.
They may not be fully stable and should be used with caution. We make no claims about them.