Last updated on 2024-07-27 15:50:31 CEST.
Flavor | Version | Tinstall | Tcheck | Ttotal | Status | Flags |
---|---|---|---|---|---|---|
r-devel-linux-x86_64-debian-clang | 1.2.0 | 8.48 | 136.46 | 144.94 | OK | |
r-devel-linux-x86_64-debian-gcc | 1.2.0 | OK | ||||
r-devel-linux-x86_64-fedora-clang | 1.2.0 | 180.49 | NOTE | |||
r-devel-linux-x86_64-fedora-gcc | 1.2.0 | 195.72 | OK | |||
r-devel-windows-x86_64 | 1.2.0 | 11.00 | 131.00 | 142.00 | NOTE | |
r-patched-linux-x86_64 | 1.2.0 | OK | ||||
r-release-linux-x86_64 | 1.2.0 | 10.50 | 131.02 | 141.52 | OK | |
r-release-macos-arm64 | 1.2.0 | 56.00 | NOTE | |||
r-release-macos-x86_64 | 1.2.0 | 87.00 | NOTE | |||
r-release-windows-x86_64 | 1.2.0 | 9.00 | 125.00 | 134.00 | NOTE | |
r-oldrel-macos-arm64 | 1.2.0 | 64.00 | NOTE | |||
r-oldrel-macos-x86_64 | 1.2.0 | 100.00 | NOTE | |||
r-oldrel-windows-x86_64 | 1.2.0 | 14.00 | 143.00 | 157.00 | NOTE |
Version: 1.2.0
Check: installed package size
Result: NOTE
installed size is 5.4Mb
sub-directories of 1Mb or more:
data 1.9Mb
doc 1.2Mb
extdata 1.9Mb
Flavors: r-devel-linux-x86_64-fedora-clang, r-devel-windows-x86_64, r-release-macos-arm64, r-release-macos-x86_64, r-release-windows-x86_64, r-oldrel-macos-arm64, r-oldrel-macos-x86_64, r-oldrel-windows-x86_64
These binaries (installable software) and packages are in development.
They may not be fully stable and should be used with caution. We make no claims about them.