Last updated on 2024-07-27 15:50:31 CEST.
Flavor | Version | Tinstall | Tcheck | Ttotal | Status | Flags |
---|---|---|---|---|---|---|
r-devel-linux-x86_64-debian-clang | 1.2.9 | 11.44 | 288.73 | 300.17 | OK | |
r-devel-linux-x86_64-debian-gcc | 1.2.9 | NOTE | ||||
r-devel-linux-x86_64-fedora-clang | 1.2.9 | 373.93 | OK | |||
r-devel-linux-x86_64-fedora-gcc | 1.2.9 | 389.00 | OK | |||
r-devel-windows-x86_64 | 1.2.9 | 11.00 | 209.00 | 220.00 | NOTE | |
r-patched-linux-x86_64 | 1.2.9 | OK | ||||
r-release-linux-x86_64 | 1.2.9 | 11.81 | 268.40 | 280.21 | OK | |
r-release-macos-arm64 | 1.2.9 | 90.00 | OK | |||
r-release-macos-x86_64 | 1.2.9 | 156.00 | OK | |||
r-release-windows-x86_64 | 1.2.9 | 12.00 | 149044.00 | 149056.00 | OK | |
r-oldrel-macos-arm64 | 1.2.9 | 97.00 | OK | |||
r-oldrel-macos-x86_64 | 1.2.9 | 188.00 | OK | |||
r-oldrel-windows-x86_64 | 1.2.9 | 15.00 | 290.00 | 305.00 | OK |
Version: 1.2.9
Check: Rd cross-references
Result: NOTE
Found the following Rd file(s) with Rd \link{} targets missing package
anchors:
CCGammaToBlockmatrix.Rd: blockmatrix
omega.Rd: normalCopula, pcopula
omega_inv.Rd: nearPD, normalCopula, pcopula
omega_root.Rd: normalCopula, pcopula
Please provide package anchors for all Rd \link{} targets not in the
package itself and the base packages.
Flavors: r-devel-linux-x86_64-debian-gcc, r-devel-windows-x86_64
These binaries (installable software) and packages are in development.
They may not be fully stable and should be used with caution. We make no claims about them.