CRAN Package Check Results for Package RGeode

Last updated on 2025-10-04 11:50:46 CEST.

Flavor Version Tinstall Tcheck Ttotal Status Flags
r-devel-linux-x86_64-debian-clang 0.1.0 21.75 38.26 60.01 NOTE
r-devel-linux-x86_64-debian-gcc 0.1.0 14.32 30.90 45.22 NOTE
r-devel-linux-x86_64-fedora-clang 0.1.0 105.92 OK
r-devel-linux-x86_64-fedora-gcc 0.1.0 95.72 OK
r-devel-windows-x86_64 0.1.0 26.00 76.00 102.00 OK
r-patched-linux-x86_64 0.1.0 21.46 39.13 60.59 OK
r-release-linux-x86_64 0.1.0 20.64 39.10 59.74 OK
r-release-macos-arm64 0.1.0 29.00 OK
r-release-macos-x86_64 0.1.0 50.00 OK
r-release-windows-x86_64 0.1.0 25.00 74.00 99.00 OK
r-oldrel-macos-arm64 0.1.0 30.00 OK
r-oldrel-macos-x86_64 0.1.0 42.00 OK
r-oldrel-windows-x86_64 0.1.0 29.00 87.00 116.00 OK

Check Details

Version: 0.1.0
Check: CRAN incoming feasibility
Result: NOTE Maintainer: ‘Lorenzo Rimella <lorenzo.rimella@hotmail.it>’ No Authors@R field in DESCRIPTION. Please add one, modifying Authors@R: person(given = "Lorenzo", family = "Rimella", role = c("aut", "cre"), email = "lorenzo.rimella@hotmail.it") as necessary. Flavors: r-devel-linux-x86_64-debian-clang, r-devel-linux-x86_64-debian-gcc

These binaries (installable software) and packages are in development.
They may not be fully stable and should be used with caution. We make no claims about them.