CRAN Package Check Results for Package RGoogleAnalyticsPremium

Last updated on 2025-05-29 13:49:15 CEST.

Flavor Version Tinstall Tcheck Ttotal Status Flags
r-devel-linux-x86_64-debian-clang 0.1.1 1.90 27.23 29.13 NOTE
r-devel-linux-x86_64-debian-gcc 0.1.1 2.14 21.16 23.30 NOTE
r-devel-linux-x86_64-fedora-clang 0.1.1 46.96 OK
r-devel-linux-x86_64-fedora-gcc 0.1.1 46.51 OK
r-devel-windows-x86_64 0.1.1 5.00 46.00 51.00 OK
r-patched-linux-x86_64 0.1.1 3.20 26.02 29.22 OK
r-release-linux-x86_64 0.1.1 3.09 25.91 29.00 OK
r-release-macos-arm64 0.1.1 23.00 OK
r-release-macos-x86_64 0.1.1 37.00 OK
r-release-windows-x86_64 0.1.1 4.00 46.00 50.00 OK
r-oldrel-macos-arm64 0.1.1 20.00 NOTE
r-oldrel-macos-x86_64 0.1.1 26.00 NOTE
r-oldrel-windows-x86_64 0.1.1 5.00 55.00 60.00 NOTE

Check Details

Version: 0.1.1
Check: CRAN incoming feasibility
Result: NOTE Maintainer: ‘Jalpa Joshi Dave <jalpa@tatvic.com>’ No Authors@R field in DESCRIPTION. Please add one, modifying Authors@R: person(given = c("Jalpa", "Joshi"), family = "Dave", role = c("aut", "cre"), email = "jalpa@tatvic.com") as necessary. Flavors: r-devel-linux-x86_64-debian-clang, r-devel-linux-x86_64-debian-gcc

Version: 0.1.1
Check: LazyData
Result: NOTE 'LazyData' is specified without a 'data' directory Flavors: r-oldrel-macos-arm64, r-oldrel-macos-x86_64, r-oldrel-windows-x86_64

These binaries (installable software) and packages are in development.
They may not be fully stable and should be used with caution. We make no claims about them.