Last updated on 2025-10-23 21:51:39 CEST.
Flavor | Version | Tinstall | Tcheck | Ttotal | Status | Flags |
---|---|---|---|---|---|---|
r-devel-linux-x86_64-debian-clang | 0.4.0 | 2.70 | 27.35 | 30.05 | NOTE | |
r-devel-linux-x86_64-debian-gcc | 0.4.0 | 1.97 | 21.86 | 23.83 | NOTE | |
r-devel-linux-x86_64-fedora-clang | 0.4.0 | 44.82 | OK | |||
r-devel-linux-x86_64-fedora-gcc | 0.4.0 | 42.21 | OK | |||
r-devel-windows-x86_64 | 0.4.0 | 4.00 | 45.00 | 49.00 | OK | |
r-patched-linux-x86_64 | 0.4.0 | 2.82 | 26.03 | 28.85 | OK | |
r-release-linux-x86_64 | 0.4.0 | 2.59 | 25.90 | 28.49 | OK | |
r-release-macos-arm64 | 0.4.0 | 2.00 | 19.00 | 21.00 | OK | |
r-release-macos-x86_64 | 0.4.0 | 3.00 | 30.00 | 33.00 | OK | |
r-release-windows-x86_64 | 0.4.0 | 5.00 | 45.00 | 50.00 | OK | |
r-oldrel-macos-arm64 | 0.4.0 | 2.00 | 16.00 | 18.00 | NOTE | |
r-oldrel-macos-x86_64 | 0.4.0 | 2.00 | 24.00 | 26.00 | NOTE | |
r-oldrel-windows-x86_64 | 0.4.0 | 5.00 | 56.00 | 61.00 | NOTE |
Version: 0.4.0
Check: CRAN incoming feasibility
Result: NOTE
Maintainer: ‘Marcin Szymanski <ms32035@gmail.com>’
No Authors@R field in DESCRIPTION.
Please add one, modifying
Authors@R: person(given = "Marcin",
family = "Szymanski",
role = c("aut", "cre"),
email = "ms32035@gmail.com")
as necessary.
Flavors: r-devel-linux-x86_64-debian-clang, r-devel-linux-x86_64-debian-gcc
Version: 0.4.0
Check: HTML version of manual
Result: NOTE
Found the following HTML validation problems:
GetFitDataset.html:60:1 (GetFitDataset.Rd:16): Warning: missing </ul> before </div>
GetFitDatasource.html:51:1 (GetFitDatasource.Rd:12): Warning: missing </ul> before </div>
GetFitDatasources.html:46:1 (GetFitDatasources.Rd:10): Warning: missing </ul> before </div>
Flavor: r-devel-linux-x86_64-debian-clang
Version: 0.4.0
Check: LazyData
Result: NOTE
'LazyData' is specified without a 'data' directory
Flavors: r-oldrel-macos-arm64, r-oldrel-macos-x86_64, r-oldrel-windows-x86_64
These binaries (installable software) and packages are in development.
They may not be fully stable and should be used with caution. We make no claims about them.