Last updated on 2025-02-16 10:50:56 CET.
Flavor | Version | Tinstall | Tcheck | Ttotal | Status | Flags |
---|---|---|---|---|---|---|
r-devel-linux-x86_64-debian-clang | 0.4.0 | 2.63 | 24.97 | 27.60 | OK | |
r-devel-linux-x86_64-debian-gcc | 0.4.0 | 2.12 | 20.24 | 22.36 | OK | |
r-devel-linux-x86_64-fedora-clang | 0.4.0 | 45.75 | OK | |||
r-devel-linux-x86_64-fedora-gcc | 0.4.0 | 41.78 | OK | |||
r-devel-macos-arm64 | 0.4.0 | 19.00 | OK | |||
r-devel-macos-x86_64 | 0.4.0 | 37.00 | OK | |||
r-devel-windows-x86_64 | 0.4.0 | 5.00 | 46.00 | 51.00 | OK | |
r-patched-linux-x86_64 | 0.4.0 | 2.27 | 24.19 | 26.46 | NOTE | |
r-release-linux-x86_64 | 0.4.0 | 2.71 | 24.09 | 26.80 | NOTE | |
r-release-macos-arm64 | 0.4.0 | 18.00 | NOTE | |||
r-release-macos-x86_64 | 0.4.0 | 26.00 | NOTE | |||
r-release-windows-x86_64 | 0.4.0 | 5.00 | 46.00 | 51.00 | NOTE | |
r-oldrel-macos-arm64 | 0.4.0 | 18.00 | NOTE | |||
r-oldrel-macos-x86_64 | 0.4.0 | 25.00 | NOTE | |||
r-oldrel-windows-x86_64 | 0.4.0 | 5.00 | 49.00 | 54.00 | NOTE |
Version: 0.4.0
Check: LazyData
Result: NOTE
'LazyData' is specified without a 'data' directory
Flavors: r-patched-linux-x86_64, r-release-linux-x86_64, r-release-macos-arm64, r-release-macos-x86_64, r-release-windows-x86_64, r-oldrel-macos-arm64, r-oldrel-macos-x86_64, r-oldrel-windows-x86_64
These binaries (installable software) and packages are in development.
They may not be fully stable and should be used with caution. We make no claims about them.