Last updated on 2024-07-27 15:50:31 CEST.
Flavor | Version | Tinstall | Tcheck | Ttotal | Status | Flags |
---|---|---|---|---|---|---|
r-devel-linux-x86_64-debian-clang | 1.0.5 | 7.87 | 71.50 | 79.37 | OK | |
r-devel-linux-x86_64-debian-gcc | 1.0.5 | NOTE | ||||
r-devel-linux-x86_64-fedora-clang | 1.0.5 | 103.32 | OK | |||
r-devel-linux-x86_64-fedora-gcc | 1.0.5 | 116.88 | OK | |||
r-devel-windows-x86_64 | 1.0.5 | 9.00 | 68.00 | 77.00 | NOTE | |
r-patched-linux-x86_64 | 1.0.5 | OK | ||||
r-release-linux-x86_64 | 1.0.5 | 8.58 | 68.81 | 77.39 | OK | |
r-release-macos-arm64 | 1.0.5 | 35.00 | OK | |||
r-release-macos-x86_64 | 1.0.5 | 58.00 | OK | |||
r-release-windows-x86_64 | 1.0.5 | 8.00 | 67.00 | 75.00 | OK | |
r-oldrel-macos-arm64 | 1.0.5 | 53.00 | OK | |||
r-oldrel-macos-x86_64 | 1.0.5 | 66.00 | OK | |||
r-oldrel-windows-x86_64 | 1.0.5 | 11.00 | 83.00 | 94.00 | OK |
Version: 1.0.5
Check: Rd cross-references
Result: NOTE
Found the following Rd file(s) with Rd \link{} targets missing package
anchors:
plotGraphSpace-methods.Rd: geom_text
Please provide package anchors for all Rd \link{} targets not in the
package itself and the base packages.
Flavors: r-devel-linux-x86_64-debian-gcc, r-devel-windows-x86_64
These binaries (installable software) and packages are in development.
They may not be fully stable and should be used with caution. We make no claims about them.