Last updated on 2025-05-08 04:52:16 CEST.
Flavor | Version | Tinstall | Tcheck | Ttotal | Status | Flags |
---|---|---|---|---|---|---|
r-devel-linux-x86_64-debian-clang | 3.0-2 | 12.56 | 75.80 | 88.36 | NOTE | |
r-devel-linux-x86_64-debian-gcc | 3.0-2 | 7.95 | 49.50 | 57.45 | NOTE | |
r-devel-linux-x86_64-fedora-clang | 3.0-2 | 126.28 | OK | |||
r-devel-linux-x86_64-fedora-gcc | 3.0-2 | 134.46 | OK | |||
r-devel-windows-x86_64 | 3.0-2 | 14.00 | 78.00 | 92.00 | OK | |
r-patched-linux-x86_64 | 3.0-2 | 11.57 | 69.39 | 80.96 | OK | |
r-release-linux-x86_64 | 3.0-2 | 9.90 | 68.96 | 78.86 | OK | |
r-release-macos-arm64 | 3.0-2 | 35.00 | OK | |||
r-release-macos-x86_64 | 3.0-2 | 67.00 | OK | |||
r-release-windows-x86_64 | 3.0-2 | 14.00 | 80.00 | 94.00 | OK | |
r-oldrel-macos-arm64 | 3.0-2 | 34.00 | OK | |||
r-oldrel-macos-x86_64 | 3.0-2 | 62.00 | OK | |||
r-oldrel-windows-x86_64 | 3.0-2 | 16.00 | 103.00 | 119.00 | OK |
Version: 3.0-2
Check: CRAN incoming feasibility
Result: NOTE
Maintainer: ‘Paul Murrell <paul@stat.auckland.ac.nz>’
No Authors@R field in DESCRIPTION.
Please add one, modifying
Authors@R: person(given = "Paul",
family = "Murrell",
role = c("aut", "cre"),
email = "paul@stat.auckland.ac.nz")
as necessary.
Flavors: r-devel-linux-x86_64-debian-clang, r-devel-linux-x86_64-debian-gcc
These binaries (installable software) and packages are in development.
They may not be fully stable and should be used with caution. We make no claims about them.