Last updated on 2025-02-16 10:50:56 CET.
Flavor | Version | Tinstall | Tcheck | Ttotal | Status | Flags |
---|---|---|---|---|---|---|
r-devel-linux-x86_64-debian-clang | 0.1.2 | 5.30 | 34.19 | 39.49 | OK | |
r-devel-linux-x86_64-debian-gcc | 0.1.2 | 3.75 | 26.76 | 30.51 | OK | |
r-devel-linux-x86_64-fedora-clang | 0.1.2 | 65.15 | OK | |||
r-devel-linux-x86_64-fedora-gcc | 0.1.2 | 58.46 | OK | |||
r-devel-macos-arm64 | 0.1.2 | 23.00 | OK | |||
r-devel-macos-x86_64 | 0.1.2 | 44.00 | OK | |||
r-devel-windows-x86_64 | 0.1.2 | 8.00 | 52.00 | 60.00 | OK | |
r-patched-linux-x86_64 | 0.1.2 | 5.13 | 32.49 | 37.62 | NOTE | |
r-release-linux-x86_64 | 0.1.2 | 5.37 | 32.50 | 37.87 | NOTE | |
r-release-macos-arm64 | 0.1.2 | 22.00 | NOTE | |||
r-release-macos-x86_64 | 0.1.2 | 32.00 | NOTE | |||
r-release-windows-x86_64 | 0.1.2 | 7.00 | 53.00 | 60.00 | NOTE | |
r-oldrel-macos-arm64 | 0.1.2 | 23.00 | NOTE | |||
r-oldrel-macos-x86_64 | 0.1.2 | 32.00 | NOTE | |||
r-oldrel-windows-x86_64 | 0.1.2 | 8.00 | 61.00 | 69.00 | NOTE |
Version: 0.1.2
Check: LazyData
Result: NOTE
'LazyData' is specified without a 'data' directory
Flavors: r-patched-linux-x86_64, r-release-linux-x86_64, r-release-macos-arm64, r-release-macos-x86_64, r-release-windows-x86_64, r-oldrel-macos-arm64, r-oldrel-macos-x86_64, r-oldrel-windows-x86_64
These binaries (installable software) and packages are in development.
They may not be fully stable and should be used with caution. We make no claims about them.