CRAN Package Check Results for Package RGreenplum

Last updated on 2025-05-08 04:52:16 CEST.

Flavor Version Tinstall Tcheck Ttotal Status Flags
r-devel-linux-x86_64-debian-clang 0.1.2 5.39 35.20 40.59 OK
r-devel-linux-x86_64-debian-gcc 0.1.2 3.99 26.82 30.81 OK
r-devel-linux-x86_64-fedora-clang 0.1.2 67.46 OK
r-devel-linux-x86_64-fedora-gcc 0.1.2 59.32 OK
r-devel-windows-x86_64 0.1.2 7.00 52.00 59.00 OK
r-patched-linux-x86_64 0.1.2 5.18 33.52 38.70 OK
r-release-linux-x86_64 0.1.2 4.74 33.30 38.04 OK
r-release-macos-arm64 0.1.2 25.00 OK
r-release-macos-x86_64 0.1.2 48.00 OK
r-release-windows-x86_64 0.1.2 7.00 52.00 59.00 OK
r-oldrel-macos-arm64 0.1.2 22.00 NOTE
r-oldrel-macos-x86_64 0.1.2 32.00 NOTE
r-oldrel-windows-x86_64 0.1.2 8.00 62.00 70.00 NOTE

Check Details

Version: 0.1.2
Check: LazyData
Result: NOTE 'LazyData' is specified without a 'data' directory Flavors: r-oldrel-macos-arm64, r-oldrel-macos-x86_64, r-oldrel-windows-x86_64

These binaries (installable software) and packages are in development.
They may not be fully stable and should be used with caution. We make no claims about them.