CRAN Package Check Results for Package RGremlinsConjoint

Last updated on 2025-05-03 22:50:06 CEST.

Flavor Version Tinstall Tcheck Ttotal Status Flags
r-devel-linux-x86_64-debian-clang 0.9.1 1.85 37.00 38.85 NOTE
r-devel-linux-x86_64-debian-gcc 0.9.1 2.34 29.02 31.36 NOTE
r-devel-linux-x86_64-fedora-clang 0.9.1 62.34 NOTE
r-devel-linux-x86_64-fedora-gcc 0.9.1 75.27 NOTE
r-devel-windows-x86_64 0.9.1 5.00 62.00 67.00 NOTE
r-patched-linux-x86_64 0.9.1 3.21 34.37 37.58 NOTE
r-release-linux-x86_64 NOTE
r-release-macos-arm64 0.9.1 38.00 NOTE
r-release-macos-x86_64 0.9.1 57.00 NOTE
r-release-windows-x86_64 0.9.1 4.00 62.00 66.00 NOTE
r-oldrel-macos-arm64 0.9.1 30.00 NOTE
r-oldrel-macos-x86_64 0.9.1 41.00 NOTE
r-oldrel-windows-x86_64 0.9.1 5.00 71.00 76.00 NOTE

Check Details

Version: 0.9.1
Check: Rd files
Result: NOTE checkRd: (-1) code_sawtooth_design.Rd:53: Lost braces 53 | /url{http://www.sawtoothsoftware.com/help/lighthouse-studio/manual/index.html?hid_web_cbc_exporting.html} | ^ Flavors: r-devel-linux-x86_64-debian-clang, r-devel-linux-x86_64-debian-gcc, r-devel-linux-x86_64-fedora-clang, r-devel-linux-x86_64-fedora-gcc, r-devel-windows-x86_64, r-patched-linux-x86_64, r-release-linux-x86_64, r-release-macos-arm64, r-release-macos-x86_64, r-release-windows-x86_64, r-oldrel-macos-arm64, r-oldrel-macos-x86_64, r-oldrel-windows-x86_64

These binaries (installable software) and packages are in development.
They may not be fully stable and should be used with caution. We make no claims about them.