Last updated on 2025-02-16 10:50:56 CET.
Flavor | Version | Tinstall | Tcheck | Ttotal | Status | Flags |
---|---|---|---|---|---|---|
r-devel-linux-x86_64-debian-clang | 0.9.1 | 2.62 | 35.21 | 37.83 | NOTE | |
r-devel-linux-x86_64-debian-gcc | 0.9.1 | 2.17 | 27.26 | 29.43 | NOTE | |
r-devel-linux-x86_64-fedora-clang | 0.9.1 | 65.36 | NOTE | |||
r-devel-linux-x86_64-fedora-gcc | 0.9.1 | 72.25 | NOTE | |||
r-devel-macos-arm64 | 0.9.1 | 33.00 | NOTE | |||
r-devel-macos-x86_64 | 0.9.1 | 54.00 | NOTE | |||
r-devel-windows-x86_64 | 0.9.1 | 4.00 | 64.00 | 68.00 | NOTE | |
r-patched-linux-x86_64 | 0.9.1 | 3.16 | 33.74 | 36.90 | NOTE | |
r-release-linux-x86_64 | 0.9.1 | 2.60 | 33.46 | 36.06 | NOTE | |
r-release-macos-arm64 | 0.9.1 | 30.00 | NOTE | |||
r-release-macos-x86_64 | 0.9.1 | 41.00 | NOTE | |||
r-release-windows-x86_64 | 0.9.1 | 5.00 | 62.00 | 67.00 | NOTE | |
r-oldrel-macos-arm64 | 0.9.1 | 38.00 | OK | |||
r-oldrel-macos-x86_64 | 0.9.1 | 75.00 | OK | |||
r-oldrel-windows-x86_64 | 0.9.1 | 6.00 | 65.00 | 71.00 | OK |
Version: 0.9.1
Check: Rd files
Result: NOTE
checkRd: (-1) code_sawtooth_design.Rd:53: Lost braces
53 | /url{http://www.sawtoothsoftware.com/help/lighthouse-studio/manual/index.html?hid_web_cbc_exporting.html}
| ^
Flavors: r-devel-linux-x86_64-debian-clang, r-devel-linux-x86_64-debian-gcc, r-devel-linux-x86_64-fedora-clang, r-devel-linux-x86_64-fedora-gcc, r-devel-macos-arm64, r-devel-macos-x86_64, r-devel-windows-x86_64, r-patched-linux-x86_64, r-release-linux-x86_64, r-release-macos-arm64, r-release-macos-x86_64, r-release-windows-x86_64
These binaries (installable software) and packages are in development.
They may not be fully stable and should be used with caution. We make no claims about them.