CRAN Package Check Results for Package RHC

Last updated on 2025-05-01 14:49:20 CEST.

Flavor Version Tinstall Tcheck Ttotal Status Flags
r-devel-linux-x86_64-debian-clang 0.1.0 9.68 98.98 108.66 NOTE
r-devel-linux-x86_64-debian-gcc 0.1.0 7.44 68.79 76.23 OK
r-devel-linux-x86_64-fedora-clang 0.1.0 160.71 OK
r-devel-linux-x86_64-fedora-gcc 0.1.0 152.30 OK
r-devel-windows-x86_64 0.1.0 12.00 104.00 116.00 OK
r-patched-linux-x86_64 0.1.0 10.49 92.74 103.23 OK
r-release-linux-x86_64 OK
r-release-macos-arm64 0.1.0 44.00 OK
r-release-macos-x86_64 0.1.0 87.00 OK
r-release-windows-x86_64 0.1.0 12.00 99.00 111.00 OK
r-oldrel-macos-arm64 0.1.0 50.00 OK
r-oldrel-macos-x86_64 0.1.0 96.00 OK
r-oldrel-windows-x86_64 0.1.0 14.00 131.00 145.00 OK

Check Details

Version: 0.1.0
Check: examples
Result: NOTE Examples with CPU (user + system) or elapsed time > 5s user system elapsed plot_samples 6.490 0.071 7.788 plot_RHC 5.576 0.142 7.201 Flavor: r-devel-linux-x86_64-debian-clang

These binaries (installable software) and packages are in development.
They may not be fully stable and should be used with caution. We make no claims about them.