Last updated on 2025-11-13 03:51:14 CET.
| Flavor | Version | Tinstall | Tcheck | Ttotal | Status | Flags |
|---|---|---|---|---|---|---|
| r-devel-linux-x86_64-debian-clang | 5.0.0 | 23.98 | 167.89 | 191.87 | NOTE | |
| r-devel-linux-x86_64-debian-gcc | 5.0.0 | 14.26 | 120.15 | 134.41 | NOTE | |
| r-devel-linux-x86_64-fedora-clang | 5.0.0 | 115.00 | 200.87 | 315.87 | NOTE | |
| r-devel-linux-x86_64-fedora-gcc | 5.0.0 | 63.00 | 229.16 | 292.16 | NOTE | |
| r-devel-windows-x86_64 | 5.0.0 | 25.00 | 166.00 | 191.00 | NOTE | |
| r-patched-linux-x86_64 | 5.0.0 | 22.55 | 155.56 | 178.11 | NOTE | |
| r-release-linux-x86_64 | 5.0.0 | 21.39 | 158.79 | 180.18 | NOTE | |
| r-release-macos-arm64 | 5.0.0 | 9.00 | 62.00 | 71.00 | NOTE | |
| r-release-macos-x86_64 | 5.0.0 | 18.00 | 135.00 | 153.00 | NOTE | |
| r-release-windows-x86_64 | 5.0.0 | 25.00 | 160.00 | 185.00 | NOTE | |
| r-oldrel-macos-arm64 | 5.0.0 | 12.00 | 72.00 | 84.00 | OK | |
| r-oldrel-macos-x86_64 | 5.0.0 | 18.00 | 117.00 | 135.00 | OK | |
| r-oldrel-windows-x86_64 | 5.0.0 | 36.00 | 212.00 | 248.00 | OK |
Version: 5.0.0
Check: DESCRIPTION meta-information
Result: NOTE
Missing dependency on R >= 4.1.0 because package code uses the pipe
|> or function shorthand \(...) syntax added in R 4.1.0.
File(s) using such syntax:
‘RHRVEasy.R’ ‘easyStatsFunctions.R’
Flavors: r-devel-linux-x86_64-debian-clang, r-devel-linux-x86_64-debian-gcc, r-devel-linux-x86_64-fedora-clang, r-devel-linux-x86_64-fedora-gcc, r-devel-windows-x86_64, r-patched-linux-x86_64, r-release-linux-x86_64, r-release-macos-arm64, r-release-macos-x86_64, r-release-windows-x86_64
These binaries (installable software) and packages are in development.
They may not be fully stable and should be used with caution. We make no claims about them.