CRAN Package Check Results for Package RHawkes

Last updated on 2025-07-01 01:49:32 CEST.

Flavor Version Tinstall Tcheck Ttotal Status Flags
r-devel-linux-x86_64-debian-clang 1.0 3.74 38.06 41.80 NOTE
r-devel-linux-x86_64-debian-gcc 1.0 2.97 29.53 32.50 NOTE
r-devel-linux-x86_64-fedora-clang 1.0 66.35 OK
r-devel-linux-x86_64-fedora-gcc 1.0 64.09 OK
r-devel-windows-x86_64 1.0 5.00 63.00 68.00 OK
r-patched-linux-x86_64 OK
r-release-linux-x86_64 1.0 3.72 35.79 39.51 OK
r-release-macos-arm64 1.0 26.00 OK
r-release-macos-x86_64 1.0 41.00 OK
r-release-windows-x86_64 1.0 4.00 67.00 71.00 OK
r-oldrel-macos-arm64 1.0 25.00 OK
r-oldrel-macos-x86_64 1.0 38.00 OK
r-oldrel-windows-x86_64 1.0 6.00 59.00 65.00 OK

Check Details

Version: 1.0
Check: CRAN incoming feasibility
Result: NOTE Maintainer: ‘Feng Chen <feng.chen@unsw.edu.au>’ Package CITATION file contains call(s) to old-style citEntry(). Please use bibentry() instead. Flavors: r-devel-linux-x86_64-debian-clang, r-devel-linux-x86_64-debian-gcc

These binaries (installable software) and packages are in development.
They may not be fully stable and should be used with caution. We make no claims about them.