Last updated on 2025-02-16 10:50:56 CET.
Flavor | Version | Tinstall | Tcheck | Ttotal | Status | Flags |
---|---|---|---|---|---|---|
r-devel-linux-x86_64-debian-clang | 1.4 | 11.50 | 27.80 | 39.30 | OK | |
r-devel-linux-x86_64-debian-gcc | 1.4 | 9.42 | 21.81 | 31.23 | OK | |
r-devel-linux-x86_64-fedora-clang | 1.4 | 70.12 | NOTE | |||
r-devel-linux-x86_64-fedora-gcc | 1.4 | 68.00 | NOTE | |||
r-devel-macos-arm64 | 1.4 | 24.00 | OK | |||
r-devel-macos-x86_64 | 1.4 | 41.00 | OK | |||
r-devel-windows-x86_64 | 1.4 | 14.00 | 74.00 | 88.00 | OK | |
r-patched-linux-x86_64 | 1.4 | 12.52 | 26.89 | 39.41 | OK | |
r-release-linux-x86_64 | 1.4 | 12.85 | 26.90 | 39.75 | OK | |
r-release-macos-arm64 | 1.4 | 24.00 | OK | |||
r-release-macos-x86_64 | 1.4 | 34.00 | OK | |||
r-release-windows-x86_64 | 1.4 | 15.00 | 73.00 | 88.00 | OK | |
r-oldrel-macos-arm64 | 1.4 | 30.00 | OK | |||
r-oldrel-macos-x86_64 | 1.4 | 60.00 | OK | |||
r-oldrel-windows-x86_64 | 1.4 | 16.00 | 90.00 | 106.00 | OK |
Version: 1.4
Check: compiled code
Result: NOTE
File ‘RI2by2/libs/RI2by2.so’:
Found no calls to: ‘R_registerRoutines’, ‘R_useDynamicSymbols’
It is good practice to register native routines and to disable symbol
search.
See ‘Writing portable packages’ in the ‘Writing R Extensions’ manual.
Flavors: r-devel-linux-x86_64-fedora-clang, r-devel-linux-x86_64-fedora-gcc
These binaries (installable software) and packages are in development.
They may not be fully stable and should be used with caution. We make no claims about them.