CRAN Package Check Results for Package RISmed

Last updated on 2025-07-26 00:49:15 CEST.

Flavor Version Tinstall Tcheck Ttotal Status Flags
r-devel-linux-x86_64-debian-clang 2.3.0 6.54 42.48 49.02 OK
r-devel-linux-x86_64-debian-gcc 2.3.0 4.95 32.20 37.15 OK
r-devel-linux-x86_64-fedora-clang 2.3.0 74.27 NOTE
r-devel-linux-x86_64-fedora-gcc 2.3.0 72.25 NOTE
r-devel-windows-x86_64 2.3.0 9.00 111.00 120.00 OK
r-patched-linux-x86_64 2.3.0 8.71 40.67 49.38 OK
r-release-linux-x86_64 2.3.0 6.80 39.08 45.88 OK
r-release-macos-arm64 2.3.0 27.00 OK
r-release-macos-x86_64 2.3.0 48.00 OK
r-release-windows-x86_64 2.3.0 10.00 85.00 95.00 OK
r-oldrel-macos-arm64 2.3.0 25.00 OK
r-oldrel-macos-x86_64 2.3.0 36.00 OK
r-oldrel-windows-x86_64 2.3.0 12.00 93.00 105.00 OK

Check Details

Version: 2.3.0
Check: dependencies in R code
Result: NOTE Namespace in Imports field not imported from: ‘httr’ All declared Imports should be used. Flavors: r-devel-linux-x86_64-fedora-clang, r-devel-linux-x86_64-fedora-gcc

These binaries (installable software) and packages are in development.
They may not be fully stable and should be used with caution. We make no claims about them.