Last updated on 2025-10-27 03:50:52 CET.
| Flavor | Version | Tinstall | Tcheck | Ttotal | Status | Flags |
|---|---|---|---|---|---|---|
| r-devel-linux-x86_64-debian-clang | 2.3.0 | 5.87 | 45.78 | 51.65 | OK | |
| r-devel-linux-x86_64-debian-gcc | 2.3.0 | 4.17 | 34.11 | 38.28 | OK | |
| r-devel-linux-x86_64-fedora-clang | 2.3.0 | 13.00 | 62.15 | 75.15 | NOTE | |
| r-devel-linux-x86_64-fedora-gcc | 2.3.0 | 14.00 | 56.72 | 70.72 | NOTE | |
| r-devel-windows-x86_64 | 2.3.0 | 9.00 | 84.00 | 93.00 | OK | |
| r-patched-linux-x86_64 | 2.3.0 | 8.09 | 42.30 | 50.39 | OK | |
| r-release-linux-x86_64 | 2.3.0 | 6.58 | 42.83 | 49.41 | OK | |
| r-release-macos-arm64 | 2.3.0 | 3.00 | 24.00 | 27.00 | OK | |
| r-release-macos-x86_64 | 2.3.0 | 8.00 | 40.00 | 48.00 | OK | |
| r-release-windows-x86_64 | 2.3.0 | 11.00 | 87.00 | 98.00 | OK | |
| r-oldrel-macos-arm64 | 2.3.0 | 3.00 | 22.00 | 25.00 | OK | |
| r-oldrel-macos-x86_64 | 2.3.0 | 6.00 | 30.00 | 36.00 | OK | |
| r-oldrel-windows-x86_64 | 2.3.0 | 14.00 | 100.00 | 114.00 | OK |
Version: 2.3.0
Check: dependencies in R code
Result: NOTE
Namespace in Imports field not imported from: ‘httr’
All declared Imports should be used.
Flavors: r-devel-linux-x86_64-fedora-clang, r-devel-linux-x86_64-fedora-gcc
These binaries (installable software) and packages are in development.
They may not be fully stable and should be used with caution. We make no claims about them.