CRAN Package Check Results for Package RISmed

Last updated on 2025-02-16 10:50:56 CET.

Flavor Version Tinstall Tcheck Ttotal Status Flags
r-devel-linux-x86_64-debian-clang 2.3.0 7.39 39.38 46.77 OK
r-devel-linux-x86_64-debian-gcc 2.3.0 3.88 29.48 33.36 OK
r-devel-linux-x86_64-fedora-clang 2.3.0 75.40 NOTE
r-devel-linux-x86_64-fedora-gcc 2.3.0 69.72 NOTE
r-devel-macos-arm64 2.3.0 24.00 OK
r-devel-macos-x86_64 2.3.0 44.00 OK
r-devel-windows-x86_64 2.3.0 11.00 93.00 104.00 OK
r-patched-linux-x86_64 2.3.0 7.92 37.19 45.11 OK
r-release-linux-x86_64 2.3.0 6.57 37.56 44.13 OK
r-release-macos-arm64 2.3.0 25.00 OK
r-release-macos-x86_64 2.3.0 36.00 OK
r-release-windows-x86_64 2.3.0 10.00 82.00 92.00 OK
r-oldrel-macos-arm64 2.3.0 26.00 OK
r-oldrel-macos-x86_64 2.3.0 34.00 OK
r-oldrel-windows-x86_64 2.3.0 12.00 85.00 97.00 OK

Check Details

Version: 2.3.0
Check: dependencies in R code
Result: NOTE Namespace in Imports field not imported from: ‘httr’ All declared Imports should be used. Flavors: r-devel-linux-x86_64-fedora-clang, r-devel-linux-x86_64-fedora-gcc

These binaries (installable software) and packages are in development.
They may not be fully stable and should be used with caution. We make no claims about them.