Last updated on 2025-02-16 10:50:56 CET.
Flavor | Version | Tinstall | Tcheck | Ttotal | Status | Flags |
---|---|---|---|---|---|---|
r-devel-linux-x86_64-debian-clang | 0.1.26 | 38.25 | 72.60 | 110.85 | OK | |
r-devel-linux-x86_64-debian-gcc | 0.1.26 | 28.26 | 51.56 | 79.82 | OK | |
r-devel-linux-x86_64-fedora-clang | 0.1.26 | 191.21 | ERROR | |||
r-devel-linux-x86_64-fedora-gcc | 0.1.26 | 177.59 | ERROR | |||
r-devel-macos-arm64 | 0.1.26 | 50.00 | OK | |||
r-devel-macos-x86_64 | 0.1.26 | 89.00 | OK | |||
r-devel-windows-x86_64 | 0.1.26 | 43.00 | 104.00 | 147.00 | OK | |
r-patched-linux-x86_64 | 0.1.26 | 40.46 | 61.93 | 102.39 | OK | |
r-release-linux-x86_64 | 0.1.26 | 40.58 | 61.41 | 101.99 | OK | |
r-release-macos-arm64 | 0.1.26 | 51.00 | OK | |||
r-release-macos-x86_64 | 0.1.26 | 85.00 | OK | |||
r-release-windows-x86_64 | 0.1.26 | 43.00 | 104.00 | 147.00 | OK | |
r-oldrel-macos-arm64 | 0.1.26 | 58.00 | OK | |||
r-oldrel-macos-x86_64 | 0.1.26 | 111.00 | OK | |||
r-oldrel-windows-x86_64 | 0.1.26 | 52.00 | 127.00 | 179.00 | OK |
Version: 0.1.26
Check: tests
Result: ERROR
Running ‘tinytests.R’ [26s/34s]
Running the tests in ‘tests/tinytests.R’ failed.
Complete output:
> if (requireNamespace("tinytest", quietly=TRUE) &&
+ utils::packageVersion("tinytest") >= "1.0.0") {
+
+ ## Set a seed to make the test deterministic
+ set.seed(42)
+
+ ## R makes us to this
+ Sys.setenv("R_TESTS" = "")
+
+ ## there are several more granular ways to test files in a tinytest directory,
+ ## see its package vignette; tests can also run once the package is installed
+ ## using the same command `test_package(pkgName)`, or by director or file
+ tinytest::test_package("RITCH")
+ }
test_filename_helpers.R....... 0 tests
test_filename_helpers.R....... 0 tests
test_filename_helpers.R....... 1 tests <1b>[0;32mOK<1b>[0m
test_filename_helpers.R....... 2 tests <1b>[0;32mOK<1b>[0m
test_filename_helpers.R....... 3 tests <1b>[0;32mOK<1b>[0m
test_filename_helpers.R....... 4 tests <1b>[0;32mOK<1b>[0m
test_filename_helpers.R....... 5 tests <1b>[0;32mOK<1b>[0m
test_filename_helpers.R....... 6 tests <1b>[0;32mOK<1b>[0m
test_filename_helpers.R....... 7 tests <1b>[0;32mOK<1b>[0m
test_filename_helpers.R....... 8 tests <1b>[0;32mOK<1b>[0m
test_filename_helpers.R....... 9 tests <1b>[0;32mOK<1b>[0m
test_filename_helpers.R....... 10 tests <1b>[0;32mOK<1b>[0m
test_filename_helpers.R....... 11 tests <1b>[0;32mOK<1b>[0m
test_filename_helpers.R....... 12 tests <1b>[0;32mOK<1b>[0m
test_filename_helpers.R....... 13 tests <1b>[0;32mOK<1b>[0m <1b>[0;34m0.3s<1b>[0m
test_filter_itch.R............ 0 tests
test_filter_itch.R............ 0 tests
test_filter_itch.R............ 0 tests
test_filter_itch.R............ 0 tests
test_filter_itch.R............ 0 tests
test_filter_itch.R............ 0 tests
test_filter_itch.R............ 0 tests
test_filter_itch.R............ 0 tests
test_filter_itch.R............ 0 tests
test_filter_itch.R............ 1 tests <1b>[0;32mOK<1b>[0m
test_filter_itch.R............ 1 tests <1b>[0;32mOK<1b>[0m
test_filter_itch.R............ 2 tests <1b>[0;32mOK<1b>[0m
test_filter_itch.R............ 2 tests <1b>[0;32mOK<1b>[0m
test_filter_itch.R............ 2 tests <1b>[0;32mOK<1b>[0m
test_filter_itch.R............ 3 tests <1b>[0;32mOK<1b>[0m
test_filter_itch.R............ 3 tests <1b>[0;32mOK<1b>[0m
test_filter_itch.R............ 3 tests <1b>[0;32mOK<1b>[0m
test_filter_itch.R............ 4 tests <1b>[0;32mOK<1b>[0m
test_filter_itch.R............ 4 tests <1b>[0;32mOK<1b>[0m
test_filter_itch.R............ 4 tests <1b>[0;32mOK<1b>[0m
test_filter_itch.R............ 4 tests <1b>[0;32mOK<1b>[0m
test_filter_itch.R............ 5 tests <1b>[0;32mOK<1b>[0m
test_filter_itch.R............ 6 tests <1b>[0;32mOK<1b>[0m
test_filter_itch.R............ 6 tests <1b>[0;32mOK<1b>[0m
test_filter_itch.R............ 7 tests <1b>[0;32mOK<1b>[0m
test_filter_itch.R............ 7 tests <1b>[0;32mOK<1b>[0m
test_filter_itch.R............ 7 tests <1b>[0;32mOK<1b>[0m
test_filter_itch.R............ 8 tests <1b>[0;32mOK<1b>[0m
test_filter_itch.R............ 8 tests <1b>[0;32mOK<1b>[0m
test_filter_itch.R............ 9 tests <1b>[0;32mOK<1b>[0m
test_filter_itch.R............ 9 tests <1b>[0;32mOK<1b>[0m
test_filter_itch.R............ 10 tests <1b>[0;32mOK<1b>[0m
test_filter_itch.R............ 10 tests <1b>[0;32mOK<1b>[0m
test_filter_itch.R............ 11 tests <1b>[0;32mOK<1b>[0m
test_filter_itch.R............ 12 tests <1b>[0;32mOK<1b>[0m
test_filter_itch.R............ 12 tests <1b>[0;32mOK<1b>[0m
test_filter_itch.R............ 12 tests <1b>[0;32mOK<1b>[0m
test_filter_itch.R............ 12 tests <1b>[0;32mOK<1b>[0m
test_filter_itch.R............ 12 tests <1b>[0;32mOK<1b>[0m
test_filter_itch.R............ 12 tests <1b>[0;32mOK<1b>[0m
test_filter_itch.R............ 13 tests <1b>[0;32mOK<1b>[0m
test_filter_itch.R............ 13 tests <1b>[0;32mOK<1b>[0m
test_filter_itch.R............ 13 tests <1b>[0;32mOK<1b>[0m
test_filter_itch.R............ 14 tests <1b>[0;32mOK<1b>[0m
test_filter_itch.R............ 14 tests <1b>[0;32mOK<1b>[0m
test_filter_itch.R............ 15 tests <1b>[0;32mOK<1b>[0m
test_filter_itch.R............ 15 tests <1b>[0;32mOK<1b>[0m
test_filter_itch.R............ 16 tests <1b>[0;32mOK<1b>[0m
test_filter_itch.R............ 16 tests <1b>[0;32mOK<1b>[0m
test_filter_itch.R............ 16 tests <1b>[0;32mOK<1b>[0m
test_filter_itch.R............ 17 tests <1b>[0;32mOK<1b>[0m
test_filter_itch.R............ 17 tests <1b>[0;32mOK<1b>[0m
test_filter_itch.R............ 18 tests <1b>[0;32mOK<1b>[0m
test_filter_itch.R............ 18 tests <1b>[0;32mOK<1b>[0m
test_filter_itch.R............ 19 tests <1b>[0;32mOK<1b>[0m
test_filter_itch.R............ 19 tests <1b>[0;32mOK<1b>[0m
test_filter_itch.R............ 19 tests <1b>[0;32mOK<1b>[0m
test_filter_itch.R............ 20 tests <1b>[0;32mOK<1b>[0m
test_filter_itch.R............ 20 tests <1b>[0;32mOK<1b>[0m
test_filter_itch.R............ 20 tests <1b>[0;32mOK<1b>[0m
test_filter_itch.R............ 21 tests <1b>[0;32mOK<1b>[0m
test_filter_itch.R............ 21 tests <1b>[0;32mOK<1b>[0m
test_filter_itch.R............ 22 tests <1b>[0;32mOK<1b>[0m
test_filter_itch.R............ 22 tests <1b>[0;32mOK<1b>[0m
test_filter_itch.R............ 22 tests <1b>[0;32mOK<1b>[0m
test_filter_itch.R............ 22 tests <1b>[0;32mOK<1b>[0m
test_filter_itch.R............ 22 tests <1b>[0;32mOK<1b>[0m
test_filter_itch.R............ 23 tests <1b>[0;32mOK<1b>[0m
test_filter_itch.R............ 23 tests <1b>[0;32mOK<1b>[0m
test_filter_itch.R............ 23 tests <1b>[0;32mOK<1b>[0m
test_filter_itch.R............ 24 tests <1b>[0;32mOK<1b>[0m
test_filter_itch.R............ 24 tests <1b>[0;32mOK<1b>[0m
test_filter_itch.R............ 25 tests <1b>[0;32mOK<1b>[0m
test_filter_itch.R............ 25 tests <1b>[0;32mOK<1b>[0m
test_filter_itch.R............ 25 tests <1b>[0;32mOK<1b>[0m
test_filter_itch.R............ 26 tests <1b>[0;32mOK<1b>[0m
test_filter_itch.R............ 27 tests <1b>[0;32mOK<1b>[0m
test_filter_itch.R............ 28 tests <1b>[0;32mOK<1b>[0m
test_filter_itch.R............ 28 tests <1b>[0;32mOK<1b>[0m
test_filter_itch.R............ 28 tests <1b>[0;32mOK<1b>[0m
test_filter_itch.R............ 29 tests <1b>[0;32mOK<1b>[0m
test_filter_itch.R............ 29 tests <1b>[0;32mOK<1b>[0m
test_filter_itch.R............ 29 tests <1b>[0;32mOK<1b>[0m
test_filter_itch.R............ 30 tests <1b>[0;32mOK<1b>[0m
test_filter_itch.R............ 30 tests <1b>[0;32mOK<1b>[0m
test_filter_itch.R............ 30 tests <1b>[0;32mOK<1b>[0m
test_filter_itch.R............ 31 tests <1b>[0;32mOK<1b>[0m
test_filter_itch.R............ 32 tests <1b>[0;32mOK<1b>[0m
test_filter_itch.R............ 32 tests <1b>[0;32mOK<1b>[0m
test_filter_itch.R............ 33 tests <1b>[0;32mOK<1b>[0m
test_filter_itch.R............ 33 tests <1b>[0;32mOK<1b>[0m
test_filter_itch.R............ 33 tests <1b>[0;32mOK<1b>[0m
test_filter_itch.R............ 33 tests <1b>[0;32mOK<1b>[0m
test_filter_itch.R............ 34 tests <1b>[0;32mOK<1b>[0m
test_filter_itch.R............ 34 tests <1b>[0;32mOK<1b>[0m
test_filter_itch.R............ 34 tests <1b>[0;32mOK<1b>[0m
test_filter_itch.R............ 35 tests <1b>[0;32mOK<1b>[0m
test_filter_itch.R............ 35 tests <1b>[0;32mOK<1b>[0m
test_filter_itch.R............ 35 tests <1b>[0;32mOK<1b>[0m
test_filter_itch.R............ 36 tests <1b>[0;32mOK<1b>[0m
test_filter_itch.R............ 37 tests <1b>[0;32mOK<1b>[0m
test_filter_itch.R............ 37 tests <1b>[0;32mOK<1b>[0m
test_filter_itch.R............ 38 tests <1b>[0;32mOK<1b>[0m
test_filter_itch.R............ 38 tests <1b>[0;32mOK<1b>[0m
test_filter_itch.R............ 38 tests <1b>[0;32mOK<1b>[0m
test_filter_itch.R............ 38 tests <1b>[0;32mOK<1b>[0m
test_filter_itch.R............ 38 tests <1b>[0;32mOK<1b>[0m
test_filter_itch.R............ 39 tests <1b>[0;32mOK<1b>[0m
test_filter_itch.R............ 39 tests <1b>[0;32mOK<1b>[0m
test_filter_itch.R............ 39 tests <1b>[0;32mOK<1b>[0m
test_filter_itch.R............ 40 tests <1b>[0;32mOK<1b>[0m
test_filter_itch.R............ 40 tests <1b>[0;32mOK<1b>[0m
test_filter_itch.R............ 40 tests <1b>[0;32mOK<1b>[0m
test_filter_itch.R............ 41 tests <1b>[0;32mOK<1b>[0m
test_filter_itch.R............ 41 tests <1b>[0;32mOK<1b>[0m
test_filter_itch.R............ 42 tests <1b>[0;32mOK<1b>[0m
test_filter_itch.R............ 43 tests <1b>[0;32mOK<1b>[0m
test_filter_itch.R............ 43 tests <1b>[0;32mOK<1b>[0m
test_filter_itch.R............ 44 tests <1b>[0;32mOK<1b>[0m
test_filter_itch.R............ 44 tests <1b>[0;32mOK<1b>[0m
test_filter_itch.R............ 44 tests <1b>[0;32mOK<1b>[0m
test_filter_itch.R............ 45 tests <1b>[0;32mOK<1b>[0m
test_filter_itch.R............ 45 tests <1b>[0;32mOK<1b>[0m
test_filter_itch.R............ 45 tests <1b>[0;32mOK<1b>[0m
test_filter_itch.R............ 45 tests <1b>[0;32mOK<1b>[0m
test_filter_itch.R............ 45 tests <1b>[0;32mOK<1b>[0m
test_filter_itch.R............ 46 tests <1b>[0;32mOK<1b>[0m
test_filter_itch.R............ 46 tests <1b>[0;32mOK<1b>[0m
test_filter_itch.R............ 47 tests <1b>[0;32mOK<1b>[0m
test_filter_itch.R............ 47 tests <1b>[0;32mOK<1b>[0m
test_filter_itch.R............ 47 tests <1b>[0;32mOK<1b>[0m
test_filter_itch.R............ 48 tests <1b>[0;32mOK<1b>[0m
test_filter_itch.R............ 48 tests <1b>[0;32mOK<1b>[0m
test_filter_itch.R............ 48 tests <1b>[0;32mOK<1b>[0m
test_filter_itch.R............ 48 tests <1b>[0;32mOK<1b>[0m
test_filter_itch.R............ 48 tests <1b>[0;32mOK<1b>[0m
test_filter_itch.R............ 49 tests <1b>[0;32mOK<1b>[0m
test_filter_itch.R............ 49 tests <1b>[0;32mOK<1b>[0m
test_filter_itch.R............ 50 tests <1b>[0;32mOK<1b>[0m
test_filter_itch.R............ 50 tests <1b>[0;32mOK<1b>[0m
test_filter_itch.R............ 50 tests <1b>[0;32mOK<1b>[0m
test_filter_itch.R............ 50 tests <1b>[0;32mOK<1b>[0m
test_filter_itch.R............ 50 tests <1b>[0;32mOK<1b>[0m
test_filter_itch.R............ 51 tests <1b>[0;32mOK<1b>[0m
test_filter_itch.R............ 51 tests <1b>[0;32mOK<1b>[0m
test_filter_itch.R............ 52 tests <1b>[0;32mOK<1b>[0m
test_filter_itch.R............ 52 tests <1b>[0;32mOK<1b>[0m
test_filter_itch.R............ 52 tests <1b>[0;32mOK<1b>[0m
test_filter_itch.R............ 52 tests <1b>[0;32mOK<1b>[0m
test_filter_itch.R............ 52 tests <1b>[0;32mOK<1b>[0m
test_filter_itch.R............ 53 tests <1b>[0;32mOK<1b>[0m
test_filter_itch.R............ 53 tests <1b>[0;32mOK<1b>[0m
test_filter_itch.R............ 54 tests <1b>[0;32mOK<1b>[0m
test_filter_itch.R............ 54 tests <1b>[0;32mOK<1b>[0m
test_filter_itch.R............ 54 tests <1b>[0;32mOK<1b>[0m
test_filter_itch.R............ 54 tests <1b>[0;32mOK<1b>[0m
test_filter_itch.R............ 55 tests <1b>[0;32mOK<1b>[0m
test_filter_itch.R............ 55 tests <1b>[0;32mOK<1b>[0m
test_filter_itch.R............ 55 tests <1b>[0;32mOK<1b>[0m
test_filter_itch.R............ 55 tests <1b>[0;32mOK<1b>[0m
test_filter_itch.R............ 55 tests <1b>[0;32mOK<1b>[0m
test_filter_itch.R............ 56 tests <1b>[0;32mOK<1b>[0m
test_filter_itch.R............ 57 tests <1b>[0;32mOK<1b>[0m
test_filter_itch.R............ 57 tests <1b>[0;32mOK<1b>[0m
test_filter_itch.R............ 57 tests <1b>[0;32mOK<1b>[0m
test_filter_itch.R............ 58 tests <1b>[0;32mOK<1b>[0m
test_filter_itch.R............ 58 tests <1b>[0;32mOK<1b>[0m
test_filter_itch.R............ 58 tests <1b>[0;32mOK<1b>[0m
test_filter_itch.R............ 59 tests <1b>[0;32mOK<1b>[0m
test_filter_itch.R............ 60 tests <1b>[0;32mOK<1b>[0m
test_filter_itch.R............ 61 tests <1b>[0;31m1 fails<1b>[0m
test_filter_itch.R............ 61 tests <1b>[0;31m1 fails<1b>[0m
test_filter_itch.R............ 61 tests <1b>[0;31m1 fails<1b>[0m
test_filter_itch.R............ 62 tests <1b>[0;31m1 fails<1b>[0m
test_filter_itch.R............ 62 tests <1b>[0;31m1 fails<1b>[0m
test_filter_itch.R............ 62 tests <1b>[0;31m1 fails<1b>[0m <1b>[0;34m13.2s<1b>[0m
test_gz_functions.R........... 0 tests
test_gz_functions.R........... 0 tests
test_gz_functions.R........... 0 tests
test_gz_functions.R........... 0 tests
test_gz_functions.R........... 0 tests
test_gz_functions.R........... 0 tests
test_gz_functions.R........... 0 tests
test_gz_functions.R........... 1 tests <1b>[0;32mOK<1b>[0m
test_gz_functions.R........... 2 tests <1b>[0;32mOK<1b>[0m
test_gz_functions.R........... 2 tests <1b>[0;32mOK<1b>[0m
test_gz_functions.R........... 3 tests <1b>[0;32mOK<1b>[0m
test_gz_functions.R........... 3 tests <1b>[0;32mOK<1b>[0m
test_gz_functions.R........... 4 tests <1b>[0;32mOK<1b>[0m
test_gz_functions.R........... 5 tests <1b>[0;32mOK<1b>[0m
test_gz_functions.R........... 5 tests <1b>[0;32mOK<1b>[0m <1b>[0;34m1.1s<1b>[0m
test_read_functions.R......... 0 tests
test_read_functions.R......... 0 tests
test_read_functions.R......... 0 tests
test_read_functions.R......... 0 tests
test_read_functions.R......... 0 tests
test_read_functions.R......... 0 tests
test_read_functions.R......... 0 tests
test_read_functions.R......... 0 tests
test_read_functions.R......... 0 tests
test_read_functions.R......... 0 tests
test_read_functions.R......... 1 tests <1b>[0;32mOK<1b>[0m
test_read_functions.R......... 2 tests <1b>[0;32mOK<1b>[0m
test_read_functions.R......... 3 tests <1b>[0;32mOK<1b>[0m
test_read_functions.R......... 4 tests <1b>[0;32mOK<1b>[0m
test_read_functions.R......... 4 tests <1b>[0;32mOK<1b>[0m
test_read_functions.R......... 4 tests <1b>[0;32mOK<1b>[0m
test_read_functions.R......... 5 tests <1b>[0;32mOK<1b>[0m
test_read_functions.R......... 6 tests <1b>[0;32mOK<1b>[0m
test_read_functions.R......... 7 tests <1b>[0;32mOK<1b>[0m
test_read_functions.R......... 7 tests <1b>[0;32mOK<1b>[0m
test_read_functions.R......... 8 tests <1b>[0;32mOK<1b>[0m
test_read_functions.R......... 9 tests <1b>[0;32mOK<1b>[0m
test_read_functions.R......... 9 tests <1b>[0;32mOK<1b>[0m
test_read_functions.R......... 9 tests <1b>[0;32mOK<1b>[0m
test_read_functions.R......... 10 tests <1b>[0;32mOK<1b>[0m
test_read_functions.R......... 11 tests <1b>[0;32mOK<1b>[0m
test_read_functions.R......... 11 tests <1b>[0;32mOK<1b>[0m
test_read_functions.R......... 11 tests <1b>[0;32mOK<1b>[0m
test_read_functions.R......... 12 tests <1b>[0;32mOK<1b>[0m
test_read_functions.R......... 13 tests <1b>[0;32mOK<1b>[0m
test_read_functions.R......... 14 tests <1b>[0;32mOK<1b>[0m
test_read_functions.R......... 15 tests <1b>[0;32mOK<1b>[0m
test_read_functions.R......... 16 tests <1b>[0;32mOK<1b>[0m
test_read_functions.R......... 17 tests <1b>[0;32mOK<1b>[0m
test_read_functions.R......... 18 tests <1b>[0;32mOK<1b>[0m
test_read_functions.R......... 19 tests <1b>[0;32mOK<1b>[0m
test_read_functions.R......... 20 tests <1b>[0;32mOK<1b>[0m
test_read_functions.R......... 20 tests <1b>[0;32mOK<1b>[0m
test_read_functions.R......... 21 tests <1b>[0;32mOK<1b>[0m
test_read_functions.R......... 22 tests <1b>[0;32mOK<1b>[0m
test_read_functions.R......... 23 tests <1b>[0;32mOK<1b>[0m
test_read_functions.R......... 24 tests <1b>[0;32mOK<1b>[0m
test_read_functions.R......... 25 tests <1b>[0;32mOK<1b>[0m
test_read_functions.R......... 25 tests <1b>[0;32mOK<1b>[0m
test_read_functions.R......... 26 tests <1b>[0;32mOK<1b>[0m
test_read_functions.R......... 26 tests <1b>[0;32mOK<1b>[0m
test_read_functions.R......... 27 tests <1b>[0;32mOK<1b>[0m
test_read_functions.R......... 27 tests <1b>[0;32mOK<1b>[0m
test_read_functions.R......... 28 tests <1b>[0;32mOK<1b>[0m
test_read_functions.R......... 28 tests <1b>[0;32mOK<1b>[0m
test_read_functions.R......... 28 tests <1b>[0;32mOK<1b>[0m
test_read_functions.R......... 29 tests <1b>[0;32mOK<1b>[0m
test_read_functions.R......... 30 tests <1b>[0;32mOK<1b>[0m
test_read_functions.R......... 31 tests <1b>[0;32mOK<1b>[0m
test_read_functions.R......... 32 tests <1b>[0;32mOK<1b>[0m
test_read_functions.R......... 33 tests <1b>[0;32mOK<1b>[0m
test_read_functions.R......... 34 tests <1b>[0;32mOK<1b>[0m
test_read_functions.R......... 35 tests <1b>[0;32mOK<1b>[0m
test_read_functions.R......... 36 tests <1b>[0;32mOK<1b>[0m
test_read_functions.R......... 37 tests <1b>[0;32mOK<1b>[0m
test_read_functions.R......... 37 tests <1b>[0;32mOK<1b>[0m
test_read_functions.R......... 37 tests <1b>[0;32mOK<1b>[0m
test_read_functions.R......... 38 tests <1b>[0;32mOK<1b>[0m
test_read_functions.R......... 39 tests <1b>[0;32mOK<1b>[0m
test_read_functions.R......... 40 tests <1b>[0;32mOK<1b>[0m
test_read_functions.R......... 41 tests <1b>[0;32mOK<1b>[0m
test_read_functions.R......... 42 tests <1b>[0;32mOK<1b>[0m
test_read_functions.R......... 43 tests <1b>[0;32mOK<1b>[0m
test_read_functions.R......... 44 tests <1b>[0;32mOK<1b>[0m
test_read_functions.R......... 45 tests <1b>[0;32mOK<1b>[0m
test_read_functions.R......... 46 tests <1b>[0;32mOK<1b>[0m
test_read_functions.R......... 47 tests <1b>[0;32mOK<1b>[0m
test_read_functions.R......... 48 tests <1b>[0;32mOK<1b>[0m
test_read_functions.R......... 49 tests <1b>[0;32mOK<1b>[0m
test_read_functions.R......... 49 tests <1b>[0;32mOK<1b>[0m
test_read_functions.R......... 49 tests <1b>[0;32mOK<1b>[0m
test_read_functions.R......... 50 tests <1b>[0;32mOK<1b>[0m
test_read_functions.R......... 51 tests <1b>[0;32mOK<1b>[0m
test_read_functions.R......... 52 tests <1b>[0;32mOK<1b>[0m
test_read_functions.R......... 53 tests <1b>[0;32mOK<1b>[0m
test_read_functions.R......... 54 tests <1b>[0;32mOK<1b>[0m
test_read_functions.R......... 55 tests <1b>[0;32mOK<1b>[0m
test_read_functions.R......... 56 tests <1b>[0;32mOK<1b>[0m
test_read_functions.R......... 57 tests <1b>[0;32mOK<1b>[0m
test_read_functions.R......... 57 tests <1b>[0;32mOK<1b>[0m
test_read_functions.R......... 57 tests <1b>[0;32mOK<1b>[0m
test_read_functions.R......... 58 tests <1b>[0;32mOK<1b>[0m
test_read_functions.R......... 59 tests <1b>[0;32mOK<1b>[0m
test_read_functions.R......... 60 tests <1b>[0;32mOK<1b>[0m
test_read_functions.R......... 61 tests <1b>[0;32mOK<1b>[0m
test_read_functions.R......... 62 tests <1b>[0;32mOK<1b>[0m
test_read_functions.R......... 63 tests <1b>[0;32mOK<1b>[0m
test_read_functions.R......... 64 tests <1b>[0;32mOK<1b>[0m
test_read_functions.R......... 65 tests <1b>[0;32mOK<1b>[0m
test_read_functions.R......... 65 tests <1b>[0;32mOK<1b>[0m
test_read_functions.R......... 65 tests <1b>[0;32mOK<1b>[0m
test_read_functions.R......... 66 tests <1b>[0;32mOK<1b>[0m
test_read_functions.R......... 67 tests <1b>[0;32mOK<1b>[0m
test_read_functions.R......... 68 tests <1b>[0;32mOK<1b>[0m
test_read_functions.R......... 69 tests <1b>[0;32mOK<1b>[0m
test_read_functions.R......... 70 tests <1b>[0;32mOK<1b>[0m
test_read_functions.R......... 71 tests <1b>[0;32mOK<1b>[0m
test_read_functions.R......... 72 tests <1b>[0;32mOK<1b>[0m
test_read_functions.R......... 73 tests <1b>[0;32mOK<1b>[0m
test_read_functions.R......... 74 tests <1b>[0;32mOK<1b>[0m
test_read_functions.R......... 75 tests <1b>[0;32mOK<1b>[0m
test_read_functions.R......... 75 tests <1b>[0;32mOK<1b>[0m
test_read_functions.R......... 75 tests <1b>[0;32mOK<1b>[0m
test_read_functions.R......... 76 tests <1b>[0;32mOK<1b>[0m
test_read_functions.R......... 77 tests <1b>[0;32mOK<1b>[0m
test_read_functions.R......... 78 tests <1b>[0;32mOK<1b>[0m
test_read_functions.R......... 79 tests <1b>[0;32mOK<1b>[0m
test_read_functions.R......... 79 tests <1b>[0;32mOK<1b>[0m
test_read_functions.R......... 79 tests <1b>[0;32mOK<1b>[0m
test_read_functions.R......... 80 tests <1b>[0;32mOK<1b>[0m
test_read_functions.R......... 81 tests <1b>[0;32mOK<1b>[0m
test_read_functions.R......... 82 tests <1b>[0;32mOK<1b>[0m
test_read_functions.R......... 83 tests <1b>[0;32mOK<1b>[0m
test_read_functions.R......... 83 tests <1b>[0;32mOK<1b>[0m
test_read_functions.R......... 83 tests <1b>[0;32mOK<1b>[0m
test_read_functions.R......... 84 tests <1b>[0;32mOK<1b>[0m
test_read_functions.R......... 85 tests <1b>[0;32mOK<1b>[0m
test_read_functions.R......... 86 tests <1b>[0;32mOK<1b>[0m
test_read_functions.R......... 87 tests <1b>[0;32mOK<1b>[0m
test_read_functions.R......... 87 tests <1b>[0;32mOK<1b>[0m
test_read_functions.R......... 87 tests <1b>[0;32mOK<1b>[0m
test_read_functions.R......... 88 tests <1b>[0;32mOK<1b>[0m
test_read_functions.R......... 89 tests <1b>[0;32mOK<1b>[0m
test_read_functions.R......... 90 tests <1b>[0;32mOK<1b>[0m
test_read_functions.R......... 91 tests <1b>[0;32mOK<1b>[0m
test_read_functions.R......... 91 tests <1b>[0;32mOK<1b>[0m
test_read_functions.R......... 91 tests <1b>[0;32mOK<1b>[0m
test_read_functions.R......... 92 tests <1b>[0;32mOK<1b>[0m
test_read_functions.R......... 93 tests <1b>[0;32mOK<1b>[0m
test_read_functions.R......... 94 tests <1b>[0;32mOK<1b>[0m
test_read_functions.R......... 95 tests <1b>[0;32mOK<1b>[0m
test_read_functions.R......... 95 tests <1b>[0;32mOK<1b>[0m
test_read_functions.R......... 95 tests <1b>[0;32mOK<1b>[0m
test_read_functions.R......... 96 tests <1b>[0;32mOK<1b>[0m
test_read_functions.R......... 97 tests <1b>[0;32mOK<1b>[0m
test_read_functions.R......... 98 tests <1b>[0;32mOK<1b>[0m
test_read_functions.R......... 99 tests <1b>[0;32mOK<1b>[0m
test_read_functions.R......... 99 tests <1b>[0;32mOK<1b>[0m
test_read_functions.R......... 100 tests <1b>[0;32mOK<1b>[0m
test_read_functions.R......... 101 tests <1b>[0;32mOK<1b>[0m
test_read_functions.R......... 102 tests <1b>[0;32mOK<1b>[0m
test_read_functions.R......... 103 tests <1b>[0;32mOK<1b>[0m
test_read_functions.R......... 104 tests <1b>[0;32mOK<1b>[0m
test_read_functions.R......... 105 tests <1b>[0;32mOK<1b>[0m
test_read_functions.R......... 106 tests <1b>[0;32mOK<1b>[0m
test_read_functions.R......... 107 tests <1b>[0;32mOK<1b>[0m
test_read_functions.R......... 108 tests <1b>[0;32mOK<1b>[0m
test_read_functions.R......... 109 tests <1b>[0;32mOK<1b>[0m
test_read_functions.R......... 109 tests <1b>[0;32mOK<1b>[0m
test_read_functions.R......... 109 tests <1b>[0;32mOK<1b>[0m
test_read_functions.R......... 109 tests <1b>[0;32mOK<1b>[0m
test_read_functions.R......... 109 tests <1b>[0;32mOK<1b>[0m
test_read_functions.R......... 110 tests <1b>[0;32mOK<1b>[0m
test_read_functions.R......... 111 tests <1b>[0;32mOK<1b>[0m
test_read_functions.R......... 112 tests <1b>[0;32mOK<1b>[0m
test_read_functions.R......... 113 tests <1b>[0;32mOK<1b>[0m
test_read_functions.R......... 114 tests <1b>[0;32mOK<1b>[0m
test_read_functions.R......... 114 tests <1b>[0;32mOK<1b>[0m
test_read_functions.R......... 115 tests <1b>[0;32mOK<1b>[0m
test_read_functions.R......... 116 tests <1b>[0;32mOK<1b>[0m
test_read_functions.R......... 117 tests <1b>[0;32mOK<1b>[0m
test_read_functions.R......... 118 tests <1b>[0;32mOK<1b>[0m
test_read_functions.R......... 119 tests <1b>[0;32mOK<1b>[0m
test_read_functions.R......... 120 tests <1b>[0;32mOK<1b>[0m
test_read_functions.R......... 121 tests <1b>[0;32mOK<1b>[0m
test_read_functions.R......... 122 tests <1b>[0;32mOK<1b>[0m <1b>[0;34m6.7s<1b>[0m
test_write_itch.R............. 0 tests
test_write_itch.R............. 0 tests
test_write_itch.R............. 0 tests
test_write_itch.R............. 0 tests
test_write_itch.R............. 0 tests
test_write_itch.R............. 0 tests
test_write_itch.R............. 0 tests
test_write_itch.R............. 0 tests
test_write_itch.R............. 1 tests <1b>[0;32mOK<1b>[0m
test_write_itch.R............. 2 tests <1b>[0;32mOK<1b>[0m
test_write_itch.R............. 2 tests <1b>[0;32mOK<1b>[0m
test_write_itch.R............. 3 tests <1b>[0;32mOK<1b>[0m
test_write_itch.R............. 3 tests <1b>[0;32mOK<1b>[0m
test_write_itch.R............. 4 tests <1b>[0;32mOK<1b>[0m
test_write_itch.R............. 5 tests <1b>[0;32mOK<1b>[0m
test_write_itch.R............. 5 tests <1b>[0;32mOK<1b>[0m
test_write_itch.R............. 5 tests <1b>[0;32mOK<1b>[0m
test_write_itch.R............. 6 tests <1b>[0;32mOK<1b>[0m
test_write_itch.R............. 7 tests <1b>[0;32mOK<1b>[0m
test_write_itch.R............. 8 tests <1b>[0;32mOK<1b>[0m
test_write_itch.R............. 8 tests <1b>[0;32mOK<1b>[0m
test_write_itch.R............. 9 tests <1b>[0;32mOK<1b>[0m
test_write_itch.R............. 9 tests <1b>[0;32mOK<1b>[0m
test_write_itch.R............. 10 tests <1b>[0;32mOK<1b>[0m
test_write_itch.R............. 10 tests <1b>[0;32mOK<1b>[0m
test_write_itch.R............. 10 tests <1b>[0;32mOK<1b>[0m
test_write_itch.R............. 11 tests <1b>[0;31m1 fails<1b>[0m
test_write_itch.R............. 11 tests <1b>[0;31m1 fails<1b>[0m
test_write_itch.R............. 12 tests <1b>[0;31m1 fails<1b>[0m
test_write_itch.R............. 12 tests <1b>[0;31m1 fails<1b>[0m
test_write_itch.R............. 13 tests <1b>[0;31m2 fails<1b>[0m
test_write_itch.R............. 13 tests <1b>[0;31m2 fails<1b>[0m
test_write_itch.R............. 14 tests <1b>[0;31m2 fails<1b>[0m
test_write_itch.R............. 14 tests <1b>[0;31m2 fails<1b>[0m
test_write_itch.R............. 14 tests <1b>[0;31m2 fails<1b>[0m
test_write_itch.R............. 15 tests <1b>[0;31m3 fails<1b>[0m
test_write_itch.R............. 16 tests <1b>[0;31m3 fails<1b>[0m
test_write_itch.R............. 17 tests <1b>[0;31m4 fails<1b>[0m
test_write_itch.R............. 18 tests <1b>[0;31m4 fails<1b>[0m
test_write_itch.R............. 18 tests <1b>[0;31m4 fails<1b>[0m <1b>[0;34m7.4s<1b>[0m
----- FAILED[data]: test_filter_itch.R<395--395>
call| expect_equal(file.size(rawoutfile), 72619)
diff| Expected '72619', got '72660'
----- FAILED[data]: test_write_itch.R<78--78>
call| expect_equal(file.size(outfile), 159965)
diff| Expected '159965', got '159599'
----- FAILED[data]: test_write_itch.R<90--90>
call| expect_equal(file.size(outfile), 419608)
diff| Expected '419608', got '436513'
----- FAILED[data]: test_write_itch.R<103--103>
call| expect_equal(file.size(outfile), 419608)
diff| Expected '419608', got '436513'
----- FAILED[data]: test_write_itch.R<112--112>
call| expect_equal(file.size(outfile), 419608 * 2)
diff| Expected '839216', got '873026'
Error: 5 out of 220 tests failed
Execution halted
Flavor: r-devel-linux-x86_64-fedora-clang
Version: 0.1.26
Check: tests
Result: ERROR
Running ‘tinytests.R’ [23s/46s]
Running the tests in ‘tests/tinytests.R’ failed.
Complete output:
> if (requireNamespace("tinytest", quietly=TRUE) &&
+ utils::packageVersion("tinytest") >= "1.0.0") {
+
+ ## Set a seed to make the test deterministic
+ set.seed(42)
+
+ ## R makes us to this
+ Sys.setenv("R_TESTS" = "")
+
+ ## there are several more granular ways to test files in a tinytest directory,
+ ## see its package vignette; tests can also run once the package is installed
+ ## using the same command `test_package(pkgName)`, or by director or file
+ tinytest::test_package("RITCH")
+ }
test_filename_helpers.R....... 0 tests
test_filename_helpers.R....... 0 tests
test_filename_helpers.R....... 1 tests <1b>[0;32mOK<1b>[0m
test_filename_helpers.R....... 2 tests <1b>[0;32mOK<1b>[0m
test_filename_helpers.R....... 3 tests <1b>[0;32mOK<1b>[0m
test_filename_helpers.R....... 4 tests <1b>[0;32mOK<1b>[0m
test_filename_helpers.R....... 5 tests <1b>[0;32mOK<1b>[0m
test_filename_helpers.R....... 6 tests <1b>[0;32mOK<1b>[0m
test_filename_helpers.R....... 7 tests <1b>[0;32mOK<1b>[0m
test_filename_helpers.R....... 8 tests <1b>[0;32mOK<1b>[0m
test_filename_helpers.R....... 9 tests <1b>[0;32mOK<1b>[0m
test_filename_helpers.R....... 10 tests <1b>[0;32mOK<1b>[0m
test_filename_helpers.R....... 11 tests <1b>[0;32mOK<1b>[0m
test_filename_helpers.R....... 12 tests <1b>[0;32mOK<1b>[0m
test_filename_helpers.R....... 13 tests <1b>[0;32mOK<1b>[0m <1b>[0;34m0.2s<1b>[0m
test_filter_itch.R............ 0 tests
test_filter_itch.R............ 0 tests
test_filter_itch.R............ 0 tests
test_filter_itch.R............ 0 tests
test_filter_itch.R............ 0 tests
test_filter_itch.R............ 0 tests
test_filter_itch.R............ 0 tests
test_filter_itch.R............ 0 tests
test_filter_itch.R............ 0 tests
test_filter_itch.R............ 1 tests <1b>[0;32mOK<1b>[0m
test_filter_itch.R............ 1 tests <1b>[0;32mOK<1b>[0m
test_filter_itch.R............ 2 tests <1b>[0;32mOK<1b>[0m
test_filter_itch.R............ 2 tests <1b>[0;32mOK<1b>[0m
test_filter_itch.R............ 2 tests <1b>[0;32mOK<1b>[0m
test_filter_itch.R............ 3 tests <1b>[0;32mOK<1b>[0m
test_filter_itch.R............ 3 tests <1b>[0;32mOK<1b>[0m
test_filter_itch.R............ 3 tests <1b>[0;32mOK<1b>[0m
test_filter_itch.R............ 4 tests <1b>[0;32mOK<1b>[0m
test_filter_itch.R............ 4 tests <1b>[0;32mOK<1b>[0m
test_filter_itch.R............ 4 tests <1b>[0;32mOK<1b>[0m
test_filter_itch.R............ 4 tests <1b>[0;32mOK<1b>[0m
test_filter_itch.R............ 5 tests <1b>[0;32mOK<1b>[0m
test_filter_itch.R............ 6 tests <1b>[0;32mOK<1b>[0m
test_filter_itch.R............ 6 tests <1b>[0;32mOK<1b>[0m
test_filter_itch.R............ 7 tests <1b>[0;32mOK<1b>[0m
test_filter_itch.R............ 7 tests <1b>[0;32mOK<1b>[0m
test_filter_itch.R............ 7 tests <1b>[0;32mOK<1b>[0m
test_filter_itch.R............ 8 tests <1b>[0;32mOK<1b>[0m
test_filter_itch.R............ 8 tests <1b>[0;32mOK<1b>[0m
test_filter_itch.R............ 9 tests <1b>[0;32mOK<1b>[0m
test_filter_itch.R............ 9 tests <1b>[0;32mOK<1b>[0m
test_filter_itch.R............ 10 tests <1b>[0;32mOK<1b>[0m
test_filter_itch.R............ 10 tests <1b>[0;32mOK<1b>[0m
test_filter_itch.R............ 11 tests <1b>[0;32mOK<1b>[0m
test_filter_itch.R............ 12 tests <1b>[0;32mOK<1b>[0m
test_filter_itch.R............ 12 tests <1b>[0;32mOK<1b>[0m
test_filter_itch.R............ 12 tests <1b>[0;32mOK<1b>[0m
test_filter_itch.R............ 12 tests <1b>[0;32mOK<1b>[0m
test_filter_itch.R............ 12 tests <1b>[0;32mOK<1b>[0m
test_filter_itch.R............ 12 tests <1b>[0;32mOK<1b>[0m
test_filter_itch.R............ 13 tests <1b>[0;32mOK<1b>[0m
test_filter_itch.R............ 13 tests <1b>[0;32mOK<1b>[0m
test_filter_itch.R............ 13 tests <1b>[0;32mOK<1b>[0m
test_filter_itch.R............ 14 tests <1b>[0;32mOK<1b>[0m
test_filter_itch.R............ 14 tests <1b>[0;32mOK<1b>[0m
test_filter_itch.R............ 15 tests <1b>[0;32mOK<1b>[0m
test_filter_itch.R............ 15 tests <1b>[0;32mOK<1b>[0m
test_filter_itch.R............ 16 tests <1b>[0;32mOK<1b>[0m
test_filter_itch.R............ 16 tests <1b>[0;32mOK<1b>[0m
test_filter_itch.R............ 16 tests <1b>[0;32mOK<1b>[0m
test_filter_itch.R............ 17 tests <1b>[0;32mOK<1b>[0m
test_filter_itch.R............ 17 tests <1b>[0;32mOK<1b>[0m
test_filter_itch.R............ 18 tests <1b>[0;32mOK<1b>[0m
test_filter_itch.R............ 18 tests <1b>[0;32mOK<1b>[0m
test_filter_itch.R............ 19 tests <1b>[0;32mOK<1b>[0m
test_filter_itch.R............ 19 tests <1b>[0;32mOK<1b>[0m
test_filter_itch.R............ 19 tests <1b>[0;32mOK<1b>[0m
test_filter_itch.R............ 20 tests <1b>[0;32mOK<1b>[0m
test_filter_itch.R............ 20 tests <1b>[0;32mOK<1b>[0m
test_filter_itch.R............ 20 tests <1b>[0;32mOK<1b>[0m
test_filter_itch.R............ 21 tests <1b>[0;32mOK<1b>[0m
test_filter_itch.R............ 21 tests <1b>[0;32mOK<1b>[0m
test_filter_itch.R............ 22 tests <1b>[0;32mOK<1b>[0m
test_filter_itch.R............ 22 tests <1b>[0;32mOK<1b>[0m
test_filter_itch.R............ 22 tests <1b>[0;32mOK<1b>[0m
test_filter_itch.R............ 22 tests <1b>[0;32mOK<1b>[0m
test_filter_itch.R............ 22 tests <1b>[0;32mOK<1b>[0m
test_filter_itch.R............ 23 tests <1b>[0;32mOK<1b>[0m
test_filter_itch.R............ 23 tests <1b>[0;32mOK<1b>[0m
test_filter_itch.R............ 23 tests <1b>[0;32mOK<1b>[0m
test_filter_itch.R............ 24 tests <1b>[0;32mOK<1b>[0m
test_filter_itch.R............ 24 tests <1b>[0;32mOK<1b>[0m
test_filter_itch.R............ 25 tests <1b>[0;32mOK<1b>[0m
test_filter_itch.R............ 25 tests <1b>[0;32mOK<1b>[0m
test_filter_itch.R............ 25 tests <1b>[0;32mOK<1b>[0m
test_filter_itch.R............ 26 tests <1b>[0;32mOK<1b>[0m
test_filter_itch.R............ 27 tests <1b>[0;32mOK<1b>[0m
test_filter_itch.R............ 28 tests <1b>[0;32mOK<1b>[0m
test_filter_itch.R............ 28 tests <1b>[0;32mOK<1b>[0m
test_filter_itch.R............ 28 tests <1b>[0;32mOK<1b>[0m
test_filter_itch.R............ 29 tests <1b>[0;32mOK<1b>[0m
test_filter_itch.R............ 29 tests <1b>[0;32mOK<1b>[0m
test_filter_itch.R............ 29 tests <1b>[0;32mOK<1b>[0m
test_filter_itch.R............ 30 tests <1b>[0;32mOK<1b>[0m
test_filter_itch.R............ 30 tests <1b>[0;32mOK<1b>[0m
test_filter_itch.R............ 30 tests <1b>[0;32mOK<1b>[0m
test_filter_itch.R............ 31 tests <1b>[0;32mOK<1b>[0m
test_filter_itch.R............ 32 tests <1b>[0;32mOK<1b>[0m
test_filter_itch.R............ 32 tests <1b>[0;32mOK<1b>[0m
test_filter_itch.R............ 33 tests <1b>[0;32mOK<1b>[0m
test_filter_itch.R............ 33 tests <1b>[0;32mOK<1b>[0m
test_filter_itch.R............ 33 tests <1b>[0;32mOK<1b>[0m
test_filter_itch.R............ 33 tests <1b>[0;32mOK<1b>[0m
test_filter_itch.R............ 34 tests <1b>[0;32mOK<1b>[0m
test_filter_itch.R............ 34 tests <1b>[0;32mOK<1b>[0m
test_filter_itch.R............ 34 tests <1b>[0;32mOK<1b>[0m
test_filter_itch.R............ 35 tests <1b>[0;32mOK<1b>[0m
test_filter_itch.R............ 35 tests <1b>[0;32mOK<1b>[0m
test_filter_itch.R............ 35 tests <1b>[0;32mOK<1b>[0m
test_filter_itch.R............ 36 tests <1b>[0;32mOK<1b>[0m
test_filter_itch.R............ 37 tests <1b>[0;32mOK<1b>[0m
test_filter_itch.R............ 37 tests <1b>[0;32mOK<1b>[0m
test_filter_itch.R............ 38 tests <1b>[0;32mOK<1b>[0m
test_filter_itch.R............ 38 tests <1b>[0;32mOK<1b>[0m
test_filter_itch.R............ 38 tests <1b>[0;32mOK<1b>[0m
test_filter_itch.R............ 38 tests <1b>[0;32mOK<1b>[0m
test_filter_itch.R............ 38 tests <1b>[0;32mOK<1b>[0m
test_filter_itch.R............ 39 tests <1b>[0;32mOK<1b>[0m
test_filter_itch.R............ 39 tests <1b>[0;32mOK<1b>[0m
test_filter_itch.R............ 39 tests <1b>[0;32mOK<1b>[0m
test_filter_itch.R............ 40 tests <1b>[0;32mOK<1b>[0m
test_filter_itch.R............ 40 tests <1b>[0;32mOK<1b>[0m
test_filter_itch.R............ 40 tests <1b>[0;32mOK<1b>[0m
test_filter_itch.R............ 41 tests <1b>[0;32mOK<1b>[0m
test_filter_itch.R............ 41 tests <1b>[0;32mOK<1b>[0m
test_filter_itch.R............ 42 tests <1b>[0;32mOK<1b>[0m
test_filter_itch.R............ 43 tests <1b>[0;32mOK<1b>[0m
test_filter_itch.R............ 43 tests <1b>[0;32mOK<1b>[0m
test_filter_itch.R............ 44 tests <1b>[0;32mOK<1b>[0m
test_filter_itch.R............ 44 tests <1b>[0;32mOK<1b>[0m
test_filter_itch.R............ 44 tests <1b>[0;32mOK<1b>[0m
test_filter_itch.R............ 45 tests <1b>[0;32mOK<1b>[0m
test_filter_itch.R............ 45 tests <1b>[0;32mOK<1b>[0m
test_filter_itch.R............ 45 tests <1b>[0;32mOK<1b>[0m
test_filter_itch.R............ 45 tests <1b>[0;32mOK<1b>[0m
test_filter_itch.R............ 45 tests <1b>[0;32mOK<1b>[0m
test_filter_itch.R............ 46 tests <1b>[0;32mOK<1b>[0m
test_filter_itch.R............ 46 tests <1b>[0;32mOK<1b>[0m
test_filter_itch.R............ 47 tests <1b>[0;32mOK<1b>[0m
test_filter_itch.R............ 47 tests <1b>[0;32mOK<1b>[0m
test_filter_itch.R............ 47 tests <1b>[0;32mOK<1b>[0m
test_filter_itch.R............ 48 tests <1b>[0;32mOK<1b>[0m
test_filter_itch.R............ 48 tests <1b>[0;32mOK<1b>[0m
test_filter_itch.R............ 48 tests <1b>[0;32mOK<1b>[0m
test_filter_itch.R............ 48 tests <1b>[0;32mOK<1b>[0m
test_filter_itch.R............ 48 tests <1b>[0;32mOK<1b>[0m
test_filter_itch.R............ 49 tests <1b>[0;32mOK<1b>[0m
test_filter_itch.R............ 49 tests <1b>[0;32mOK<1b>[0m
test_filter_itch.R............ 50 tests <1b>[0;32mOK<1b>[0m
test_filter_itch.R............ 50 tests <1b>[0;32mOK<1b>[0m
test_filter_itch.R............ 50 tests <1b>[0;32mOK<1b>[0m
test_filter_itch.R............ 50 tests <1b>[0;32mOK<1b>[0m
test_filter_itch.R............ 50 tests <1b>[0;32mOK<1b>[0m
test_filter_itch.R............ 51 tests <1b>[0;32mOK<1b>[0m
test_filter_itch.R............ 51 tests <1b>[0;32mOK<1b>[0m
test_filter_itch.R............ 52 tests <1b>[0;32mOK<1b>[0m
test_filter_itch.R............ 52 tests <1b>[0;32mOK<1b>[0m
test_filter_itch.R............ 52 tests <1b>[0;32mOK<1b>[0m
test_filter_itch.R............ 52 tests <1b>[0;32mOK<1b>[0m
test_filter_itch.R............ 52 tests <1b>[0;32mOK<1b>[0m
test_filter_itch.R............ 53 tests <1b>[0;32mOK<1b>[0m
test_filter_itch.R............ 53 tests <1b>[0;32mOK<1b>[0m
test_filter_itch.R............ 54 tests <1b>[0;32mOK<1b>[0m
test_filter_itch.R............ 54 tests <1b>[0;32mOK<1b>[0m
test_filter_itch.R............ 54 tests <1b>[0;32mOK<1b>[0m
test_filter_itch.R............ 54 tests <1b>[0;32mOK<1b>[0m
test_filter_itch.R............ 55 tests <1b>[0;32mOK<1b>[0m
test_filter_itch.R............ 55 tests <1b>[0;32mOK<1b>[0m
test_filter_itch.R............ 55 tests <1b>[0;32mOK<1b>[0m
test_filter_itch.R............ 55 tests <1b>[0;32mOK<1b>[0m
test_filter_itch.R............ 55 tests <1b>[0;32mOK<1b>[0m
test_filter_itch.R............ 56 tests <1b>[0;32mOK<1b>[0m
test_filter_itch.R............ 57 tests <1b>[0;32mOK<1b>[0m
test_filter_itch.R............ 57 tests <1b>[0;32mOK<1b>[0m
test_filter_itch.R............ 57 tests <1b>[0;32mOK<1b>[0m
test_filter_itch.R............ 58 tests <1b>[0;32mOK<1b>[0m
test_filter_itch.R............ 58 tests <1b>[0;32mOK<1b>[0m
test_filter_itch.R............ 58 tests <1b>[0;32mOK<1b>[0m
test_filter_itch.R............ 59 tests <1b>[0;32mOK<1b>[0m
test_filter_itch.R............ 60 tests <1b>[0;32mOK<1b>[0m
test_filter_itch.R............ 61 tests <1b>[0;31m1 fails<1b>[0m
test_filter_itch.R............ 61 tests <1b>[0;31m1 fails<1b>[0m
test_filter_itch.R............ 61 tests <1b>[0;31m1 fails<1b>[0m
test_filter_itch.R............ 62 tests <1b>[0;31m1 fails<1b>[0m
test_filter_itch.R............ 62 tests <1b>[0;31m1 fails<1b>[0m
test_filter_itch.R............ 62 tests <1b>[0;31m1 fails<1b>[0m <1b>[0;34m17.8s<1b>[0m
test_gz_functions.R........... 0 tests
test_gz_functions.R........... 0 tests
test_gz_functions.R........... 0 tests
test_gz_functions.R........... 0 tests
test_gz_functions.R........... 0 tests
test_gz_functions.R........... 0 tests
test_gz_functions.R........... 0 tests
test_gz_functions.R........... 1 tests <1b>[0;32mOK<1b>[0m
test_gz_functions.R........... 2 tests <1b>[0;32mOK<1b>[0m
test_gz_functions.R........... 2 tests <1b>[0;32mOK<1b>[0m
test_gz_functions.R........... 3 tests <1b>[0;32mOK<1b>[0m
test_gz_functions.R........... 3 tests <1b>[0;32mOK<1b>[0m
test_gz_functions.R........... 4 tests <1b>[0;32mOK<1b>[0m
test_gz_functions.R........... 5 tests <1b>[0;32mOK<1b>[0m
test_gz_functions.R........... 5 tests <1b>[0;32mOK<1b>[0m <1b>[0;34m1.6s<1b>[0m
test_read_functions.R......... 0 tests
test_read_functions.R......... 0 tests
test_read_functions.R......... 0 tests
test_read_functions.R......... 0 tests
test_read_functions.R......... 0 tests
test_read_functions.R......... 0 tests
test_read_functions.R......... 0 tests
test_read_functions.R......... 0 tests
test_read_functions.R......... 0 tests
test_read_functions.R......... 0 tests
test_read_functions.R......... 1 tests <1b>[0;32mOK<1b>[0m
test_read_functions.R......... 2 tests <1b>[0;32mOK<1b>[0m
test_read_functions.R......... 3 tests <1b>[0;32mOK<1b>[0m
test_read_functions.R......... 4 tests <1b>[0;32mOK<1b>[0m
test_read_functions.R......... 4 tests <1b>[0;32mOK<1b>[0m
test_read_functions.R......... 4 tests <1b>[0;32mOK<1b>[0m
test_read_functions.R......... 5 tests <1b>[0;32mOK<1b>[0m
test_read_functions.R......... 6 tests <1b>[0;32mOK<1b>[0m
test_read_functions.R......... 7 tests <1b>[0;32mOK<1b>[0m
test_read_functions.R......... 7 tests <1b>[0;32mOK<1b>[0m
test_read_functions.R......... 8 tests <1b>[0;32mOK<1b>[0m
test_read_functions.R......... 9 tests <1b>[0;32mOK<1b>[0m
test_read_functions.R......... 9 tests <1b>[0;32mOK<1b>[0m
test_read_functions.R......... 9 tests <1b>[0;32mOK<1b>[0m
test_read_functions.R......... 10 tests <1b>[0;32mOK<1b>[0m
test_read_functions.R......... 11 tests <1b>[0;32mOK<1b>[0m
test_read_functions.R......... 11 tests <1b>[0;32mOK<1b>[0m
test_read_functions.R......... 11 tests <1b>[0;32mOK<1b>[0m
test_read_functions.R......... 12 tests <1b>[0;32mOK<1b>[0m
test_read_functions.R......... 13 tests <1b>[0;32mOK<1b>[0m
test_read_functions.R......... 14 tests <1b>[0;32mOK<1b>[0m
test_read_functions.R......... 15 tests <1b>[0;32mOK<1b>[0m
test_read_functions.R......... 16 tests <1b>[0;32mOK<1b>[0m
test_read_functions.R......... 17 tests <1b>[0;32mOK<1b>[0m
test_read_functions.R......... 18 tests <1b>[0;32mOK<1b>[0m
test_read_functions.R......... 19 tests <1b>[0;32mOK<1b>[0m
test_read_functions.R......... 20 tests <1b>[0;32mOK<1b>[0m
test_read_functions.R......... 20 tests <1b>[0;32mOK<1b>[0m
test_read_functions.R......... 21 tests <1b>[0;32mOK<1b>[0m
test_read_functions.R......... 22 tests <1b>[0;32mOK<1b>[0m
test_read_functions.R......... 23 tests <1b>[0;32mOK<1b>[0m
test_read_functions.R......... 24 tests <1b>[0;32mOK<1b>[0m
test_read_functions.R......... 25 tests <1b>[0;32mOK<1b>[0m
test_read_functions.R......... 25 tests <1b>[0;32mOK<1b>[0m
test_read_functions.R......... 26 tests <1b>[0;32mOK<1b>[0m
test_read_functions.R......... 26 tests <1b>[0;32mOK<1b>[0m
test_read_functions.R......... 27 tests <1b>[0;32mOK<1b>[0m
test_read_functions.R......... 27 tests <1b>[0;32mOK<1b>[0m
test_read_functions.R......... 28 tests <1b>[0;32mOK<1b>[0m
test_read_functions.R......... 28 tests <1b>[0;32mOK<1b>[0m
test_read_functions.R......... 28 tests <1b>[0;32mOK<1b>[0m
test_read_functions.R......... 29 tests <1b>[0;32mOK<1b>[0m
test_read_functions.R......... 30 tests <1b>[0;32mOK<1b>[0m
test_read_functions.R......... 31 tests <1b>[0;32mOK<1b>[0m
test_read_functions.R......... 32 tests <1b>[0;32mOK<1b>[0m
test_read_functions.R......... 33 tests <1b>[0;32mOK<1b>[0m
test_read_functions.R......... 34 tests <1b>[0;32mOK<1b>[0m
test_read_functions.R......... 35 tests <1b>[0;32mOK<1b>[0m
test_read_functions.R......... 36 tests <1b>[0;32mOK<1b>[0m
test_read_functions.R......... 37 tests <1b>[0;32mOK<1b>[0m
test_read_functions.R......... 37 tests <1b>[0;32mOK<1b>[0m
test_read_functions.R......... 37 tests <1b>[0;32mOK<1b>[0m
test_read_functions.R......... 38 tests <1b>[0;32mOK<1b>[0m
test_read_functions.R......... 39 tests <1b>[0;32mOK<1b>[0m
test_read_functions.R......... 40 tests <1b>[0;32mOK<1b>[0m
test_read_functions.R......... 41 tests <1b>[0;32mOK<1b>[0m
test_read_functions.R......... 42 tests <1b>[0;32mOK<1b>[0m
test_read_functions.R......... 43 tests <1b>[0;32mOK<1b>[0m
test_read_functions.R......... 44 tests <1b>[0;32mOK<1b>[0m
test_read_functions.R......... 45 tests <1b>[0;32mOK<1b>[0m
test_read_functions.R......... 46 tests <1b>[0;32mOK<1b>[0m
test_read_functions.R......... 47 tests <1b>[0;32mOK<1b>[0m
test_read_functions.R......... 48 tests <1b>[0;32mOK<1b>[0m
test_read_functions.R......... 49 tests <1b>[0;32mOK<1b>[0m
test_read_functions.R......... 49 tests <1b>[0;32mOK<1b>[0m
test_read_functions.R......... 49 tests <1b>[0;32mOK<1b>[0m
test_read_functions.R......... 50 tests <1b>[0;32mOK<1b>[0m
test_read_functions.R......... 51 tests <1b>[0;32mOK<1b>[0m
test_read_functions.R......... 52 tests <1b>[0;32mOK<1b>[0m
test_read_functions.R......... 53 tests <1b>[0;32mOK<1b>[0m
test_read_functions.R......... 54 tests <1b>[0;32mOK<1b>[0m
test_read_functions.R......... 55 tests <1b>[0;32mOK<1b>[0m
test_read_functions.R......... 56 tests <1b>[0;32mOK<1b>[0m
test_read_functions.R......... 57 tests <1b>[0;32mOK<1b>[0m
test_read_functions.R......... 57 tests <1b>[0;32mOK<1b>[0m
test_read_functions.R......... 57 tests <1b>[0;32mOK<1b>[0m
test_read_functions.R......... 58 tests <1b>[0;32mOK<1b>[0m
test_read_functions.R......... 59 tests <1b>[0;32mOK<1b>[0m
test_read_functions.R......... 60 tests <1b>[0;32mOK<1b>[0m
test_read_functions.R......... 61 tests <1b>[0;32mOK<1b>[0m
test_read_functions.R......... 62 tests <1b>[0;32mOK<1b>[0m
test_read_functions.R......... 63 tests <1b>[0;32mOK<1b>[0m
test_read_functions.R......... 64 tests <1b>[0;32mOK<1b>[0m
test_read_functions.R......... 65 tests <1b>[0;32mOK<1b>[0m
test_read_functions.R......... 65 tests <1b>[0;32mOK<1b>[0m
test_read_functions.R......... 65 tests <1b>[0;32mOK<1b>[0m
test_read_functions.R......... 66 tests <1b>[0;32mOK<1b>[0m
test_read_functions.R......... 67 tests <1b>[0;32mOK<1b>[0m
test_read_functions.R......... 68 tests <1b>[0;32mOK<1b>[0m
test_read_functions.R......... 69 tests <1b>[0;32mOK<1b>[0m
test_read_functions.R......... 70 tests <1b>[0;32mOK<1b>[0m
test_read_functions.R......... 71 tests <1b>[0;32mOK<1b>[0m
test_read_functions.R......... 72 tests <1b>[0;32mOK<1b>[0m
test_read_functions.R......... 73 tests <1b>[0;32mOK<1b>[0m
test_read_functions.R......... 74 tests <1b>[0;32mOK<1b>[0m
test_read_functions.R......... 75 tests <1b>[0;32mOK<1b>[0m
test_read_functions.R......... 75 tests <1b>[0;32mOK<1b>[0m
test_read_functions.R......... 75 tests <1b>[0;32mOK<1b>[0m
test_read_functions.R......... 76 tests <1b>[0;32mOK<1b>[0m
test_read_functions.R......... 77 tests <1b>[0;32mOK<1b>[0m
test_read_functions.R......... 78 tests <1b>[0;32mOK<1b>[0m
test_read_functions.R......... 79 tests <1b>[0;32mOK<1b>[0m
test_read_functions.R......... 79 tests <1b>[0;32mOK<1b>[0m
test_read_functions.R......... 79 tests <1b>[0;32mOK<1b>[0m
test_read_functions.R......... 80 tests <1b>[0;32mOK<1b>[0m
test_read_functions.R......... 81 tests <1b>[0;32mOK<1b>[0m
test_read_functions.R......... 82 tests <1b>[0;32mOK<1b>[0m
test_read_functions.R......... 83 tests <1b>[0;32mOK<1b>[0m
test_read_functions.R......... 83 tests <1b>[0;32mOK<1b>[0m
test_read_functions.R......... 83 tests <1b>[0;32mOK<1b>[0m
test_read_functions.R......... 84 tests <1b>[0;32mOK<1b>[0m
test_read_functions.R......... 85 tests <1b>[0;32mOK<1b>[0m
test_read_functions.R......... 86 tests <1b>[0;32mOK<1b>[0m
test_read_functions.R......... 87 tests <1b>[0;32mOK<1b>[0m
test_read_functions.R......... 87 tests <1b>[0;32mOK<1b>[0m
test_read_functions.R......... 87 tests <1b>[0;32mOK<1b>[0m
test_read_functions.R......... 88 tests <1b>[0;32mOK<1b>[0m
test_read_functions.R......... 89 tests <1b>[0;32mOK<1b>[0m
test_read_functions.R......... 90 tests <1b>[0;32mOK<1b>[0m
test_read_functions.R......... 91 tests <1b>[0;32mOK<1b>[0m
test_read_functions.R......... 91 tests <1b>[0;32mOK<1b>[0m
test_read_functions.R......... 91 tests <1b>[0;32mOK<1b>[0m
test_read_functions.R......... 92 tests <1b>[0;32mOK<1b>[0m
test_read_functions.R......... 93 tests <1b>[0;32mOK<1b>[0m
test_read_functions.R......... 94 tests <1b>[0;32mOK<1b>[0m
test_read_functions.R......... 95 tests <1b>[0;32mOK<1b>[0m
test_read_functions.R......... 95 tests <1b>[0;32mOK<1b>[0m
test_read_functions.R......... 95 tests <1b>[0;32mOK<1b>[0m
test_read_functions.R......... 96 tests <1b>[0;32mOK<1b>[0m
test_read_functions.R......... 97 tests <1b>[0;32mOK<1b>[0m
test_read_functions.R......... 98 tests <1b>[0;32mOK<1b>[0m
test_read_functions.R......... 99 tests <1b>[0;32mOK<1b>[0m
test_read_functions.R......... 99 tests <1b>[0;32mOK<1b>[0m
test_read_functions.R......... 100 tests <1b>[0;32mOK<1b>[0m
test_read_functions.R......... 101 tests <1b>[0;32mOK<1b>[0m
test_read_functions.R......... 102 tests <1b>[0;32mOK<1b>[0m
test_read_functions.R......... 103 tests <1b>[0;32mOK<1b>[0m
test_read_functions.R......... 104 tests <1b>[0;32mOK<1b>[0m
test_read_functions.R......... 105 tests <1b>[0;32mOK<1b>[0m
test_read_functions.R......... 106 tests <1b>[0;32mOK<1b>[0m
test_read_functions.R......... 107 tests <1b>[0;32mOK<1b>[0m
test_read_functions.R......... 108 tests <1b>[0;32mOK<1b>[0m
test_read_functions.R......... 109 tests <1b>[0;32mOK<1b>[0m
test_read_functions.R......... 109 tests <1b>[0;32mOK<1b>[0m
test_read_functions.R......... 109 tests <1b>[0;32mOK<1b>[0m
test_read_functions.R......... 109 tests <1b>[0;32mOK<1b>[0m
test_read_functions.R......... 109 tests <1b>[0;32mOK<1b>[0m
test_read_functions.R......... 110 tests <1b>[0;32mOK<1b>[0m
test_read_functions.R......... 111 tests <1b>[0;32mOK<1b>[0m
test_read_functions.R......... 112 tests <1b>[0;32mOK<1b>[0m
test_read_functions.R......... 113 tests <1b>[0;32mOK<1b>[0m
test_read_functions.R......... 114 tests <1b>[0;32mOK<1b>[0m
test_read_functions.R......... 114 tests <1b>[0;32mOK<1b>[0m
test_read_functions.R......... 115 tests <1b>[0;32mOK<1b>[0m
test_read_functions.R......... 116 tests <1b>[0;32mOK<1b>[0m
test_read_functions.R......... 117 tests <1b>[0;32mOK<1b>[0m
test_read_functions.R......... 118 tests <1b>[0;32mOK<1b>[0m
test_read_functions.R......... 119 tests <1b>[0;32mOK<1b>[0m
test_read_functions.R......... 120 tests <1b>[0;32mOK<1b>[0m
test_read_functions.R......... 121 tests <1b>[0;32mOK<1b>[0m
test_read_functions.R......... 122 tests <1b>[0;32mOK<1b>[0m <1b>[0;34m10.0s<1b>[0m
test_write_itch.R............. 0 tests
test_write_itch.R............. 0 tests
test_write_itch.R............. 0 tests
test_write_itch.R............. 0 tests
test_write_itch.R............. 0 tests
test_write_itch.R............. 0 tests
test_write_itch.R............. 0 tests
test_write_itch.R............. 0 tests
test_write_itch.R............. 1 tests <1b>[0;32mOK<1b>[0m
test_write_itch.R............. 2 tests <1b>[0;32mOK<1b>[0m
test_write_itch.R............. 2 tests <1b>[0;32mOK<1b>[0m
test_write_itch.R............. 3 tests <1b>[0;32mOK<1b>[0m
test_write_itch.R............. 3 tests <1b>[0;32mOK<1b>[0m
test_write_itch.R............. 4 tests <1b>[0;32mOK<1b>[0m
test_write_itch.R............. 5 tests <1b>[0;32mOK<1b>[0m
test_write_itch.R............. 5 tests <1b>[0;32mOK<1b>[0m
test_write_itch.R............. 5 tests <1b>[0;32mOK<1b>[0m
test_write_itch.R............. 6 tests <1b>[0;32mOK<1b>[0m
test_write_itch.R............. 7 tests <1b>[0;32mOK<1b>[0m
test_write_itch.R............. 8 tests <1b>[0;32mOK<1b>[0m
test_write_itch.R............. 8 tests <1b>[0;32mOK<1b>[0m
test_write_itch.R............. 9 tests <1b>[0;32mOK<1b>[0m
test_write_itch.R............. 9 tests <1b>[0;32mOK<1b>[0m
test_write_itch.R............. 10 tests <1b>[0;32mOK<1b>[0m
test_write_itch.R............. 10 tests <1b>[0;32mOK<1b>[0m
test_write_itch.R............. 10 tests <1b>[0;32mOK<1b>[0m
test_write_itch.R............. 11 tests <1b>[0;31m1 fails<1b>[0m
test_write_itch.R............. 11 tests <1b>[0;31m1 fails<1b>[0m
test_write_itch.R............. 12 tests <1b>[0;31m1 fails<1b>[0m
test_write_itch.R............. 12 tests <1b>[0;31m1 fails<1b>[0m
test_write_itch.R............. 13 tests <1b>[0;31m2 fails<1b>[0m
test_write_itch.R............. 13 tests <1b>[0;31m2 fails<1b>[0m
test_write_itch.R............. 14 tests <1b>[0;31m2 fails<1b>[0m
test_write_itch.R............. 14 tests <1b>[0;31m2 fails<1b>[0m
test_write_itch.R............. 14 tests <1b>[0;31m2 fails<1b>[0m
test_write_itch.R............. 15 tests <1b>[0;31m3 fails<1b>[0m
test_write_itch.R............. 16 tests <1b>[0;31m3 fails<1b>[0m
test_write_itch.R............. 17 tests <1b>[0;31m4 fails<1b>[0m
test_write_itch.R............. 18 tests <1b>[0;31m4 fails<1b>[0m
test_write_itch.R............. 18 tests <1b>[0;31m4 fails<1b>[0m <1b>[0;34m12.0s<1b>[0m
----- FAILED[data]: test_filter_itch.R<395--395>
call| expect_equal(file.size(rawoutfile), 72619)
diff| Expected '72619', got '72660'
----- FAILED[data]: test_write_itch.R<78--78>
call| expect_equal(file.size(outfile), 159965)
diff| Expected '159965', got '159599'
----- FAILED[data]: test_write_itch.R<90--90>
call| expect_equal(file.size(outfile), 419608)
diff| Expected '419608', got '436513'
----- FAILED[data]: test_write_itch.R<103--103>
call| expect_equal(file.size(outfile), 419608)
diff| Expected '419608', got '436513'
----- FAILED[data]: test_write_itch.R<112--112>
call| expect_equal(file.size(outfile), 419608 * 2)
diff| Expected '839216', got '873026'
Error: 5 out of 220 tests failed
Execution halted
Flavor: r-devel-linux-x86_64-fedora-gcc
These binaries (installable software) and packages are in development.
They may not be fully stable and should be used with caution. We make no claims about them.