Last updated on 2025-02-23 13:51:23 CET.
Flavor | Version | Tinstall | Tcheck | Ttotal | Status | Flags |
---|---|---|---|---|---|---|
r-devel-linux-x86_64-debian-clang | 0.2-10 | 5.03 | 36.71 | 41.74 | NOTE | |
r-devel-linux-x86_64-debian-gcc | 0.2-10 | 3.42 | 27.42 | 30.84 | NOTE | |
r-devel-linux-x86_64-fedora-clang | 0.2-10 | 70.06 | NOTE | |||
r-devel-linux-x86_64-fedora-gcc | 0.2-10 | 65.04 | NOTE | |||
r-devel-macos-arm64 | 0.2-10 | 23.00 | NOTE | |||
r-devel-macos-x86_64 | 0.2-10 | 41.00 | NOTE | |||
r-devel-windows-x86_64 | 0.2-10 | 6.00 | 66.00 | 72.00 | OK | |
r-patched-linux-x86_64 | 0.2-10 | 4.11 | 34.21 | 38.32 | NOTE | |
r-release-linux-x86_64 | 0.2-10 | 4.48 | 34.88 | 39.36 | NOTE | |
r-release-macos-arm64 | 0.2-10 | 22.00 | NOTE | |||
r-release-macos-x86_64 | 0.2-10 | 35.00 | NOTE | |||
r-release-windows-x86_64 | 0.2-10 | 5.00 | 57.00 | 62.00 | OK | |
r-oldrel-macos-arm64 | 0.2-10 | 23.00 | OK | |||
r-oldrel-macos-x86_64 | 0.2-10 | 33.00 | OK | |||
r-oldrel-windows-x86_64 | 0.2-10 | 5.00 | 63.00 | 68.00 | OK |
Version: 0.2-10
Check: DESCRIPTION meta-information
Result: NOTE
License stub is invalid DCF.
Flavors: r-devel-linux-x86_64-debian-clang, r-devel-linux-x86_64-debian-gcc, r-devel-macos-arm64, r-devel-macos-x86_64, r-patched-linux-x86_64, r-release-linux-x86_64, r-release-macos-arm64, r-release-macos-x86_64
Version: 0.2-10
Check: DESCRIPTION meta-information
Result: NOTE
Licence stub is invalid DCF.
Flavors: r-devel-linux-x86_64-fedora-clang, r-devel-linux-x86_64-fedora-gcc
These binaries (installable software) and packages are in development.
They may not be fully stable and should be used with caution. We make no claims about them.