CRAN Package Check Results for Package RJcluster

Last updated on 2025-05-08 04:52:16 CEST.

Flavor Version Tinstall Tcheck Ttotal Status Flags
r-devel-linux-x86_64-debian-clang 3.2.4 75.01 45.00 120.01 NOTE
r-devel-linux-x86_64-debian-gcc 3.2.4 51.67 35.00 86.67 NOTE
r-devel-linux-x86_64-fedora-clang 3.2.4 231.40 NOTE
r-devel-linux-x86_64-fedora-gcc 3.2.4 247.54 NOTE
r-devel-windows-x86_64 3.2.4 87.00 88.00 175.00 NOTE
r-patched-linux-x86_64 3.2.4 72.84 43.67 116.51 NOTE
r-release-linux-x86_64 3.2.4 73.21 43.07 116.28 NOTE
r-release-macos-arm64 3.2.4 66.00 NOTE
r-release-macos-x86_64 3.2.4 91.00 NOTE
r-release-windows-x86_64 3.2.4 90.00 91.00 181.00 NOTE
r-oldrel-macos-arm64 3.2.4 66.00 NOTE
r-oldrel-macos-x86_64 3.2.4 85.00 NOTE
r-oldrel-windows-x86_64 3.2.4 100.00 104.00 204.00 NOTE

Check Details

Version: 3.2.4
Check: C++ specification
Result: NOTE Specified C++11: please drop specification unless essential Flavors: r-devel-linux-x86_64-debian-clang, r-devel-linux-x86_64-debian-gcc, r-devel-linux-x86_64-fedora-clang, r-devel-linux-x86_64-fedora-gcc, r-devel-windows-x86_64, r-patched-linux-x86_64, r-release-linux-x86_64, r-release-macos-arm64, r-release-macos-x86_64, r-release-windows-x86_64, r-oldrel-macos-arm64, r-oldrel-macos-x86_64, r-oldrel-windows-x86_64

Version: 3.2.4
Check: top-level files
Result: NOTE possible bashism in configure.ac line 36 (should be 'b = a'): if test x"${RSysinfoName}" == x"Darwin"; then possible bashism in configure.ac line 47 (should be 'b = a'): if test x"${hasOpenMP}" == x""; then Flavors: r-devel-linux-x86_64-debian-clang, r-devel-linux-x86_64-debian-gcc, r-devel-linux-x86_64-fedora-clang, r-devel-linux-x86_64-fedora-gcc, r-patched-linux-x86_64, r-release-linux-x86_64

These binaries (installable software) and packages are in development.
They may not be fully stable and should be used with caution. We make no claims about them.