Last updated on 2024-07-27 15:50:32 CEST.
Flavor | Version | Tinstall | Tcheck | Ttotal | Status | Flags |
---|---|---|---|---|---|---|
r-devel-linux-x86_64-debian-clang | 5.0-4 | 5.40 | 28.57 | 33.97 | OK | |
r-devel-linux-x86_64-debian-gcc | 5.0-4 | OK | ||||
r-devel-linux-x86_64-fedora-clang | 5.0-4 | 42.46 | NOTE | |||
r-devel-linux-x86_64-fedora-gcc | 5.0-4 | 43.41 | OK | |||
r-devel-windows-x86_64 | 5.0-4 | 4.00 | 33.00 | 37.00 | NOTE | |
r-patched-linux-x86_64 | 5.0-4 | OK | ||||
r-release-linux-x86_64 | 5.0-4 | 4.03 | 27.86 | 31.89 | OK | |
r-release-macos-arm64 | 5.0-4 | 17.00 | NOTE | |||
r-release-macos-x86_64 | 5.0-4 | 30.00 | NOTE | |||
r-release-windows-x86_64 | 5.0-4 | 5.00 | 33.00 | 38.00 | NOTE | |
r-oldrel-macos-arm64 | 5.0-4 | 18.00 | NOTE | |||
r-oldrel-macos-x86_64 | 5.0-4 | 26.00 | NOTE | |||
r-oldrel-windows-x86_64 | 5.0-4 | 7.00 | 39.00 | 46.00 | NOTE |
Version: 5.0-4
Check: installed package size
Result: NOTE
installed size is 10.9Mb
sub-directories of 1Mb or more:
java 10.8Mb
Flavors: r-devel-linux-x86_64-fedora-clang, r-devel-windows-x86_64, r-release-macos-arm64, r-release-macos-x86_64, r-release-windows-x86_64, r-oldrel-macos-arm64, r-oldrel-macos-x86_64, r-oldrel-windows-x86_64
These binaries (installable software) and packages are in development.
They may not be fully stable and should be used with caution. We make no claims about them.