CRAN Package Check Results for Package RKEAjars

Last updated on 2025-02-19 16:51:02 CET.

Flavor Version Tinstall Tcheck Ttotal Status Flags
r-devel-linux-x86_64-debian-clang 5.0-4 4.10 22.51 26.61 OK
r-devel-linux-x86_64-debian-gcc 5.0-4 3.19 17.08 20.27 OK
r-devel-linux-x86_64-fedora-clang 5.0-4 42.55 OK
r-devel-linux-x86_64-fedora-gcc 5.0-4 40.54 OK
r-devel-macos-arm64 5.0-4 17.00 OK
r-devel-macos-x86_64 5.0-4 33.00 OK
r-devel-windows-x86_64 5.0-4 4.00 33.00 37.00 OK
r-patched-linux-x86_64 5.0-4 3.54 21.20 24.74 OK
r-release-linux-x86_64 5.0-4 3.78 21.22 25.00 OK
r-release-macos-arm64 5.0-4 17.00 NOTE
r-release-macos-x86_64 5.0-4 30.00 NOTE
r-release-windows-x86_64 5.0-4 5.00 33.00 38.00 NOTE
r-oldrel-macos-arm64 5.0-4 18.00 NOTE
r-oldrel-macos-x86_64 5.0-4 26.00 NOTE
r-oldrel-windows-x86_64 5.0-4 7.00 39.00 46.00 NOTE

Check Details

Version: 5.0-4
Check: installed package size
Result: NOTE installed size is 10.8Mb sub-directories of 1Mb or more: java 10.8Mb Flavors: r-release-macos-arm64, r-release-macos-x86_64, r-release-windows-x86_64, r-oldrel-macos-arm64, r-oldrel-macos-x86_64, r-oldrel-windows-x86_64

These binaries (installable software) and packages are in development.
They may not be fully stable and should be used with caution. We make no claims about them.