Last updated on 2025-02-16 10:50:56 CET.
Flavor | Version | Tinstall | Tcheck | Ttotal | Status | Flags |
---|---|---|---|---|---|---|
r-devel-linux-x86_64-debian-clang | 1.3.4 | 96.92 | 350.40 | 447.32 | OK | |
r-devel-linux-x86_64-debian-gcc | 1.3.4 | 53.58 | 249.05 | 302.63 | OK | |
r-devel-linux-x86_64-fedora-clang | 1.3.4 | 745.53 | NOTE | |||
r-devel-linux-x86_64-fedora-gcc | 1.3.4 | 677.67 | NOTE | |||
r-devel-macos-arm64 | 1.3.4 | 257.00 | OK | |||
r-devel-macos-x86_64 | 1.3.4 | 487.00 | OK | |||
r-devel-windows-x86_64 | 1.3.4 | 180.00 | 468.00 | 648.00 | OK | |
r-patched-linux-x86_64 | 1.3.4 | 90.72 | 335.58 | 426.30 | OK | |
r-release-linux-x86_64 | 1.3.4 | 87.73 | 337.56 | 425.29 | OK | |
r-release-macos-arm64 | 1.3.4 | 256.00 | NOTE | |||
r-release-macos-x86_64 | 1.3.4 | 374.00 | NOTE | |||
r-release-windows-x86_64 | 1.3.4 | 105.00 | 456.00 | 561.00 | NOTE | |
r-oldrel-macos-arm64 | 1.3.4 | 330.00 | NOTE | |||
r-oldrel-macos-x86_64 | 1.3.4 | 462.00 | NOTE | |||
r-oldrel-windows-x86_64 | 1.3.4 | 123.00 | 507.00 | 630.00 | NOTE |
Version: 1.3.4
Check: dependencies in R code
Result: NOTE
Namespaces in Imports field not imported from:
‘Matrix’ ‘arules’ ‘pmml’ ‘rJava’
All declared Imports should be used.
Flavors: r-devel-linux-x86_64-fedora-clang, r-devel-linux-x86_64-fedora-gcc
Version: 1.3.4
Check: installed package size
Result: NOTE
installed size is 28.3Mb
sub-directories of 1Mb or more:
R 4.0Mb
exe 23.8Mb
Flavors: r-release-macos-arm64, r-release-macos-x86_64, r-release-windows-x86_64, r-oldrel-macos-arm64, r-oldrel-macos-x86_64, r-oldrel-windows-x86_64
These binaries (installable software) and packages are in development.
They may not be fully stable and should be used with caution. We make no claims about them.