Last updated on 2025-07-22 13:49:23 CEST.
Flavor | Version | Tinstall | Tcheck | Ttotal | Status | Flags |
---|---|---|---|---|---|---|
r-devel-linux-x86_64-debian-clang | 1.3.4 | 90.25 | 347.73 | 437.98 | OK | |
r-devel-linux-x86_64-debian-gcc | 1.3.4 | 52.63 | 247.48 | 300.11 | OK | |
r-devel-linux-x86_64-fedora-clang | 1.3.4 | 731.28 | NOTE | |||
r-devel-linux-x86_64-fedora-gcc | 1.3.4 | 707.17 | NOTE | |||
r-devel-windows-x86_64 | 1.3.4 | 100.00 | 438.00 | 538.00 | OK | |
r-patched-linux-x86_64 | 1.3.4 | 97.53 | 334.90 | 432.43 | OK | |
r-release-linux-x86_64 | 1.3.4 | 86.03 | 335.80 | 421.83 | OK | |
r-release-macos-arm64 | 1.3.4 | 270.00 | OK | |||
r-release-macos-x86_64 | 1.3.4 | 469.00 | OK | |||
r-release-windows-x86_64 | 1.3.4 | 101.00 | 437.00 | 538.00 | OK | |
r-oldrel-macos-arm64 | 1.3.4 | 256.00 | NOTE | |||
r-oldrel-macos-x86_64 | 1.3.4 | 374.00 | NOTE | |||
r-oldrel-windows-x86_64 | 1.3.4 | 135.00 | 550.00 | 685.00 | NOTE |
Version: 1.3.4
Check: dependencies in R code
Result: NOTE
Namespaces in Imports field not imported from:
‘Matrix’ ‘arules’ ‘pmml’ ‘rJava’
All declared Imports should be used.
Flavors: r-devel-linux-x86_64-fedora-clang, r-devel-linux-x86_64-fedora-gcc
Version: 1.3.4
Check: installed package size
Result: NOTE
installed size is 28.3Mb
sub-directories of 1Mb or more:
R 4.0Mb
exe 23.8Mb
Flavors: r-oldrel-macos-arm64, r-oldrel-macos-x86_64, r-oldrel-windows-x86_64
These binaries (installable software) and packages are in development.
They may not be fully stable and should be used with caution. We make no claims about them.