Last updated on 2025-11-12 19:52:01 CET.
| Flavor | Version | Tinstall | Tcheck | Ttotal | Status | Flags |
|---|---|---|---|---|---|---|
| r-devel-linux-x86_64-debian-clang | 1.0.5 | 1.72 | 17.64 | 19.36 | OK | |
| r-devel-linux-x86_64-debian-gcc | 1.0.5 | 1.36 | 14.77 | 16.13 | OK | |
| r-devel-linux-x86_64-fedora-clang | 1.0.5 | 28.50 | OK | |||
| r-devel-linux-x86_64-fedora-gcc | 1.0.5 | 26.44 | OK | |||
| r-devel-windows-x86_64 | 1.0.5 | 7.00 | 35.00 | 42.00 | OK | |
| r-patched-linux-x86_64 | 1.0.5 | 1.70 | 16.65 | 18.35 | OK | |
| r-release-linux-x86_64 | 1.0.5 | 1.68 | 16.53 | 18.21 | OK | |
| r-release-macos-arm64 | 1.0.5 | 1.00 | 13.00 | 14.00 | OK | |
| r-release-macos-x86_64 | 1.0.5 | 2.00 | 21.00 | 23.00 | OK | |
| r-release-windows-x86_64 | 1.0.5 | 7.00 | 31.00 | 38.00 | OK | |
| r-oldrel-macos-arm64 | 1.0.5 | 1.00 | 12.00 | 13.00 | NOTE | |
| r-oldrel-macos-x86_64 | 1.0.5 | 2.00 | 20.00 | 22.00 | NOTE | |
| r-oldrel-windows-x86_64 | 1.0.5 | 8.00 | 34.00 | 42.00 | NOTE |
Version: 1.0.5
Check: installed package size
Result: NOTE
installed size is 10.3Mb
sub-directories of 1Mb or more:
datasets 10.2Mb
Flavors: r-oldrel-macos-arm64, r-oldrel-macos-x86_64, r-oldrel-windows-x86_64
These binaries (installable software) and packages are in development.
They may not be fully stable and should be used with caution. We make no claims about them.