Last updated on 2025-11-13 01:50:32 CET.
| Flavor | Version | Tinstall | Tcheck | Ttotal | Status | Flags |
|---|---|---|---|---|---|---|
| r-devel-linux-x86_64-debian-clang | 1.1 | 206.40 | 30.14 | 236.54 | NOTE | |
| r-devel-linux-x86_64-debian-gcc | 1.1 | 149.78 | 35.26 | 185.04 | NOTE | |
| r-devel-linux-x86_64-fedora-clang | 1.1 | 134.00 | 221.47 | 355.47 | OK | |
| r-devel-linux-x86_64-fedora-gcc | 1.1 | 225.00 | 210.04 | 435.04 | OK | |
| r-devel-windows-x86_64 | 1.1 | 191.00 | 93.00 | 284.00 | OK | |
| r-patched-linux-x86_64 | 1.1 | 208.54 | 44.88 | 253.42 | OK | |
| r-release-linux-x86_64 | 1.1 | 204.91 | 45.07 | 249.98 | OK | |
| r-release-macos-arm64 | 1.1 | 64.00 | 18.00 | 82.00 | OK | |
| r-release-macos-x86_64 | 1.1 | 62.00 | 30.00 | 92.00 | OK | |
| r-release-windows-x86_64 | 1.1 | 188.00 | 94.00 | 282.00 | OK | |
| r-oldrel-macos-arm64 | 1.1 | 61.00 | 17.00 | 78.00 | NOTE | |
| r-oldrel-macos-x86_64 | 1.1 | 48.00 | 30.00 | 78.00 | NOTE | |
| r-oldrel-windows-x86_64 | 1.1 | 222.00 | 104.00 | 326.00 | OK |
Version: 1.1
Check: CRAN incoming feasibility
Result: NOTE
Maintainer: ‘Halaleh Kamari <halaleh.kamari@univ-evry.fr>’
No Authors@R field in DESCRIPTION.
Please add one, modifying
Authors@R: person(given = "Halaleh",
family = "Kamari",
role = c("aut", "cre"),
email = "halaleh.kamari@univ-evry.fr")
as necessary.
The Description field contains
H., Huet, S. and Taupin, M.-L. (2019) <arXiv:1905.13695>).
Please refer to arXiv e-prints via their arXiv DOI <doi:10.48550/arXiv.YYMM.NNNNN>.
Flavors: r-devel-linux-x86_64-debian-clang, r-devel-linux-x86_64-debian-gcc
Version: 1.1
Check: installed package size
Result: NOTE
installed size is 27.8Mb
sub-directories of 1Mb or more:
libs 27.7Mb
Flavors: r-oldrel-macos-arm64, r-oldrel-macos-x86_64
These binaries (installable software) and packages are in development.
They may not be fully stable and should be used with caution. We make no claims about them.