CRAN Package Check Results for Package RKelly

Last updated on 2025-02-02 14:48:33 CET.

Flavor Version Tinstall Tcheck Ttotal Status Flags
r-devel-linux-x86_64-debian-clang 1.0 1.63 22.14 23.77 OK
r-devel-linux-x86_64-debian-gcc 1.0 1.34 18.52 19.86 OK
r-devel-linux-x86_64-fedora-clang 1.0 39.67 OK
r-devel-linux-x86_64-fedora-gcc 1.0 49.70 OK
r-devel-windows-x86_64 1.0 2.00 45.00 47.00 OK
r-patched-linux-x86_64 1.0 1.64 21.05 22.69 NOTE
r-release-linux-x86_64 1.0 1.51 21.19 22.70 NOTE
r-release-macos-arm64 1.0 20.00 NOTE
r-release-macos-x86_64 1.0 37.00 NOTE
r-release-windows-x86_64 1.0 4.00 45.00 49.00 NOTE
r-oldrel-macos-arm64 1.0 21.00 NOTE
r-oldrel-macos-x86_64 1.0 29.00 NOTE
r-oldrel-windows-x86_64 1.0 2.00 44.00 46.00 NOTE

Check Details

Version: 1.0
Check: LazyData
Result: NOTE 'LazyData' is specified without a 'data' directory Flavors: r-patched-linux-x86_64, r-release-linux-x86_64, r-release-macos-arm64, r-release-macos-x86_64, r-release-windows-x86_64, r-oldrel-macos-arm64, r-oldrel-macos-x86_64, r-oldrel-windows-x86_64

These binaries (installable software) and packages are in development.
They may not be fully stable and should be used with caution. We make no claims about them.