Last updated on 2025-10-03 07:49:54 CEST.
Flavor | Version | Tinstall | Tcheck | Ttotal | Status | Flags |
---|---|---|---|---|---|---|
r-devel-linux-x86_64-debian-clang | 3.1-8 | 18.25 | 64.84 | 83.09 | NOTE | |
r-devel-linux-x86_64-debian-gcc | 3.1-8 | 11.47 | 49.05 | 60.52 | NOTE | |
r-devel-linux-x86_64-fedora-clang | 3.1-8 | 128.34 | NOTE | |||
r-devel-linux-x86_64-fedora-gcc | 3.1-8 | 123.19 | NOTE | |||
r-devel-windows-x86_64 | 3.1-8 | 21.00 | 90.00 | 111.00 | NOTE | |
r-patched-linux-x86_64 | 3.1-8 | 14.76 | 61.94 | 76.70 | NOTE | |
r-release-linux-x86_64 | 3.1-8 | 16.49 | 61.51 | 78.00 | NOTE | |
r-release-macos-arm64 | 3.1-8 | 48.00 | NOTE | |||
r-release-macos-x86_64 | 3.1-8 | 89.00 | NOTE | |||
r-release-windows-x86_64 | 3.1-8 | 22.00 | 94.00 | 116.00 | NOTE | |
r-oldrel-macos-arm64 | 3.1-8 | 42.00 | NOTE | |||
r-oldrel-macos-x86_64 | 3.1-8 | 61.00 | NOTE | |||
r-oldrel-windows-x86_64 | 3.1-8 | 27.00 | 113.00 | 140.00 | NOTE |
Version: 3.1-8
Check: CRAN incoming feasibility
Result: NOTE
Maintainer: ‘Fabian Scheipl <fabian.scheipl@stat.uni-muenchen.de>’
Package CITATION file contains call(s) to old-style personList() or
as.personList(). Please use c() on person objects instead.
Package CITATION file contains call(s) to old-style citEntry(). Please
use bibentry() instead.
Flavors: r-devel-linux-x86_64-debian-clang, r-devel-linux-x86_64-debian-gcc
Version: 3.1-8
Check: C++ specification
Result: NOTE
Specified C++11: please drop specification unless essential
Flavors: r-devel-linux-x86_64-debian-clang, r-devel-linux-x86_64-debian-gcc, r-devel-linux-x86_64-fedora-clang, r-devel-linux-x86_64-fedora-gcc, r-devel-windows-x86_64, r-patched-linux-x86_64, r-release-linux-x86_64, r-release-macos-arm64, r-release-macos-x86_64, r-release-windows-x86_64, r-oldrel-macos-arm64, r-oldrel-macos-x86_64, r-oldrel-windows-x86_64
These binaries (installable software) and packages are in development.
They may not be fully stable and should be used with caution. We make no claims about them.