CRAN Package Check Results for Package RLRsim

Last updated on 2025-05-01 08:52:44 CEST.

Flavor Version Tinstall Tcheck Ttotal Status Flags
r-devel-linux-x86_64-debian-clang 3.1-8 18.01 63.82 81.83 NOTE
r-devel-linux-x86_64-debian-gcc 3.1-8 11.54 48.19 59.73 NOTE
r-devel-linux-x86_64-fedora-clang 3.1-8 128.38 NOTE
r-devel-linux-x86_64-fedora-gcc 3.1-8 127.16 NOTE
r-devel-windows-x86_64 3.1-8 21.00 88.00 109.00 NOTE
r-patched-linux-x86_64 3.1-8 16.63 60.59 77.22 NOTE
r-release-linux-x86_64 NOTE
r-release-macos-arm64 3.1-8 48.00 NOTE
r-release-macos-x86_64 3.1-8 89.00 NOTE
r-release-windows-x86_64 3.1-8 21.00 88.00 109.00 NOTE
r-oldrel-macos-arm64 3.1-8 42.00 NOTE
r-oldrel-macos-x86_64 3.1-8 61.00 NOTE
r-oldrel-windows-x86_64 3.1-8 23.00 112.00 135.00 NOTE

Check Details

Version: 3.1-8
Check: CRAN incoming feasibility
Result: NOTE Maintainer: ‘Fabian Scheipl <fabian.scheipl@stat.uni-muenchen.de>’ Package CITATION file contains call(s) to old-style personList() or as.personList(). Please use c() on person objects instead. Package CITATION file contains call(s) to old-style citEntry(). Please use bibentry() instead. Flavors: r-devel-linux-x86_64-debian-clang, r-devel-linux-x86_64-debian-gcc

Version: 3.1-8
Check: C++ specification
Result: NOTE Specified C++11: please drop specification unless essential Flavors: r-devel-linux-x86_64-debian-clang, r-devel-linux-x86_64-debian-gcc, r-devel-linux-x86_64-fedora-clang, r-devel-linux-x86_64-fedora-gcc, r-devel-windows-x86_64, r-patched-linux-x86_64, r-release-linux-x86_64, r-release-macos-arm64, r-release-macos-x86_64, r-release-windows-x86_64, r-oldrel-macos-arm64, r-oldrel-macos-x86_64, r-oldrel-windows-x86_64

These binaries (installable software) and packages are in development.
They may not be fully stable and should be used with caution. We make no claims about them.