Last updated on 2025-02-21 06:49:53 CET.
Flavor | Version | Tinstall | Tcheck | Ttotal | Status | Flags |
---|---|---|---|---|---|---|
r-devel-linux-x86_64-debian-clang | 1.0.2 | 4.11 | 27.47 | 31.58 | OK | |
r-devel-linux-x86_64-debian-gcc | 1.0.2 | 1.99 | 22.03 | 24.02 | OK | |
r-devel-linux-x86_64-fedora-clang | 1.0.2 | 54.39 | OK | |||
r-devel-linux-x86_64-fedora-gcc | 1.0.2 | 64.38 | OK | |||
r-devel-macos-arm64 | 1.0.2 | 36.00 | OK | |||
r-devel-macos-x86_64 | 1.0.2 | 76.00 | OK | |||
r-devel-windows-x86_64 | 1.0.2 | 4.00 | 49.00 | 53.00 | OK | |
r-patched-linux-x86_64 | 1.0.2 | 3.93 | 26.21 | 30.14 | OK | |
r-release-linux-x86_64 | 1.0.2 | 3.83 | 26.00 | 29.83 | OK | |
r-release-macos-arm64 | 1.0.2 | 28.00 | OK | |||
r-release-macos-x86_64 | 1.0.2 | 94.00 | OK | |||
r-release-windows-x86_64 | 1.0.2 | 4.00 | 50.00 | 54.00 | OK | |
r-oldrel-macos-arm64 | 1.0.1 | 29.00 | ERROR | |||
r-oldrel-macos-x86_64 | 1.0.2 | 61.00 | OK | |||
r-oldrel-windows-x86_64 | 1.0.2 | 6.00 | 71.00 | 77.00 | ERROR |
Version: 1.0.1
Check: re-building of vignette outputs
Result: ERROR
Error(s) in re-building vignettes:
--- re-building ‘RLescalation.Rmd’ using rmarkdown
File man/figures/logo.png not found in resource path
Error: processing vignette 'RLescalation.Rmd' failed with diagnostics:
pandoc document conversion failed with error 99
--- failed re-building ‘RLescalation.Rmd’
SUMMARY: processing the following file failed:
‘RLescalation.Rmd’
Error: Vignette re-building failed.
Execution halted
Flavor: r-oldrel-macos-arm64
Version: 1.0.2
Check: re-building of vignette outputs
Result: ERROR
Error(s) in re-building vignettes:
--- re-building 'RLescalation.Rmd' using rmarkdown
File man/figures/logo.png not found in resource path
Error: processing vignette 'RLescalation.Rmd' failed with diagnostics:
pandoc document conversion failed with error 99
--- failed re-building 'RLescalation.Rmd'
SUMMARY: processing the following file failed:
'RLescalation.Rmd'
Error: Vignette re-building failed.
Execution halted
Flavor: r-oldrel-windows-x86_64
These binaries (installable software) and packages are in development.
They may not be fully stable and should be used with caution. We make no claims about them.