CRAN Package Check Results for Package RLogicalOps

Last updated on 2025-05-03 22:50:07 CEST.

Flavor Version Tinstall Tcheck Ttotal Status Flags
r-devel-linux-x86_64-debian-clang 0.1 1.54 16.64 18.18 NOTE
r-devel-linux-x86_64-debian-gcc 0.1 1.25 13.99 15.24 NOTE
r-devel-linux-x86_64-fedora-clang 0.1 28.83 OK
r-devel-linux-x86_64-fedora-gcc 0.1 28.60 OK
r-devel-windows-x86_64 0.1 3.00 36.00 39.00 OK
r-patched-linux-x86_64 0.1 1.64 16.27 17.91 OK
r-release-linux-x86_64 OK
r-release-macos-arm64 0.1 15.00 OK
r-release-macos-x86_64 0.1 23.00 OK
r-release-windows-x86_64 0.1 4.00 37.00 41.00 OK
r-oldrel-macos-arm64 0.1 13.00 NOTE
r-oldrel-macos-x86_64 0.1 20.00 NOTE
r-oldrel-windows-x86_64 0.1 3.00 41.00 44.00 NOTE

Check Details

Version: 0.1
Check: CRAN incoming feasibility
Result: NOTE Maintainer: ‘Sunny Kumar <sunny.nitie14@gmail.com>’ No Authors@R field in DESCRIPTION. Please add one, modifying Authors@R: person(given = "Sunny", family = "Kumar", role = c("aut", "cre"), email = "sunny.nitie14@gmail.com") as necessary. Flavors: r-devel-linux-x86_64-debian-clang, r-devel-linux-x86_64-debian-gcc

Version: 0.1
Check: LazyData
Result: NOTE 'LazyData' is specified without a 'data' directory Flavors: r-oldrel-macos-arm64, r-oldrel-macos-x86_64, r-oldrel-windows-x86_64

These binaries (installable software) and packages are in development.
They may not be fully stable and should be used with caution. We make no claims about them.