Last updated on 2025-05-21 21:49:28 CEST.
Flavor | Version | Tinstall | Tcheck | Ttotal | Status | Flags |
---|---|---|---|---|---|---|
r-devel-linux-x86_64-debian-clang | 0.1.9 | 105.45 | 45.53 | 150.98 | NOTE | |
r-devel-linux-x86_64-debian-gcc | 0.1.9 | 70.98 | 33.22 | 104.20 | NOTE | |
r-devel-linux-x86_64-fedora-clang | 0.1.9 | 310.03 | NOTE | |||
r-devel-linux-x86_64-fedora-gcc | 0.1.9 | 297.24 | NOTE | |||
r-devel-windows-x86_64 | 0.1.9 | 125.00 | 97.00 | 222.00 | NOTE | |
r-patched-linux-x86_64 | 0.1.9 | 100.96 | 40.81 | 141.77 | NOTE | |
r-release-linux-x86_64 | 0.1.9 | 100.23 | 41.34 | 141.57 | NOTE | |
r-release-macos-arm64 | 0.1.9 | 85.00 | NOTE | |||
r-release-macos-x86_64 | 0.1.9 | 109.00 | NOTE | |||
r-release-windows-x86_64 | 0.1.9 | 126.00 | 93.00 | 219.00 | NOTE | |
r-oldrel-macos-arm64 | 0.1.9 | 72.00 | NOTE | |||
r-oldrel-macos-x86_64 | 0.1.9 | 114.00 | NOTE | |||
r-oldrel-windows-x86_64 | 0.1.9 | 145.00 | 110.00 | 255.00 | NOTE |
Version: 0.1.9
Check: C++ specification
Result: NOTE
Specified C++11: please drop specification unless essential
Flavors: r-devel-linux-x86_64-debian-clang, r-devel-linux-x86_64-debian-gcc, r-devel-linux-x86_64-fedora-clang, r-devel-linux-x86_64-fedora-gcc, r-devel-windows-x86_64, r-patched-linux-x86_64, r-release-linux-x86_64, r-release-macos-arm64, r-release-macos-x86_64, r-release-windows-x86_64, r-oldrel-macos-arm64, r-oldrel-macos-x86_64, r-oldrel-windows-x86_64
These binaries (installable software) and packages are in development.
They may not be fully stable and should be used with caution. We make no claims about them.