CRAN Package Check Results for Package RLumModel

Last updated on 2025-07-22 19:51:59 CEST.

Flavor Version Tinstall Tcheck Ttotal Status Flags
r-devel-linux-x86_64-debian-clang 0.2.10 30.47 50.47 80.94 NOTE
r-devel-linux-x86_64-debian-gcc 0.2.10 20.40 37.66 58.06 NOTE
r-devel-linux-x86_64-fedora-clang 0.2.10 138.76 NOTE
r-devel-linux-x86_64-fedora-gcc 0.2.10 137.65 NOTE
r-devel-windows-x86_64 0.2.10 35.00 86.00 121.00 NOTE
r-patched-linux-x86_64 0.2.10 29.19 45.98 75.17 NOTE
r-release-linux-x86_64 0.2.10 29.28 45.70 74.98 NOTE
r-release-macos-arm64 0.2.10 46.00 NOTE
r-release-macos-x86_64 0.2.10 80.00 NOTE
r-release-windows-x86_64 0.2.10 36.00 82.00 118.00 NOTE
r-oldrel-macos-arm64 0.2.10 45.00 NOTE
r-oldrel-macos-x86_64 0.2.10 60.00 NOTE
r-oldrel-windows-x86_64 0.2.10 43.00 101.00 144.00 NOTE

Check Details

Version: 0.2.10
Check: C++ specification
Result: NOTE Specified C++11: please drop specification unless essential Flavors: r-devel-linux-x86_64-debian-clang, r-devel-linux-x86_64-debian-gcc, r-devel-linux-x86_64-fedora-clang, r-devel-linux-x86_64-fedora-gcc, r-devel-windows-x86_64, r-patched-linux-x86_64, r-release-linux-x86_64, r-release-macos-arm64, r-release-macos-x86_64, r-release-windows-x86_64, r-oldrel-macos-arm64, r-oldrel-macos-x86_64, r-oldrel-windows-x86_64

These binaries (installable software) and packages are in development.
They may not be fully stable and should be used with caution. We make no claims about them.