CRAN Package Check Results for Package RLumModel

Last updated on 2025-05-21 21:49:28 CEST.

Flavor Version Tinstall Tcheck Ttotal Status Flags
r-devel-linux-x86_64-debian-clang 0.2.10 31.54 49.67 81.21 NOTE
r-devel-linux-x86_64-debian-gcc 0.2.10 20.50 36.28 56.78 NOTE
r-devel-linux-x86_64-fedora-clang 0.2.10 141.75 NOTE
r-devel-linux-x86_64-fedora-gcc 0.2.10 147.64 NOTE
r-devel-windows-x86_64 0.2.10 36.00 85.00 121.00 NOTE
r-patched-linux-x86_64 0.2.10 28.84 45.24 74.08 NOTE
r-release-linux-x86_64 0.2.10 27.93 45.47 73.40 NOTE
r-release-macos-arm64 0.2.10 46.00 NOTE
r-release-macos-x86_64 0.2.10 80.00 NOTE
r-release-windows-x86_64 0.2.10 36.00 85.00 121.00 NOTE
r-oldrel-macos-arm64 0.2.10 45.00 NOTE
r-oldrel-macos-x86_64 0.2.10 60.00 NOTE
r-oldrel-windows-x86_64 0.2.10 42.00 104.00 146.00 NOTE

Check Details

Version: 0.2.10
Check: C++ specification
Result: NOTE Specified C++11: please drop specification unless essential Flavors: r-devel-linux-x86_64-debian-clang, r-devel-linux-x86_64-debian-gcc, r-devel-linux-x86_64-fedora-clang, r-devel-linux-x86_64-fedora-gcc, r-devel-windows-x86_64, r-patched-linux-x86_64, r-release-linux-x86_64, r-release-macos-arm64, r-release-macos-x86_64, r-release-windows-x86_64, r-oldrel-macos-arm64, r-oldrel-macos-x86_64, r-oldrel-windows-x86_64

These binaries (installable software) and packages are in development.
They may not be fully stable and should be used with caution. We make no claims about them.