Last updated on 2025-11-11 15:50:45 CET.
| Flavor | Version | Tinstall | Tcheck | Ttotal | Status | Flags |
|---|---|---|---|---|---|---|
| r-devel-linux-x86_64-debian-clang | 0.2.0 | 4.29 | 36.51 | 40.80 | OK | |
| r-devel-linux-x86_64-debian-gcc | 0.2.0 | 2.76 | 27.02 | 29.78 | OK | |
| r-devel-linux-x86_64-fedora-clang | 0.2.0 | 11.00 | 47.62 | 58.62 | NOTE | |
| r-devel-linux-x86_64-fedora-gcc | 0.2.0 | 55.78 | NOTE | |||
| r-devel-windows-x86_64 | 0.2.0 | 6.00 | 52.00 | 58.00 | OK | |
| r-patched-linux-x86_64 | 0.2.0 | 4.33 | 33.19 | 37.52 | OK | |
| r-release-linux-x86_64 | 0.2.0 | 4.19 | 32.53 | 36.72 | OK | |
| r-release-macos-arm64 | 0.2.0 | 2.00 | 18.00 | 20.00 | OK | |
| r-release-macos-x86_64 | 0.2.0 | 3.00 | 30.00 | 33.00 | OK | |
| r-release-windows-x86_64 | 0.2.0 | 6.00 | 53.00 | 59.00 | OK | |
| r-oldrel-macos-arm64 | 0.2.0 | 2.00 | 18.00 | 20.00 | OK | |
| r-oldrel-macos-x86_64 | 0.2.0 | 3.00 | 28.00 | 31.00 | OK | |
| r-oldrel-windows-x86_64 | 0.2.0 | 8.00 | 61.00 | 69.00 | OK |
Version: 0.2.0
Check: dependencies in R code
Result: NOTE
Namespace in Imports field not imported from: ‘magrittr’
All declared Imports should be used.
Flavors: r-devel-linux-x86_64-fedora-clang, r-devel-linux-x86_64-fedora-gcc
These binaries (installable software) and packages are in development.
They may not be fully stable and should be used with caution. We make no claims about them.