Last updated on 2025-05-02 16:55:48 CEST.
Flavor | Version | Tinstall | Tcheck | Ttotal | Status | Flags |
---|---|---|---|---|---|---|
r-devel-linux-x86_64-debian-clang | 0.2.0 | 4.22 | 35.52 | 39.74 | OK | |
r-devel-linux-x86_64-debian-gcc | 0.2.0 | 2.66 | 26.07 | 28.73 | OK | |
r-devel-linux-x86_64-fedora-clang | 0.2.0 | 59.14 | NOTE | |||
r-devel-linux-x86_64-fedora-gcc | 0.2.0 | 57.84 | NOTE | |||
r-devel-windows-x86_64 | 0.2.0 | 6.00 | 53.00 | 59.00 | OK | |
r-patched-linux-x86_64 | 0.2.0 | 4.04 | 31.88 | 35.92 | OK | |
r-release-linux-x86_64 | OK | |||||
r-release-macos-arm64 | 0.2.0 | 20.00 | OK | |||
r-release-macos-x86_64 | 0.2.0 | 33.00 | OK | |||
r-release-windows-x86_64 | 0.2.0 | 6.00 | 55.00 | 61.00 | OK | |
r-oldrel-macos-arm64 | 0.2.0 | 20.00 | OK | |||
r-oldrel-macos-x86_64 | 0.2.0 | 31.00 | OK | |||
r-oldrel-windows-x86_64 | 0.2.0 | 6.00 | 59.00 | 65.00 | OK |
Version: 0.2.0
Check: dependencies in R code
Result: NOTE
Namespace in Imports field not imported from: ‘magrittr’
All declared Imports should be used.
Flavors: r-devel-linux-x86_64-fedora-clang, r-devel-linux-x86_64-fedora-gcc
These binaries (installable software) and packages are in development.
They may not be fully stable and should be used with caution. We make no claims about them.