Last updated on 2025-11-12 23:50:57 CET.
| Flavor | Version | Tinstall | Tcheck | Ttotal | Status | Flags |
|---|---|---|---|---|---|---|
| r-devel-linux-x86_64-debian-clang | 1.2.0 | 3.14 | 28.03 | 31.17 | NOTE | |
| r-devel-linux-x86_64-debian-gcc | 1.2.0 | 2.33 | 22.22 | 24.55 | NOTE | |
| r-devel-linux-x86_64-fedora-clang | 1.2.0 | 47.33 | OK | |||
| r-devel-linux-x86_64-fedora-gcc | 1.2.0 | 58.75 | OK | |||
| r-devel-windows-x86_64 | 1.2.0 | 3.00 | 46.00 | 49.00 | OK | |
| r-patched-linux-x86_64 | 1.2.0 | 2.92 | 26.99 | 29.91 | OK | |
| r-release-linux-x86_64 | 1.2.0 | 2.79 | 26.87 | 29.66 | OK | |
| r-release-macos-arm64 | 1.2.0 | 2.00 | 33.00 | 35.00 | OK | |
| r-release-macos-x86_64 | 1.2.0 | 5.00 | 50.00 | 55.00 | OK | |
| r-release-windows-x86_64 | 1.2.0 | 5.00 | 44.00 | 49.00 | OK | |
| r-oldrel-macos-arm64 | 1.2.0 | 1.00 | 24.00 | 25.00 | OK | |
| r-oldrel-macos-x86_64 | 1.2.0 | 2.00 | 37.00 | 39.00 | OK | |
| r-oldrel-windows-x86_64 | 1.2.0 | 3.00 | 46.00 | 49.00 | OK |
Version: 1.2.0
Check: CRAN incoming feasibility
Result: NOTE
Maintainer: ‘Jan Wijffels <jwijffels@bnosac.be>’
No Authors@R field in DESCRIPTION.
Please add one, modifying
Authors@R: c(person(given = c("See", "file"),
family = "AUTHORS",
role = "aut"),
person(given = "Jan",
family = "Wijffels",
role = "cre",
email = "jwijffels@bnosac.be"))
as necessary.
Flavors: r-devel-linux-x86_64-debian-clang, r-devel-linux-x86_64-debian-gcc
These binaries (installable software) and packages are in development.
They may not be fully stable and should be used with caution. We make no claims about them.