CRAN Package Check Results for Package RMPSH

Last updated on 2025-02-16 12:53:50 CET.

Flavor Version Tinstall Tcheck Ttotal Status Flags
r-devel-linux-x86_64-debian-clang 1.1.1 29.53 23.37 52.90 OK
r-devel-linux-x86_64-debian-gcc 1.1.1 21.35 19.59 40.94 OK
r-devel-linux-x86_64-fedora-clang 1.1.1 102.32 OK
r-devel-linux-x86_64-fedora-gcc 1.1.1 93.20 OK
r-devel-macos-arm64 1.1.1 30.00 OK
r-devel-macos-x86_64 1.1.1 49.00 OK
r-devel-windows-x86_64 1.1.1 36.00 66.00 102.00 OK
r-patched-linux-x86_64 1.1.1 29.40 22.31 51.71 NOTE
r-release-linux-x86_64 1.1.1 29.10 22.23 51.33 NOTE
r-release-macos-arm64 1.1.1 32.00 NOTE
r-release-macos-x86_64 1.1.1 49.00 NOTE
r-release-windows-x86_64 1.1.1 37.00 67.00 104.00 NOTE
r-oldrel-macos-arm64 1.1.1 39.00 NOTE
r-oldrel-macos-x86_64 1.1.1 52.00 NOTE
r-oldrel-windows-x86_64 1.1.1 44.00 67.00 111.00 NOTE

Check Details

Version: 1.1.1
Check: LazyData
Result: NOTE 'LazyData' is specified without a 'data' directory Flavors: r-patched-linux-x86_64, r-release-linux-x86_64, r-release-macos-arm64, r-release-macos-x86_64, r-release-windows-x86_64, r-oldrel-macos-arm64, r-oldrel-macos-x86_64, r-oldrel-windows-x86_64

These binaries (installable software) and packages are in development.
They may not be fully stable and should be used with caution. We make no claims about them.