CRAN Package Check Results for Package RMSS

Last updated on 2025-05-21 21:49:28 CEST.

Flavor Version Tinstall Tcheck Ttotal Status Flags
r-devel-linux-x86_64-debian-clang 1.1.2 99.99 41.39 141.38 OK
r-devel-linux-x86_64-debian-gcc 1.1.2 71.07 31.49 102.56 OK
r-devel-linux-x86_64-fedora-clang 1.1.2 290.92 OK
r-devel-linux-x86_64-fedora-gcc 1.1.2 282.00 OK
r-devel-windows-x86_64 1.1.2 125.00 82.00 207.00 OK
r-patched-linux-x86_64 1.1.2 99.18 38.58 137.76 OK
r-release-linux-x86_64 1.1.2 92.31 38.75 131.06 OK
r-release-macos-arm64 1.1.2 59.00 OK
r-release-macos-x86_64 1.1.2 144.00 OK
r-release-windows-x86_64 1.1.2 119.00 82.00 201.00 OK
r-oldrel-macos-arm64 1.1.2 65.00 NOTE
r-oldrel-macos-x86_64 1.1.2 87.00 NOTE
r-oldrel-windows-x86_64 1.1.2 143.00 97.00 240.00 OK

Check Details

Version: 1.1.2
Check: installed package size
Result: NOTE installed size is 6.0Mb sub-directories of 1Mb or more: libs 5.9Mb Flavors: r-oldrel-macos-arm64, r-oldrel-macos-x86_64

These binaries (installable software) and packages are in development.
They may not be fully stable and should be used with caution. We make no claims about them.