Last updated on 2025-02-16 10:50:57 CET.
Flavor | Version | Tinstall | Tcheck | Ttotal | Status | Flags |
---|---|---|---|---|---|---|
r-devel-linux-x86_64-debian-clang | 1.1.2 | 98.70 | 40.64 | 139.34 | OK | |
r-devel-linux-x86_64-debian-gcc | 1.1.2 | 68.68 | 30.70 | 99.38 | OK | |
r-devel-linux-x86_64-fedora-clang | 1.1.2 | 303.85 | OK | |||
r-devel-linux-x86_64-fedora-gcc | 1.1.2 | 292.62 | OK | |||
r-devel-macos-arm64 | 1.1.2 | 61.00 | OK | |||
r-devel-macos-x86_64 | 1.1.2 | 144.00 | OK | |||
r-devel-windows-x86_64 | 1.1.2 | 117.00 | 86.00 | 203.00 | OK | |
r-patched-linux-x86_64 | 1.1.2 | 98.80 | 37.18 | 135.98 | OK | |
r-release-linux-x86_64 | 1.1.2 | 100.20 | 37.22 | 137.42 | OK | |
r-release-macos-arm64 | 1.1.2 | 65.00 | NOTE | |||
r-release-macos-x86_64 | 1.1.2 | 87.00 | NOTE | |||
r-release-windows-x86_64 | 1.1.2 | 118.00 | 86.00 | 204.00 | OK | |
r-oldrel-macos-arm64 | 1.1.2 | 64.00 | NOTE | |||
r-oldrel-macos-x86_64 | 1.1.2 | 86.00 | NOTE | |||
r-oldrel-windows-x86_64 | 1.1.2 | 141.00 | 94.00 | 235.00 | OK |
Version: 1.1.2
Check: installed package size
Result: NOTE
installed size is 6.0Mb
sub-directories of 1Mb or more:
libs 5.9Mb
Flavors: r-release-macos-arm64, r-release-macos-x86_64, r-oldrel-macos-arm64, r-oldrel-macos-x86_64
These binaries (installable software) and packages are in development.
They may not be fully stable and should be used with caution. We make no claims about them.