Last updated on 2025-02-19 16:51:02 CET.
Flavor | Version | Tinstall | Tcheck | Ttotal | Status | Flags |
---|---|---|---|---|---|---|
r-devel-linux-x86_64-debian-clang | 0.0.1 | 4.18 | 41.76 | 45.94 | OK | |
r-devel-linux-x86_64-debian-gcc | 0.0.1 | 2.55 | 32.84 | 35.39 | OK | |
r-devel-linux-x86_64-fedora-clang | 0.0.1 | 79.43 | NOTE | |||
r-devel-linux-x86_64-fedora-gcc | 0.0.1 | 91.90 | NOTE | |||
r-devel-macos-arm64 | 0.0.1 | 37.00 | OK | |||
r-devel-macos-x86_64 | 0.0.1 | 69.00 | OK | |||
r-devel-windows-x86_64 | 0.0.1 | 6.00 | 63.00 | 69.00 | OK | |
r-patched-linux-x86_64 | 0.0.1 | 3.69 | 43.95 | 47.64 | OK | |
r-release-linux-x86_64 | 0.0.1 | 2.95 | 44.57 | 47.52 | OK | |
r-release-macos-arm64 | 0.0.1 | 33.00 | OK | |||
r-release-macos-x86_64 | 0.0.1 | 78.00 | OK | |||
r-release-windows-x86_64 | 0.0.1 | 6.00 | 63.00 | 69.00 | OK | |
r-oldrel-macos-arm64 | 0.0.1 | 33.00 | OK | |||
r-oldrel-macos-x86_64 | 0.0.1 | 56.00 | OK | |||
r-oldrel-windows-x86_64 | 0.0.1 | 6.00 | 93.00 | 99.00 | OK |
Version: 0.0.1
Check: dependencies in R code
Result: NOTE
Namespace in Imports field not imported from: ‘quadprog’
All declared Imports should be used.
Flavors: r-devel-linux-x86_64-fedora-clang, r-devel-linux-x86_64-fedora-gcc
These binaries (installable software) and packages are in development.
They may not be fully stable and should be used with caution. We make no claims about them.