Last updated on 2025-11-16 03:50:09 CET.
| Flavor | Version | Tinstall | Tcheck | Ttotal | Status | Flags |
|---|---|---|---|---|---|---|
| r-devel-linux-x86_64-debian-clang | 0.0.1 | 3.67 | 44.98 | 48.65 | OK | |
| r-devel-linux-x86_64-debian-gcc | 0.0.1 | 2.55 | 36.28 | 38.83 | OK | |
| r-devel-linux-x86_64-fedora-clang | 0.0.1 | 77.53 | NOTE | |||
| r-devel-linux-x86_64-fedora-gcc | 0.0.1 | 90.34 | NOTE | |||
| r-devel-windows-x86_64 | 0.0.1 | 8.00 | 62.00 | 70.00 | OK | |
| r-patched-linux-x86_64 | 0.0.1 | 2.97 | 46.97 | 49.94 | OK | |
| r-release-linux-x86_64 | 0.0.1 | 2.91 | 47.05 | 49.96 | OK | |
| r-release-macos-arm64 | 0.0.1 | 2.00 | 31.00 | 33.00 | OK | |
| r-release-macos-x86_64 | 0.0.1 | 3.00 | 66.00 | 69.00 | OK | |
| r-release-windows-x86_64 | 0.0.1 | 6.00 | 61.00 | 67.00 | OK | |
| r-oldrel-macos-arm64 | 0.0.1 | 2.00 | 31.00 | 33.00 | OK | |
| r-oldrel-macos-x86_64 | 0.0.1 | 5.00 | 73.00 | 78.00 | OK | |
| r-oldrel-windows-x86_64 | 0.0.1 | 8.00 | 80.00 | 88.00 | OK |
Version: 0.0.1
Check: dependencies in R code
Result: NOTE
Namespace in Imports field not imported from: ‘quadprog’
All declared Imports should be used.
Flavors: r-devel-linux-x86_64-fedora-clang, r-devel-linux-x86_64-fedora-gcc
These binaries (installable software) and packages are in development.
They may not be fully stable and should be used with caution. We make no claims about them.