CRAN Package Check Results for Package RMTL

Last updated on 2025-07-22 13:49:23 CEST.

Flavor Version Tinstall Tcheck Ttotal Status Flags
r-devel-linux-x86_64-debian-clang 0.9.9 3.11 47.29 50.40 NOTE
r-devel-linux-x86_64-debian-gcc 0.9.9 2.63 34.70 37.33 NOTE
r-devel-linux-x86_64-fedora-clang 0.9.9 77.27 NOTE
r-devel-linux-x86_64-fedora-gcc 0.9.9 89.96 NOTE
r-devel-windows-x86_64 0.9.9 5.00 60.00 65.00 NOTE
r-patched-linux-x86_64 0.9.9 3.50 43.65 47.15 NOTE
r-release-linux-x86_64 0.9.9 3.22 43.48 46.70 NOTE
r-release-macos-arm64 0.9.9 42.00 NOTE
r-release-macos-x86_64 0.9.9 61.00 NOTE
r-release-windows-x86_64 0.9.9 5.00 61.00 66.00 NOTE
r-oldrel-macos-arm64 0.9.9 32.00 NOTE
r-oldrel-macos-x86_64 0.9.9 55.00 NOTE
r-oldrel-windows-x86_64 0.9.9 6.00 75.00 81.00 NOTE

Check Details

Version: 0.9.9
Check: package subdirectories
Result: NOTE Problems with news in ‘NEWS.md’: No news entries found. Flavors: r-devel-linux-x86_64-debian-clang, r-devel-linux-x86_64-debian-gcc, r-devel-linux-x86_64-fedora-clang, r-devel-linux-x86_64-fedora-gcc, r-devel-windows-x86_64, r-patched-linux-x86_64, r-release-linux-x86_64, r-release-macos-arm64, r-release-macos-x86_64, r-release-windows-x86_64, r-oldrel-macos-arm64, r-oldrel-macos-x86_64, r-oldrel-windows-x86_64

These binaries (installable software) and packages are in development.
They may not be fully stable and should be used with caution. We make no claims about them.