Last updated on 2025-05-21 21:49:28 CEST.
Flavor | Version | Tinstall | Tcheck | Ttotal | Status | Flags |
---|---|---|---|---|---|---|
r-devel-linux-x86_64-debian-clang | 1.3.4 | 38.50 | 46.79 | 85.29 | OK | |
r-devel-linux-x86_64-debian-gcc | 1.3.4 | 27.69 | 34.27 | 61.96 | OK | |
r-devel-linux-x86_64-fedora-clang | 1.3.4 | 158.59 | OK | |||
r-devel-linux-x86_64-fedora-gcc | 1.3.4 | 153.95 | OK | |||
r-devel-windows-x86_64 | 1.3.4 | 65.00 | 217.00 | 282.00 | OK | |
r-patched-linux-x86_64 | 1.3.4 | 36.14 | 43.21 | 79.35 | OK | |
r-release-linux-x86_64 | 1.3.4 | 36.78 | 43.17 | 79.95 | OK | |
r-release-macos-arm64 | 1.3.4 | 55.00 | OK | |||
r-release-macos-x86_64 | 1.3.4 | 117.00 | OK | |||
r-release-windows-x86_64 | 1.3.4 | 68.00 | 222.00 | 290.00 | OK | |
r-oldrel-macos-arm64 | 1.3.4 | 47.00 | NOTE | |||
r-oldrel-macos-x86_64 | 1.3.4 | 80.00 | NOTE | |||
r-oldrel-windows-x86_64 | 1.3.4 | 70.00 | 232.00 | 302.00 | OK |
Version: 1.3.4
Check: installed package size
Result: NOTE
installed size is 5.4Mb
sub-directories of 1Mb or more:
libs 5.0Mb
Flavors: r-oldrel-macos-arm64, r-oldrel-macos-x86_64
These binaries (installable software) and packages are in development.
They may not be fully stable and should be used with caution. We make no claims about them.