Last updated on 2025-02-16 10:50:57 CET.
Flavor | Version | Tinstall | Tcheck | Ttotal | Status | Flags |
---|---|---|---|---|---|---|
r-devel-linux-x86_64-debian-clang | 1.2.2 | 11.16 | 105.83 | 116.99 | NOTE | |
r-devel-linux-x86_64-debian-gcc | 1.2.2 | 9.69 | 76.66 | 86.35 | NOTE | |
r-devel-linux-x86_64-fedora-clang | 1.2.2 | 187.95 | OK | |||
r-devel-linux-x86_64-fedora-gcc | 1.2.2 | 173.25 | OK | |||
r-devel-macos-arm64 | 1.2.2 | 53.00 | OK | |||
r-devel-macos-x86_64 | 1.2.2 | 106.00 | OK | |||
r-devel-windows-x86_64 | 1.2.2 | 12.00 | 111.00 | 123.00 | NOTE | |
r-patched-linux-x86_64 | 1.2.2 | 19.19 | 96.89 | 116.08 | OK | |
r-release-linux-x86_64 | 1.2.2 | 12.66 | 96.27 | 108.93 | OK | |
r-release-macos-arm64 | 1.2.2 | 52.00 | OK | |||
r-release-macos-x86_64 | 1.2.2 | 76.00 | OK | |||
r-release-windows-x86_64 | 1.2.2 | 12.00 | 115.00 | 127.00 | OK | |
r-oldrel-macos-arm64 | 1.2.2 | 47.00 | OK | |||
r-oldrel-macos-x86_64 | 1.2.2 | 114.00 | OK | |||
r-oldrel-windows-x86_64 | 1.2.2 | 17.00 | 136.00 | 153.00 | OK |
Version: 1.2.2
Check: Rd cross-references
Result: NOTE
Found the following Rd file(s) with Rd \link{} targets missing package
anchors:
ci.Rd: lavaan
mbco.Rd: mxOption
Please provide package anchors for all Rd \link{} targets not in the
package itself and the base packages.
Flavors: r-devel-linux-x86_64-debian-clang, r-devel-linux-x86_64-debian-gcc, r-devel-windows-x86_64
These binaries (installable software) and packages are in development.
They may not be fully stable and should be used with caution. We make no claims about them.