Last updated on 2025-11-12 11:51:25 CET.
| Flavor | Version | Tinstall | Tcheck | Ttotal | Status | Flags |
|---|---|---|---|---|---|---|
| r-devel-linux-x86_64-debian-clang | 1.2.2 | 12.52 | 105.59 | 118.11 | NOTE | |
| r-devel-linux-x86_64-debian-gcc | 1.2.2 | 8.24 | 78.63 | 86.87 | NOTE | |
| r-devel-linux-x86_64-fedora-clang | 1.2.2 | 46.00 | 144.33 | 190.33 | OK | |
| r-devel-linux-x86_64-fedora-gcc | 1.2.2 | 37.00 | 137.80 | 174.80 | OK | |
| r-devel-windows-x86_64 | 1.2.2 | 14.00 | 113.00 | 127.00 | NOTE | |
| r-patched-linux-x86_64 | 1.2.2 | 12.16 | 100.26 | 112.42 | NOTE | |
| r-release-linux-x86_64 | 1.2.2 | 11.68 | 101.88 | 113.56 | NOTE | |
| r-release-macos-arm64 | 1.2.2 | 5.00 | 47.00 | 52.00 | OK | |
| r-release-macos-x86_64 | 1.2.2 | 12.00 | 94.00 | 106.00 | OK | |
| r-release-windows-x86_64 | 1.2.2 | 12.00 | 111.00 | 123.00 | NOTE | |
| r-oldrel-macos-arm64 | 1.2.2 | 5.00 | 47.00 | 52.00 | OK | |
| r-oldrel-macos-x86_64 | 1.2.2 | 8.00 | 68.00 | 76.00 | OK | |
| r-oldrel-windows-x86_64 | 1.2.2 | 1.00 | 9.00 | 10.00 | ERROR |
Version: 1.2.2
Check: Rd cross-references
Result: NOTE
Found the following Rd file(s) with Rd \link{} targets missing package
anchors:
ci.Rd: lavaan
mbco.Rd: mxOption
Please provide package anchors for all Rd \link{} targets not in the
package itself and the base packages.
Flavors: r-devel-linux-x86_64-debian-clang, r-devel-linux-x86_64-debian-gcc, r-devel-windows-x86_64, r-patched-linux-x86_64, r-release-linux-x86_64, r-release-windows-x86_64
Version: 1.2.2
Check: package dependencies
Result: ERROR
Package required but not available: 'OpenMx'
See section 'The DESCRIPTION file' in the 'Writing R Extensions'
manual.
Flavor: r-oldrel-windows-x86_64
These binaries (installable software) and packages are in development.
They may not be fully stable and should be used with caution. We make no claims about them.