Last updated on 2025-02-23 07:52:07 CET.
Flavor | Version | Tinstall | Tcheck | Ttotal | Status | Flags |
---|---|---|---|---|---|---|
r-devel-linux-x86_64-debian-clang | 4.0.11 | 274.50 | 125.06 | 399.56 | OK | |
r-devel-linux-x86_64-debian-gcc | 4.0.11 | 200.59 | 122.65 | 323.24 | OK | |
r-devel-linux-x86_64-fedora-clang | 4.0.11 | 815.27 | OK | |||
r-devel-linux-x86_64-fedora-gcc | 4.0.11 | 764.86 | OK | |||
r-devel-macos-arm64 | 4.0.11 | 162.00 | OK | |||
r-devel-macos-x86_64 | 4.0.11 | 224.00 | OK | |||
r-devel-windows-x86_64 | 4.0.11 | 278.00 | 232.00 | 510.00 | OK | |
r-patched-linux-x86_64 | 4.0.11 | 274.66 | 122.17 | 396.83 | OK | |
r-release-linux-x86_64 | 4.0.11 | 272.84 | 121.66 | 394.50 | OK | |
r-release-macos-arm64 | 4.0.11 | 153.00 | NOTE | |||
r-release-macos-x86_64 | 4.0.11 | 194.00 | NOTE | |||
r-release-windows-x86_64 | 4.0.11 | 286.00 | 224.00 | 510.00 | OK | |
r-oldrel-macos-arm64 | 4.0.11 | 135.00 | NOTE | |||
r-oldrel-macos-x86_64 | 4.0.11 | 226.00 | NOTE | |||
r-oldrel-windows-x86_64 | 4.0.11 | 340.00 | 233.00 | 573.00 | OK |
Version: 4.0.11
Check: installed package size
Result: NOTE
installed size is 30.5Mb
sub-directories of 1Mb or more:
libs 30.3Mb
Flavors: r-release-macos-arm64, r-release-macos-x86_64, r-oldrel-macos-arm64, r-oldrel-macos-x86_64
These binaries (installable software) and packages are in development.
They may not be fully stable and should be used with caution. We make no claims about them.