Last updated on 2025-05-08 04:52:17 CEST.
Flavor | Version | Tinstall | Tcheck | Ttotal | Status | Flags |
---|---|---|---|---|---|---|
r-devel-linux-x86_64-debian-clang | 4.0.11 | 272.61 | 124.41 | 397.02 | OK | |
r-devel-linux-x86_64-debian-gcc | 4.0.11 | 193.62 | 124.42 | 318.04 | OK | |
r-devel-linux-x86_64-fedora-clang | 4.0.11 | 746.94 | OK | |||
r-devel-linux-x86_64-fedora-gcc | 4.0.11 | 828.23 | OK | |||
r-devel-windows-x86_64 | 4.0.11 | 318.00 | 225.00 | 543.00 | OK | |
r-patched-linux-x86_64 | 4.0.11 | 272.13 | 122.20 | 394.33 | OK | |
r-release-linux-x86_64 | 4.0.11 | 264.93 | 124.04 | 388.97 | OK | |
r-release-macos-arm64 | 4.0.11 | 171.00 | OK | |||
r-release-macos-x86_64 | 4.0.11 | 208.00 | OK | |||
r-release-windows-x86_64 | 4.0.11 | 313.00 | 234.00 | 547.00 | OK | |
r-oldrel-macos-arm64 | 4.0.11 | 153.00 | NOTE | |||
r-oldrel-macos-x86_64 | 4.0.11 | 194.00 | NOTE | |||
r-oldrel-windows-x86_64 | 4.0.11 | 359.00 | 245.00 | 604.00 | OK |
Version: 4.0.11
Check: installed package size
Result: NOTE
installed size is 30.5Mb
sub-directories of 1Mb or more:
libs 30.3Mb
Flavors: r-oldrel-macos-arm64, r-oldrel-macos-x86_64
These binaries (installable software) and packages are in development.
They may not be fully stable and should be used with caution. We make no claims about them.