Last updated on 2025-10-23 17:51:00 CEST.
Flavor | Version | Tinstall | Tcheck | Ttotal | Status | Flags |
---|---|---|---|---|---|---|
r-devel-linux-x86_64-debian-clang | 4.1.6 | 8.66 | 82.13 | 90.79 | NOTE | |
r-devel-linux-x86_64-debian-gcc | 4.1.6 | 6.78 | 58.82 | 65.60 | NOTE | |
r-devel-linux-x86_64-fedora-clang | 4.1.6 | 24.00 | 122.13 | 146.13 | NOTE | |
r-devel-linux-x86_64-fedora-gcc | 4.1.6 | 27.00 | 107.11 | 134.11 | NOTE | |
r-devel-windows-x86_64 | 4.1.6 | 11.00 | 102.00 | 113.00 | NOTE | |
r-patched-linux-x86_64 | 4.1.6 | 8.65 | 78.52 | 87.17 | NOTE | |
r-release-linux-x86_64 | 4.1.6 | 9.11 | 78.07 | 87.18 | NOTE | |
r-release-macos-arm64 | 4.1.6 | 3.00 | 31.00 | 34.00 | NOTE | |
r-release-macos-x86_64 | 4.1.6 | 7.00 | 59.00 | 66.00 | NOTE | |
r-release-windows-x86_64 | 4.1.6 | 12.00 | 102.00 | 114.00 | NOTE | |
r-oldrel-macos-arm64 | 4.1.6 | 4.00 | 31.00 | 35.00 | NOTE | |
r-oldrel-macos-x86_64 | 4.1.6 | 14.00 | 117.00 | 131.00 | NOTE | |
r-oldrel-windows-x86_64 | 4.1.6 | 13.00 | 126.00 | 139.00 | NOTE |
Version: 4.1.6
Check: Rd files
Result: NOTE
checkRd: (-1) histMisclassif.Rd:22: Lost braces
22 | err_i = 1 - max_{k={1,\ldots,K}} P(Z_i=k|x_i)
| ^
checkRd: (-1) histMisclassif.Rd:22: Lost braces
22 | err_i = 1 - max_{k={1,\ldots,K}} P(Z_i=k|x_i)
| ^
Flavors: r-devel-linux-x86_64-debian-clang, r-devel-linux-x86_64-debian-gcc, r-devel-linux-x86_64-fedora-clang, r-devel-linux-x86_64-fedora-gcc, r-devel-windows-x86_64, r-patched-linux-x86_64, r-release-linux-x86_64, r-release-macos-arm64, r-release-macos-x86_64, r-release-windows-x86_64, r-oldrel-macos-arm64, r-oldrel-macos-x86_64, r-oldrel-windows-x86_64
These binaries (installable software) and packages are in development.
They may not be fully stable and should be used with caution. We make no claims about them.