Last updated on 2025-05-08 04:52:17 CEST.
Flavor | Version | Tinstall | Tcheck | Ttotal | Status | Flags |
---|---|---|---|---|---|---|
r-devel-linux-x86_64-debian-clang | 0.2.1 | 36.32 | 397.35 | 433.67 | OK | |
r-devel-linux-x86_64-debian-gcc | 0.2.1 | 25.73 | 289.67 | 315.40 | OK | |
r-devel-linux-x86_64-fedora-clang | 0.2.1 | 728.98 | OK | |||
r-devel-linux-x86_64-fedora-gcc | 0.2.1 | 672.70 | OK | |||
r-devel-windows-x86_64 | 0.2.1 | 37.00 | 365.00 | 402.00 | OK | |
r-patched-linux-x86_64 | 0.2.1 | 34.92 | 376.30 | 411.22 | OK | |
r-release-linux-x86_64 | 0.2.1 | 33.03 | 381.92 | 414.95 | OK | |
r-release-macos-arm64 | 0.2.1 | 166.00 | OK | |||
r-release-macos-x86_64 | 0.2.1 | 404.00 | OK | |||
r-release-windows-x86_64 | 0.2.1 | 39.00 | 366.00 | 405.00 | OK | |
r-oldrel-macos-arm64 | 0.2.1 | 162.00 | OK | |||
r-oldrel-macos-x86_64 | 0.2.1 | 524.00 | NOTE | |||
r-oldrel-windows-x86_64 | 0.2.1 | 48.00 | 475.00 | 523.00 | OK |
Version: 0.2.1
Check: installed package size
Result: NOTE
installed size is 5.5Mb
sub-directories of 1Mb or more:
data 3.0Mb
doc 2.3Mb
Flavor: r-oldrel-macos-x86_64
These binaries (installable software) and packages are in development.
They may not be fully stable and should be used with caution. We make no claims about them.